000
CXUS51 KALY 031323
CLSPOU

CLIMATE REPORT
NATIONAL WEATHER SERVICE ALBANY NY
816 AM EST TUE DEC 3 2013

...................................

...THE POUGHKEEPSIE NY CLIMATE SUMMARY FOR THE SEASON, FROM
9/1/2013 TO 11/30/2013...

CLIMATE NORMAL PERIOD 1981 TO 2010
CLIMATE RECORD PERIOD 1949 TO 2013

WEATHER         OBSERVED          NORMAL  DEPART  LAST YEAR`S
                 VALUE   DATE(S)  VALUE   FROM    VALUE  DATE(S)
                                          NORMAL
................................................................
TEMPERATURE (F)
HIGHEST            95   09/11                         89  09/01
LOWEST             12R  11/25                         20  11/06
AVG. MAXIMUM     63.7              63.5     0.2     62.4
AVG. MINIMUM     40.1              40.4    -0.3     43.1
MEAN             51.9              51.9     0.0     52.8
DAYS MAX >= 90      1               0.9     0.1        0
DAYS MAX <= 32      1               0.3     0.7        0
DAYS MIN <= 32     24              25.7    -1.7       21
DAYS MIN <= 0       0               0.0     0.0        0

PRECIPITATION (INCHES)
RECORD
 MAXIMUM        22.90   2005
 MINIMUM         3.86   1964
TOTALS           6.36             12.22   -5.86    10.08
DAILY AVG.       0.07              0.13   -0.06     0.11
DAYS >= .01        24              28.1    -4.1       31
DAYS >= .10        15              18.1    -3.1       18
DAYS >= .50         5               7.8    -2.8        6
DAYS >= 1.00        1               3.2    -2.2        1
GREATEST
 24 HR. TOTAL    1.56   11/26 TO 11/27

DEGREE_DAYS
HEATING TOTAL    1240              1261     -21
 SINCE 7/1       1243              1278     -35
COOLING TOTAL      72                68       4
 SINCE 1/1        829               672     157

FREEZE DATES
RECORD
 EARLIEST     09/15/1963
 LATEST       05/25/1949
EARLIEST                        10/09
LATEST                          04/29
.................................................................

WIND (MPH)
AVERAGE WIND SPEED              3.8
HIGHEST WIND SPEED/DIRECTION    36/240    DATE  11/01
HIGHEST GUST SPEED/DIRECTION    49/240    DATE  11/01


WEATHER CONDITIONS. NUMBER OF DAYS WITH
THUNDERSTORM              2     MIXED PRECIP               0
HEAVY RAIN                8     RAIN                       8
LIGHT RAIN               31     FREEZING RAIN              0
LT FREEZING RAIN          0     HAIL                       0
HEAVY SNOW                0     SNOW                       0
LIGHT SNOW                3     SLEET                      0
FOG                      45     FOG W/VIS <= 1/4 MILE     11
HAZE                     13

-  INDICATES NEGATIVE NUMBERS.
R  INDICATES RECORD WAS SET OR TIED.
MM INDICATES DATA IS MISSING.
T  INDICATES TRACE AMOUNT.


RECORDS FOR KPOU DATE BACK TO 1949...
HOWEVER...DATA IS MISSING FROM JANUARY 1993 TO JULY 2000.

$$
