000
CXUS51 KALY 061710 CCA
CLSPOU

CLIMATE REPORT...CORRECTD
NATIONAL WEATHER SERVICE ALBANY NY
1211 PM EST WED MAR 6 2017

...................................

...THE POUGHKEEPSIE NY CLIMATE SUMMARY FOR THE SEASON, FROM
12/1/2016 TO 2/28/2017...

CLIMATE NORMAL PERIOD 1981 TO 2010
CLIMATE RECORD PERIOD 1949 TO 2017

WEATHER         OBSERVED          NORMAL  DEPART  LAST YEAR`S
                 VALUE   DATE(S)  VALUE   FROM    VALUE  DATE(S)
                                          NORMAL
................................................................
TEMPERATURE (F)
HIGHEST            73R  02/24                         66  02/24
LOWEST                  01/09                         -6  02/14
AVG. MAXIMUM     41.5              38.3     3.2     43.3
AVG. MINIMUM     23.8              18.5     5.3     22.7
MEAN             32.7              28.4     4.3     33.0
DAYS MAX >= 90      0               0.0     0.0        0
DAYS MAX <= 32     15              23.0    -8.0       11
DAYS MIN <= 32     75              81.7    -6.7       50
DAYS MIN <= 0       1               5.0    -4.0        2

PRECIPITATION (INCHES)
RECORD
 MAXIMUM        19.96   1973
 MINIMUM         3.61   1980
TOTALS           7.47              9.27   -1.80     9.58
DAILY AVG.       0.08              0.10   -0.02     0.09
DAYS >= .01        30              30.5    -0.5       13
DAYS >= .10        15              19.8    -2.8        8
DAYS >= .50         5               6.3    -1.3        4
DAYS >= 1.00        0               1.5    -1.5        1
GREATEST
 24 HR. TOTAL    1.28   01/23 TO 01/24

DEGREE_DAYS
HEATING TOTAL    2896              3293    -397
 SINCE 7/1       4042              4571    -529
COOLING TOTAL       0                 0       0
 SINCE 1/1          0                 0       0

FREEZE DATES
RECORD
 EARLIEST     09/15/1963
 LATEST       05/25/1949
EARLIEST                        10/09
LATEST                          04/29
.................................................................

WIND (MPH)
AVERAGE WIND SPEED              5.5
HIGHEST WIND SPEED/DIRECTION    41/310    DATE  02/13
HIGHEST GUST SPEED/DIRECTION    59/300    DATE  02/13


WEATHER CONDITIONS. NUMBER OF DAYS WITH
THUNDERSTORM              4     MIXED PRECIP               1
HEAVY RAIN                2     RAIN                      12
LIGHT RAIN               20     FREEZING RAIN              0
LT FREEZING RAIN          2     HAIL                       0
HEAVY SNOW                4     SNOW                       6
LIGHT SNOW               22     SLEET                      1
FOG                      51     FOG W/VIS <= 1/4 MILE     11
HAZE                     16

-  INDICATES NEGATIVE NUMBERS.
R  INDICATES RECORD WAS SET OR TIED.
MM INDICATES DATA IS MISSING.
T  INDICATES TRACE AMOUNT.

$$

CORRECTED PRECIPITATION

RECORDS FOR POUGHKEEPSIE DATE BACK TO 1949...HOWEVER DATA IS
MISSING FROM JANUARY 1993 THROUGH JULY 2000
