000
CXUS51 KALY 011356 RRB
CLSPOU

ALBCLMPOU 000
TTAA00 KALY 011354


CLIMATE REPORT
NATIONAL WEATHER SERVICE ALBANY NY
950 AM EDT THU JUN 1 2017

...................................

...THE POUGHKEEPSIE NY CLIMATE SUMMARY FOR THE SEASON, FROM
3/1/2017 TO 5/31/2017...

CLIMATE NORMAL PERIOD 1981 TO 2010
CLIMATE RECORD PERIOD 1949 TO 2017

WEATHER         OBSERVED          NORMAL  DEPART  LAST YEAR`S
                 VALUE   DATE(S)  VALUE   FROM    VALUE  DATE(S)
                                          NORMAL
................................................................
TEMPERATURE (F)
HIGHEST            93   05/18                         94  05/28
LOWEST              6   03/13                         19  04/06
AVG. MAXIMUM     58.1              60.1    -2.0     64.0
AVG. MINIMUM     37.3              36.1     1.2     40.3
MEAN             47.7              48.1    -0.4     52.2
DAYS MAX >= 90      2               0.7     1.3        4
DAYS MAX <= 32      6               1.3     4.7        0
DAYS MIN <= 32     29              34.2    -5.2       24
DAYS MIN <= 0       0               0.1    -0.1        0

PRECIPITATION (INCHES)
RECORD
 MAXIMUM        22.74   1983
 MINIMUM         4.58   1965
TOTALS          11.69             11.76   -0.07     6.48
DAILY AVG.       0.13              0.13    0.00     0.07
DAYS >= .01        35              34.0     1.0       31
DAYS >= .10        21              21.4    -0.4       19
DAYS >= .50         6               7.5    -1.5        1
DAYS >= 1.00        3               2.8     0.2        0
GREATEST
 24 HR. TOTAL    3.25   03/14 TO 03/14

DEGREE_DAYS
HEATING TOTAL    1622              1591      31
 SINCE 7/1       5664              6162    -498
COOLING TOTAL      48                35      13
 SINCE 1/1         48                36      12

FREEZE DATES
RECORD
 EARLIEST     09/15/1963
 LATEST       05/25/1949
EARLIEST                        10/09
LATEST                          04/29
.................................................................

WIND (MPH)
AVERAGE WIND SPEED              6.0
HIGHEST WIND SPEED/DIRECTION    32/280    DATE  04/16
HIGHEST GUST SPEED/DIRECTION    48/260    DATE  03/02


WEATHER CONDITIONS. NUMBER OF DAYS WITH
THUNDERSTORM              6     MIXED PRECIP               0
HEAVY RAIN                8     RAIN                      16
LIGHT RAIN               32     FREEZING RAIN              0
LT FREEZING RAIN          0     HAIL                       0
HEAVY SNOW                1     SNOW                       2
LIGHT SNOW                8     SLEET                      0
FOG                      40     FOG W/VIS <= 1/4 MILE      3
HAZE                     15

-  INDICATES NEGATIVE NUMBERS.
R  INDICATES RECORD WAS SET OR TIED.
MM INDICATES DATA IS MISSING.
T  INDICATES TRACE AMOUNT.

RECORDS FOR KPOU DATE BACK TO 1949...
HOWEVER...DATA IS MISSING FROM JANUARY 1993 - JULY 2000
$$
