192
CXUS51 KALY 011225 RRA
CLSPOU

ALBCLMPOU 000
TTAA00 KALY 011221


CLIMATE REPORT
NATIONAL WEATHER SERVICE ALBANY NY
816 AM EDT WED JUN 1 2016

...................................

...THE POUGHKEEPSIE NY CLIMATE SUMMARY FOR THE SEASON, FROM
3/1/2016 TO 5/31/2016...

CLIMATE NORMAL PERIOD 1981 TO 2010
CLIMATE RECORD PERIOD 1949 TO 2016

WEATHER         OBSERVED          NORMAL  DEPART  LAST YEAR`S
                 VALUE   DATE(S)  VALUE   FROM    VALUE  DATE(S)
                                          NORMAL
................................................................
TEMPERATURE (F)
HIGHEST            94   05/28                         89  05/26
                                                          05/10
                                                          05/11
LOWEST             19   04/06                         -2  03/06
AVG. MAXIMUM     64.0              60.1     3.9     61.1
AVG. MINIMUM     40.3              36.1     4.2     37.0
MEAN             52.2              48.1     4.1     49.0
DAYS MAX >= 90      4               0.7     3.3        0
DAYS MAX <= 32      0               1.3    -1.3        2
DAYS MIN <= 32     24              34.2   -10.2       34
DAYS MIN <= 0       0               0.1    -0.1        2

PRECIPITATION (INCHES)
RECORD
 MAXIMUM        22.74   1983
 MINIMUM         4.58   1965
TOTALS           6.48             11.76   -5.28     6.37
DAILY AVG.       0.07              0.13   -0.06     0.07
DAYS >= .01        31              34.0    -3.0       30
DAYS >= .10        19              21.4    -2.4       20
DAYS >= .50         1               7.5    -6.5        4
DAYS >= 1.00        0               2.8    -2.8        0
GREATEST
 24 HR. TOTAL    0.69   05/02 TO 05/03

DEGREE_DAYS
HEATING TOTAL    1237              1591    -354
 SINCE 7/1       4135              6162   -2027
COOLING TOTAL      81                35      46
 SINCE 1/1         81                36      45

FREEZE DATES
RECORD
 EARLIEST     09/15/1963
 LATEST       05/25/1949
EARLIEST                        10/09
LATEST                          04/29
.................................................................

WIND (MPH)
AVERAGE WIND SPEED              5.6
HIGHEST WIND SPEED/DIRECTION    31/250    DATE  03/28
HIGHEST GUST SPEED/DIRECTION    45/300    DATE  04/03


WEATHER CONDITIONS. NUMBER OF DAYS WITH
THUNDERSTORM              0     MIXED PRECIP               0
HEAVY RAIN                4     RAIN                      15
LIGHT RAIN               31     FREEZING RAIN              0
LT FREEZING RAIN          1     HAIL                       0
HEAVY SNOW                1     SNOW                       1
LIGHT SNOW                4     SLEET                      0
FOG                      33     FOG W/VIS <= 1/4 MILE      5
HAZE                     23

-  INDICATES NEGATIVE NUMBERS.
R  INDICATES RECORD WAS SET OR TIED.
MM INDICATES DATA IS MISSING.
T  INDICATES TRACE AMOUNT.

$$

NOTE: RECORDS FOR POUGHKEEPSIE DATE BACK TO 1949...HOWEVER DATA IS
MISSING FROM JANUARY 1993 THROUGH JULY 2000.
