000
CXUS51 KALY 010717
CLSPOU

CLIMATE REPORT
NATIONAL WEATHER SERVICE ALBANY NY
317 AM EDT SUN SEP 1 2013

...................................

...THE POUGHKEEPSIE NY CLIMATE SUMMARY FOR THE SEASON, FROM
6/1/2013 TO 8/31/2013...

CLIMATE NORMAL PERIOD 1981 TO 2010
CLIMATE RECORD PERIOD 1948 TO 2013

WEATHER         OBSERVED          NORMAL  DEPART
                 VALUE   DATE(S)  VALUE   FROM
                                          NORMAL
................................................
TEMPERATURE (F)
HIGHEST            97   07/19
LOWEST             44   06/05
AVG. MAXIMUM     82.4              82.2     0.2
AVG. MINIMUM     61.6              58.8     2.8
MEAN             72.0              70.5     1.5
DAYS MAX >= 90     15              12.5     2.5
DAYS MAX <= 32      0               0.0     0.0
DAYS MIN <= 32      0               0.0     0.0
DAYS MIN <= 0       0               0.0     0.0

PRECIPITATION (INCHES)
TOTALS          19.57             13.28    6.29
DAILY AVG.       0.21              0.14    0.07
DAYS >= .01        40              32.7     7.3
DAYS >= .10        22              21.9     0.1
DAYS >= .50        11               8.9     2.1
DAYS >= 1.00        8               3.4     4.6

DEGREE_DAYS
HEATING TOTAL      34                65     -31
 SINCE 7/1          3                17     -14
COOLING TOTAL     704               567     137
 SINCE 1/1        757               604     153
.................................................

WIND (MPH)
AVERAGE WIND SPEED              3.4
HIGHEST WIND SPEED/DIRECTION    25/010    DATE  08/04
HIGHEST GUST SPEED/DIRECTION    36/360    DATE  06/25


WEATHER CONDITIONS. NUMBER OF DAYS WITH
THUNDERSTORM             14     MIXED PRECIP               0
HEAVY RAIN               16     RAIN                      19
LIGHT RAIN               40     FREEZING RAIN              0
LT FREEZING RAIN          0     HAIL                       0
HEAVY SNOW                0     SNOW                       0
LIGHT SNOW                0     SLEET                      0
FOG                      62     FOG W/VIS <= 1/4 MILE     10
HAZE                     21

-  INDICATES NEGATIVE NUMBERS.
R  INDICATES RECORD WAS SET OR TIED.
MM INDICATES DATA IS MISSING.
T  INDICATES TRACE AMOUNT.

$$
