000
CXUS51 KALY 010719
CLSPOU

CLIMATE REPORT - SEASONAL
NATIONAL WEATHER SERVICE ALBANY NY
213 AM EST TUE DEC 1 2015

...................................

...THE POUGHKEEPSIE NY CLIMATE SUMMARY FOR THE SEASON, FROM
9/1/2015 TO 11/30/2015...

CLIMATE NORMAL PERIOD 1981 TO 2010
CLIMATE RECORD PERIOD 1949 TO 2015

WEATHER         OBSERVED          NORMAL  DEPART  LAST YEAR`S
                 VALUE   DATE(S)  VALUE   FROM    VALUE  DATE(S)
                                          NORMAL
................................................................
TEMPERATURE (F)
HIGHEST            97   09/08                         92  09/06
LOWEST             19   11/24                         10  11/29
AVG. MAXIMUM     68.4              63.5     4.9     64.1
AVG. MINIMUM     43.0              40.4     2.6     42.4
MEAN             55.7              51.9     3.8     53.2
DAYS MAX >= 90      6               0.9     5.1        2
DAYS MAX <= 32      0               0.3    -0.3        0
DAYS MIN <= 32     23              25.7    -2.7       19
DAYS MIN <= 0       0               0.0     0.0        0

PRECIPITATION (INCHES)
RECORD
 MAXIMUM        22.90   2005
 MINIMUM         3.86   1964
TOTALS           6.96             12.22   -5.26     6.47
DAILY AVG.       0.08              0.13   -0.05     0.07
DAYS >= .01        21              28.1    -7.1       27
DAYS >= .10        13              18.1    -5.1       17
DAYS >= .50         6               7.8    -1.8        6
DAYS >= 1.00        2               3.2    -1.2        0
GREATEST
 24 HR. TOTAL    1.76   09/29 TO 09/30

DEGREE_DAYS
HEATING TOTAL     988              1261    -273
 SINCE 7/1        988              1278    -290
COOLING TOTAL     159                68      91
 SINCE 1/1        964               672     292

FREEZE DATES
RECORD
 EARLIEST     09/15/1963
 LATEST       05/25/1949
EARLIEST                        10/09
LATEST                          04/29
.................................................................

WIND (MPH)
AVERAGE WIND SPEED              4.3
HIGHEST WIND SPEED/DIRECTION    36/270    DATE  11/13
HIGHEST GUST SPEED/DIRECTION    53/250    DATE  11/13


WEATHER CONDITIONS. NUMBER OF DAYS WITH
THUNDERSTORM              3     MIXED PRECIP               0
HEAVY RAIN                6     RAIN                      12
LIGHT RAIN               22     FREEZING RAIN              0
LT FREEZING RAIN          0     HAIL                       0
HEAVY SNOW                0     SNOW                       0
LIGHT SNOW                0     SLEET                      0
FOG                      29     FOG W/VIS <= 1/4 MILE      5
HAZE                     11

-  INDICATES NEGATIVE NUMBERS.
R  INDICATES RECORD WAS SET OR TIED.
MM INDICATES DATA IS MISSING.
T  INDICATES TRACE AMOUNT.

RECORDS FOR POUGHKEEPSIE DATE BACK TO 1949...HOWEVER DATA IS MISSING
FROM JANUARY 1993 THROUGH JULY 2000.

$$
