000
CXUS51 KALY 010907
CLSPOU

ALBCLMPOU 000
TTAA00 KALY 010851


CLIMATE REPORT
NATIONAL WEATHER SERVICE ALBANY NY
507 AM EDT SAT SEP 1 2012

...................................

...THE POUGHKEEPSIE NY CLIMATE SUMMARY FOR THE SEASON, FROM
6/1/2012 TO 8/31/2012...

CLIMATE NORMAL PERIOD 1981 TO 2010
CLIMATE RECORD PERIOD 1948 TO 2012

WEATHER         OBSERVED          NORMAL  DEPART
                 VALUE   DATE(S)  VALUE   FROM
                                          NORMAL
................................................
TEMPERATURE (F)
HIGHEST            96   07/18
                        07/17
                        06/29
LOWEST             47   06/06
AVG. MAXIMUM     83.6              82.2     1.4
AVG. MINIMUM     60.8              58.8     2.0
MEAN             72.2              70.5     1.7
DAYS MAX >= 90     19              12.5     6.5
DAYS MAX <= 32      0               0.0     0.0
DAYS MIN <= 32      0               0.0     0.0
DAYS MIN <= 0       0               0.0     0.0

PRECIPITATION (INCHES)
TOTALS          10.72             13.28   -2.56
DAILY AVG.       0.12              0.14   -0.02
DAYS >= .01        42              32.7     9.3
DAYS >= .10        22              21.9     0.1
DAYS >= .50         7               8.9    -1.9
DAYS >= 1.00        2               3.4    -1.4

DEGREE_DAYS
HEATING TOTAL      33                65     -32
 SINCE 7/1          2                17     -15
COOLING TOTAL     716               567     149
 SINCE 1/1        811               604     207
.................................................

WIND (MPH)
AVERAGE WIND SPEED              3.0
HIGHEST WIND SPEED/DIRECTION    36/250    DATE  07/26
HIGHEST GUST SPEED/DIRECTION    52/270    DATE  06/29


WEATHER CONDITIONS. NUMBER OF DAYS WITH
THUNDERSTORM              0     MIXED PRECIP               0
HEAVY RAIN               15     RAIN                      13
LIGHT RAIN               42     FREEZING RAIN              0
LT FREEZING RAIN          0     HAIL                       0
HEAVY SNOW                0     SNOW                       0
LIGHT SNOW                0     SLEET                      0
FOG                      56     FOG W/VIS <= 1/4 MILE      7
HAZE                     11

-  INDICATES NEGATIVE NUMBERS.
R  INDICATES RECORD WAS SET OR TIED.
MM INDICATES DATA IS MISSING.
T  INDICATES TRACE AMOUNT.

$$
