140
CXUS51 KALY 030642 RRA
CLSPOU

CLIMATE REPORT
NATIONAL WEATHER SERVICE ALBANY NY
135 AM EST SAT DEC 3 2016

...................................

...THE POUGHKEEPSIE NY CLIMATE SUMMARY FOR THE SEASON, FROM
9/1/2016 TO 11/30/2016...

CLIMATE NORMAL PERIOD 1981 TO 2010
CLIMATE RECORD PERIOD 1949 TO 2016

WEATHER         OBSERVED          NORMAL  DEPART  LAST YEAR`S
                 VALUE   DATE(S)  VALUE   FROM    VALUE  DATE(S)
                                          NORMAL
................................................................
TEMPERATURE (F)
HIGHEST            91   09/09                         97  09/08
LOWEST             20   11/28                         19  11/24
AVG. MAXIMUM     65.6              63.5     2.1     68.4
AVG. MINIMUM     41.2              40.4     0.8     43.0
MEAN             53.4              51.9     1.5     55.7
DAYS MAX >= 90      2               0.9     1.1        6
DAYS MAX <= 32      0               0.3    -0.3        0
DAYS MIN <= 32     30              25.7     4.3       23
DAYS MIN <= 0       0               0.0     0.0        0

PRECIPITATION (INCHES)
RECORD
 MAXIMUM        22.90   2005
 MINIMUM         3.86   1964
TOTALS           8.20             12.22   -4.02     6.96
DAILY AVG.       0.09              0.13   -0.04     0.08
DAYS >= .01        24              28.1    -4.1       21
DAYS >= .10        13              18.1    -5.1       13
DAYS >= .50         6               7.8    -1.8        6
DAYS >= 1.00        2               3.2    -1.2        2
GREATEST
 24 HR. TOTAL    1.80   11/15 TO 11/16

DEGREE_DAYS
HEATING TOTAL    1144              1261    -117
 SINCE 7/1       1146              1278    -132
COOLING TOTAL     111                68      43
 SINCE 1/1       1053               672     381

FREEZE DATES
RECORD
 EARLIEST     09/15/1963
 LATEST       05/25/1949
EARLIEST                        10/09
LATEST                          04/29
.................................................................

WIND (MPH)
AVERAGE WIND SPEED              4.4
HIGHEST WIND SPEED/DIRECTION    30/280    DATE  10/23
HIGHEST GUST SPEED/DIRECTION    42/280    DATE  10/23


WEATHER CONDITIONS. NUMBER OF DAYS WITH
THUNDERSTORM              3     MIXED PRECIP               0
HEAVY RAIN                7     RAIN                      14
LIGHT RAIN               30     FREEZING RAIN              0
LT FREEZING RAIN          0     HAIL                       0
HEAVY SNOW                0     SNOW                       0
LIGHT SNOW                3     SLEET                      0
FOG                      45     FOG W/VIS <= 1/4 MILE      8
HAZE                      2

-  INDICATES NEGATIVE NUMBERS.
R  INDICATES RECORD WAS SET OR TIED.
MM INDICATES DATA IS MISSING.
T  INDICATES TRACE AMOUNT.

$$

RECORDS FOR POUGHKEEPSIE DATE BACK TO 1949...HOWEVER DATA
IS MISSING FROM JANUARY 1993 THROUGH JULY 2000.
