000
CXUS51 KALY 021809
CLSPOU

CLIMATE REPORT
NATIONAL WEATHER SERVICE ALBANY NY
209 PM EDT TUE JUN 2 2015

...................................

...THE POUGHKEEPSIE NY CLIMATE SUMMARY FOR THE SEASON, FROM
3/1/2015 TO 5/31/2015...

CLIMATE NORMAL PERIOD 1981 TO 2010
CLIMATE RECORD PERIOD 1949 TO 2015

WEATHER         OBSERVED          NORMAL  DEPART  LAST YEAR`S
                 VALUE   DATE(S)  VALUE   FROM    VALUE  DATE(S)
                                          NORMAL
................................................................
TEMPERATURE (F)
HIGHEST            89   05/26                         89  05/27
                        05/10
                        05/11
LOWEST             -2R  03/06                         -2  03/04
AVG. MAXIMUM     61.1              60.1     1.0     58.8
AVG. MINIMUM     37.0              36.1     0.9     35.8
MEAN             49.0              48.1     0.9     47.3
DAYS MAX >= 90      0               0.7    -0.7        0
DAYS MAX <= 32      2               1.3     0.7        5
DAYS MIN <= 32     34              34.2    -0.2       38
DAYS MIN <= 0       2               0.1     1.9        2

PRECIPITATION (INCHES)
RECORD
 MAXIMUM        22.74   1983
 MINIMUM         4.58   1965
TOTALS           6.37             11.76   -5.39     9.75
DAILY AVG.       0.07              0.13   -0.06     0.11
DAYS >= .01        30              34.0    -4.0       31
DAYS >= .10        20              21.4    -1.4       17
DAYS >= .50         4               7.5    -3.5        6
DAYS >= 1.00        0               2.8    -2.8        4
GREATEST
 24 HR. TOTAL    0.84   05/16 TO 05/17

DEGREE_DAYS
HEATING TOTAL    1560              1591     -31
 SINCE 7/1       6245              6162      83
COOLING TOTAL     113                35      78
 SINCE 1/1        113                36      77

FREEZE DATES
RECORD
 EARLIEST     09/15/1963
 LATEST       05/25/1949
EARLIEST                        10/09
LATEST                          04/29
.................................................................

WIND (MPH)
AVERAGE WIND SPEED              5.6
HIGHEST WIND SPEED/DIRECTION    31/270    DATE  04/22
HIGHEST GUST SPEED/DIRECTION    42/230    DATE  04/22


WEATHER CONDITIONS. NUMBER OF DAYS WITH
THUNDERSTORM              9     MIXED PRECIP               0
HEAVY RAIN                9     RAIN                      10
LIGHT RAIN               30     FREEZING RAIN              0
LT FREEZING RAIN          1     HAIL                       0
HEAVY SNOW                0     SNOW                       3
LIGHT SNOW                8     SLEET                      0
FOG                      40     FOG W/VIS <= 1/4 MILE     12
HAZE                     19

-  INDICATES NEGATIVE NUMBERS.
R  INDICATES RECORD WAS SET OR TIED.
MM INDICATES DATA IS MISSING.
T  INDICATES TRACE AMOUNT.

RECORDS FOR KPOU DATE BACK TO 1949...HOWEVER...DATA IS MISSING FROM JANUARY 1993
- JULY 2000.

$$
