000
CXUS51 KALY 021310 RRB
CLSPOU

ALBCLMPOU 000
TTAA00 KALY 011306


CLIMATE REPORT
NATIONAL WEATHER SERVICE ALBANY NY
805 AM EST SUN MAR 1 2015

...................................

...THE POUGHKEEPSIE NY CLIMATE SUMMARY FOR THE SEASON, FROM
12/1/2014 TO 2/28/2015...

CLIMATE NORMAL PERIOD 1981 TO 2010
CLIMATE RECORD PERIOD 1949 TO 2015

WEATHER         OBSERVED          NORMAL  DEPART  LAST YEAR`S
                 VALUE   DATE(S)  VALUE   FROM    VALUE  DATE(S)
                                          NORMAL
................................................................
TEMPERATURE (F)
HIGHEST            62   12/25                         68  12/22
LOWEST            -14R  02/16                         -9  02/12
                                                          01/04
AVG. MAXIMUM     34.5              38.3    -3.8     36.3
AVG. MINIMUM     15.8              18.5    -2.7     16.1
MEAN             25.1              28.4    -3.3     26.2
DAYS MAX >= 90      0               0.0     0.0        0
DAYS MAX <= 32     39              23.0    16.0       40
DAYS MIN <= 32     80              81.7    -1.7       84
DAYS MIN <= 0      13               5.0     8.0        6

PRECIPITATION (INCHES)
RECORD
 MAXIMUM        19.96   1973
 MINIMUM         3.61   1980
TOTALS           7.30              9.27   -1.97     7.61
DAILY AVG.       0.08              0.10   -0.02     0.09
DAYS >= .01        33              30.5     2.5       32
DAYS >= .10        15              19.8    -4.8       17
DAYS >= .50         5               6.3    -1.3        5
DAYS >= 1.00        2               1.5     0.5        0
GREATEST
 24 HR. TOTAL    1.16   MM

DEGREE_DAYS
HEATING TOTAL    3534              3293     241
 SINCE 7/1       4685              4571     114
COOLING TOTAL       0                 0       0
 SINCE 1/1          0                 0       0

FREEZE DATES
RECORD
 EARLIEST     09/15/1963
 LATEST       05/25/1949
EARLIEST                        10/09
LATEST                          04/29
.................................................................

WIND (MPH)
AVERAGE WIND SPEED              5.6
HIGHEST WIND SPEED/DIRECTION    28/300    DATE  01/16
HIGHEST GUST SPEED/DIRECTION    40/010    DATE  02/15


WEATHER CONDITIONS. NUMBER OF DAYS WITH
THUNDERSTORM              0     MIXED PRECIP               0
HEAVY RAIN                1     RAIN                       5
LIGHT RAIN               17     FREEZING RAIN              5
LT FREEZING RAIN          5     HAIL                       0
HEAVY SNOW                2     SNOW                      10
LIGHT SNOW               31     SLEET                      1
FOG                      47     FOG W/VIS <= 1/4 MILE      5
HAZE                     43

-  INDICATES NEGATIVE NUMBERS.
R  INDICATES RECORD WAS SET OR TIED.
MM INDICATES DATA IS MISSING.
T  INDICATES TRACE AMOUNT.

$$
