000
CXUS51 KALY 030940
CLSPOU

CLIMATE REPORT
NATIONAL WEATHER SERVICE ALBANY NY
540 AM EDT MON JUN 3 2013

...................................

...THE POUGHKEEPSIE NY CLIMATE SUMMARY FOR THE SEASON, FROM
3/1/2013 TO 5/31/2013...

CLIMATE NORMAL PERIOD 1981 TO 2010
CLIMATE RECORD PERIOD 1948 TO 2013

WEATHER         OBSERVED          NORMAL  DEPART
                 VALUE   DATE(S)  VALUE   FROM
                                          NORMAL
................................................
TEMPERATURE (F)
HIGHEST            93   05/31
LOWEST             18   03/18
AVG. MAXIMUM     59.6              60.1    -0.5
AVG. MINIMUM     37.0              36.1     0.9
MEAN             48.3              48.1     0.2
DAYS MAX >= 90      3               0.7     2.3
DAYS MAX <= 32      0               1.3    -1.3
DAYS MIN <= 32     38              34.2     3.8
DAYS MIN <= 0       0               0.1    -0.1

PRECIPITATION (INCHES)
TOTALS           6.99             11.76   -4.77
DAILY AVG.       0.08              0.13   -0.05
DAYS >= .01        24              34.0   -10.0
DAYS >= .10        17              21.4    -4.4
DAYS >= .50         4               7.5    -3.5
DAYS >= 1.00        1               2.8    -1.8

DEGREE_DAYS
HEATING TOTAL    1562              1591     -29
 SINCE 7/1       5683              6162    -479
COOLING TOTAL      53                35      18
 SINCE 1/1         53                36      17
.................................................

WIND (MPH)
AVERAGE WIND SPEED              5.6
HIGHEST WIND SPEED/DIRECTION    28/330    DATE  04/10
HIGHEST GUST SPEED/DIRECTION    39/030    DATE  03/06


WEATHER CONDITIONS. NUMBER OF DAYS WITH
THUNDERSTORM              5     MIXED PRECIP               0
HEAVY RAIN                4     RAIN                       9
LIGHT RAIN               25     FREEZING RAIN              0
LT FREEZING RAIN          1     HAIL                       0
HEAVY SNOW                1     SNOW                       3
LIGHT SNOW                9     SLEET                      0
FOG                      45     FOG W/VIS <= 1/4 MILE      7
HAZE                     23

-  INDICATES NEGATIVE NUMBERS.
R  INDICATES RECORD WAS SET OR TIED.
MM INDICATES DATA IS MISSING.
T  INDICATES TRACE AMOUNT.

$$
