000
CXUS56 KLOX 011814
CF6PRB
PRELIMINARY LOCAL CLIMATOLOGICAL DATA (WS FORM: F-6)
STATION: PASO ROBLES AIRPORT CA
MONTH: DECEMBER
YEAR: 2020
LATITUDE: 35 40 N
LONGITUDE: 120 38 W
TEMPERATURE IN F: :PCPN: SNOW: WIND :SUNSHINE: SKY :PK WND
================================================================================
1 2 3 4 5 6A 6B 7 8 9 10 11 12 13 14 15 16 17 18
12Z AVG MX 2MIN
DY MAX MIN AVG DEP HDD CDD WTR SNW DPTH SPD SPD DIR MIN PSBL S-S WX SPD DR
================================================================================
1 70 29 50 2 15 0 0.00 0.0 0 5.4 18 100 M M 0 22 90
2 73 28 51 3 14 0 0.00 0.0 0 2.5 10 100 M M 0 12 100
3 75 28 52 4 13 0 0.00 0.0 0 1.7 9 50 M M 0 8 10 60
4 74 29 52 5 13 0 0.00 0.0 0 3.5 14 100 M M 0 17 100
5 74 30 52 5 13 0 0.00 0.0 0 3.0 12 300 M M 0 14 300
6 67 29 48 1 17 0 0.00 0.0 0 4.2 12 80 M M 0 14 80
7 69 28 49 2 16 0 0.00 0.0 0 4.6 14 100 M M 0 19 100
8 63 29 46 -1 19 0 0.00 0.0 0 0.9 6 330 M M 0 9 340
9 77 29 53 6 12 0 0.00 M 0 2.3 12 120 M M 0 12 130
10 69 30 50 3 15 0 0.00 M M 2.9 10 350 M M 0 12 340
11 62 30 46 0 19 0 T M M 3.1 10 350 M M 6 18 13 330
12 67 39 53 7 12 0 0.00 M M 5.5 21 330 M M 2 18 24 340
13 58 36 47 1 18 0 0.02 M M 4.8 18 210 M M 7 12 23 230
14 59 32 46 0 19 0 0.00 M M 8.7 20 320 M M 1 12 22 320
15 63 27 45 -1 20 0 0.00 M M 4.6 14 100 M M 0 17 90
16 65 29 47 1 18 0 0.00 M M 4.4 15 80 M M 0 17 90
17 62 34 48 2 17 0 T M M 8.4 24 330 M M 2 29 330
18 61 29 45 -1 20 0 0.00 M M 5.1 16 80 M M 3 12 20 80
19 69 25 47 1 18 0 0.00 M M 4.9 15 90 M M 0 19 80
20 69 27 48 2 17 0 0.00 M M 4.4 18 80 M M 0 22 100
21 71 26 49 3 16 0 0.00 M M 0.8 6 110 M M 0 6 360
22 65 25 45 -1 20 0 0.00 M M 6.5 20 90 M M 0 24 90
23 61 28 45 -1 20 0 0.00 M M 4.7 16 80 M M 0 18 80
24 64 29 47 1 18 0 0.00 M M 2.9 10 240 M M 2 12 240
25 69 30 50 4 15 0 0.00 M M 4.6 14 210 M M 4 17 210
26 63 36 50 4 15 0 0.04 M M 4.2 17 330 M M 5 12 22 330
27 63 36 50 4 15 0 0.23 M M 6.4 21 170 M M 2 1 27 170
28 52 36 44 -2 21 0 0.41 M M 7.9 18 130 M M 7 1 23 150
29 57 32 45 -1 20 0 0.00 M M 2.6 12 90 M M 5 12 15 120
30 59 28 44 -2 21 0 0.00 M M 1.7 9 310 M M 0 1 10 300
31 58 36 47 1 18 0 0.01 M M 4.8 20 330 M M 5 12 23 330
================================================================================
SM 2028 939 524 0 0.71 0.0 132.0 M 51
================================================================================
AV 65.4 30.3 4.3 FASTST M M 2 MAX(MPH)
MISC ----> 24 330 29 330
================================================================================
NOTES:
# LAST OF SEVERAL OCCURRENCES
COLUMN 17 PEAK WIND IN M.P.H.
PRELIMINARY LOCAL CLIMATOLOGICAL DATA (WS FORM: F-6) , PAGE 2
STATION: PASO ROBLES AIRPORT CA
MONTH: DECEMBER
YEAR: 2020
LATITUDE: 35 40 N
LONGITUDE: 120 38 W
[TEMPERATURE DATA] [PRECIPITATION DATA] SYMBOLS USED IN COLUMN 16
AVERAGE MONTHLY: 47.9 TOTAL FOR MONTH: 0.71 1 = FOG OR MIST
DPTR FM NORMAL: 1.5 DPTR FM NORMAL: -1.30 2 = FOG REDUCING VISIBILITY
HIGHEST: 77 ON 9 GRTST 24HR 0.64 ON 27-28 TO 1/4 MILE OR LESS
LOWEST: 25 ON 22,19 3 = THUNDER
SNOW, ICE PELLETS, HAIL 4 = ICE PELLETS
TOTAL MONTH: 0.0 INCH 5 = HAIL
GRTST 24HR 0.0 6 = FREEZING RAIN OR DRIZZLE
GRTST DEPTH: 0 7 = DUSTSTORM OR SANDSTORM:
VSBY 1/2 MILE OR LESS
8 = SMOKE OR HAZE
[NO. OF DAYS WITH] [WEATHER - DAYS WITH] 9 = BLOWING SNOW
X = TORNADO
MAX 32 OR BELOW: 0 0.01 INCH OR MORE: 5
MAX 90 OR ABOVE: 0 0.10 INCH OR MORE: 2
MIN 32 OR BELOW: 24 0.50 INCH OR MORE: 0
MIN 0 OR BELOW: 0 1.00 INCH OR MORE: 0
[HDD (BASE 65) ]
TOTAL THIS MO. 524 CLEAR (SCALE 0-3) 24
DPTR FM NORMAL -51 PTCLDY (SCALE 4-7) 7
TOTAL FM JUL 1 949 CLOUDY (SCALE 8-10) 0
DPTR FM NORMAL -176
[CDD (BASE 65) ]
TOTAL THIS MO. 0
DPTR FM NORMAL 0 [PRESSURE DATA]
TOTAL FM JAN 1 1367 HIGHEST SLP 30.42 ON 19
DPTR FM NORMAL 440 LOWEST SLP 29.69 ON 28
[REMARKS]
#FINAL-12-20#