000
CXUS56 KPDT 011910
CF6PSC
PRELIMINARY LOCAL CLIMATOLOGICAL DATA (WS FORM: F-6)
STATION: PASCO WA
MONTH: NOVEMBER
YEAR: 2022
LATITUDE: 46 16 N
LONGITUDE: 119 7 W
TEMPERATURE IN F: :PCPN: SNOW: WIND :SUNSHINE: SKY :PK WND
================================================================================
1 2 3 4 5 6A 6B 7 8 9 10 11 12 13 14 15 16 17 18
12Z AVG MX 2MIN
DY MAX MIN AVG DEP HDD CDD WTR SNW DPTH SPD SPD DIR MIN PSBL S-S WX SPD DR
================================================================================
1 50 43 47 1 18 0 0.59 M M 4.6 13 230 M M 9 1 17 230
2 52 32 42 -3 23 0 T M M 8.0 18 220 M M 3 26 230
3 49 26 38 -7 27 0 0.13 M M 7.9 18 220 M M 3 25 210
4 63 42 53 9 12 0 0.02 M M 19.6 40 230 M M 7 55 230
5 61 39 50 6 15 0 0.01 M M 14.3 35 230 M M 1 51 240
6 55 37 46 2 19 0 0.09 M M 7.4 18 210 M M 8 23 220
7 55 35 45 1 20 0 0.04 M M 8.5 31 250 M M 4 38 250
8 46 32 39 -4 26 0 0.00 M M 13.0 22 330 M M 2 30 310
9 47 26 37 -6 28 0 0.00 M M 5.8 15 330 M M 0 21 340
10 44 20 32 -10 33 0 0.00 M M 3.9 8 30 M M 0 10 30
11 39 20 30 -12 35 0 0.00 M M 3.7 12 360 M M 2 1 14 360
12 45 26 36 -6 29 0 0.00 M M 2.6 10 240 M M 0 1 13 230
13 44 22 33 -9 32 0 0.00 M M 3.0 12 360 M M 1 1 16 10
14 39 21 30 -11 35 0 0.00 M M 2.8 8 360 M M 8 1 12 320
15 34 20 27 -14 38 0 0.00 M M 3.1 12 360 M M 7 128 15 360
16 35 32 34 -7 31 0 0.00 M M 1.5 8 20 M M 10 10 20
17 40 22 31 -9 34 0 0.00 M M M M M M M M M M
18 33 19 26 -14 39 0 0.00 M M 2.8 7 340 M M M 28 8 80
19 34 15 25 -15 40 0 0.00 M M 3.0 8 120 M M M 10 120
20 30 22 26 -13 39 0 0.00 M M 1.9 6 360 M M M 8 230
21 33 25 29 -10 36 0 0.00 M M 1.2 6 120 M M 8 18 10 130
22 33 22 28 -11 37 0 0.10 M M 2.7 12 280 M M 7 168 15 270
23 45 24 35 -4 30 0 0.00 M M 4.5 10 320 M M 0 18 12 310
24 39 31 35 -3 30 0 0.00 M M 2.8 8 120 M M 10 18 11 360
25 40 33 37 -1 28 0 0.07 M M 4.3 12 160 M M 8 18 15 170
26 47 29 38 0 27 0 0.00 M M 5.7 23 220 M M 7 12 30 220
27 49 26 38 1 27 0 0.00 M M 11.9 37 210 M M 3 48 210
28 40 25 33 -4 32 0 T M M 6.9 20 330 M M 6 24 330
29 31 26 29 -8 36 0 T M M 4.0 10 310 M M 10 1 12 300
30 44 27 36 -1 29 0 0.06 M M 4.0 13 160 M M 9 1 17 220
================================================================================
SM 1296 819 885 0 1.11 M 165.4 M 133
================================================================================
AV 43.2 27.3 5.7 FASTST M M 5 MAX(MPH)
MISC ----> 40 230 55 230
================================================================================
NOTES:
# LAST OF SEVERAL OCCURRENCES
COLUMN 17 PEAK WIND IN M.P.H.
PRELIMINARY LOCAL CLIMATOLOGICAL DATA (WS FORM: F-6) , PAGE 2
STATION: PASCO WA
MONTH: NOVEMBER
YEAR: 2022
LATITUDE: 46 16 N
LONGITUDE: 119 7 W
[TEMPERATURE DATA] [PRECIPITATION DATA] SYMBOLS USED IN COLUMN 16
AVERAGE MONTHLY: 35.3 TOTAL FOR MONTH: 1.11 1 = FOG OR MIST
DPTR FM NORMAL: -5.7 DPTR FM NORMAL: 0.24 2 = FOG REDUCING VISIBILITY
HIGHEST: 63 ON 4 GRTST 24HR 0.68 ON 31- 1 TO 1/4 MILE OR LESS
LOWEST: 15 ON 19 3 = THUNDER
SNOW, ICE PELLETS, HAIL 4 = ICE PELLETS
TOTAL MONTH: M 5 = HAIL
GRTST 24HR M ON M 6 = FREEZING RAIN OR DRIZZLE
GRTST DEPTH: M ON M 7 = DUSTSTORM OR SANDSTORM:
VSBY 1/2 MILE OR LESS
8 = SMOKE OR HAZE
[NO. OF DAYS WITH] [WEATHER - DAYS WITH] 9 = BLOWING SNOW
X = TORNADO
MAX 32 OR BELOW: 2 0.01 INCH OR MORE: 9
MAX 90 OR ABOVE: 0 0.10 INCH OR MORE: 3
MIN 32 OR BELOW: 24 0.50 INCH OR MORE: 1
MIN 0 OR BELOW: 0 1.00 INCH OR MORE: 0
[HDD (BASE 65) ]
TOTAL THIS MO. 885 CLEAR (SCALE 0-3) 10
DPTR FM NORMAL 162 PTCLDY (SCALE 4-7) 9
TOTAL FM JUL 1 1102 CLOUDY (SCALE 8-10) 11
DPTR FM NORMAL -116
[CDD (BASE 65) ]
TOTAL THIS MO. 0
DPTR FM NORMAL 0 [PRESSURE DATA]
TOTAL FM JAN 1 1133 HIGHEST SLP 30.86 ON 15
DPTR FM NORMAL 345 LOWEST SLP 29.38 ON 6
[REMARKS]
#FINAL-11-22#