863
CXUS55 KALY 010810
CF6PSF
PRELIMINARY LOCAL CLIMATOLOGICAL DATA (WS FORM: F-6)
STATION: PITTSFIELD MA
MONTH: DECEMBER
YEAR: 2020
LATITUDE: 42 25 N
LONGITUDE: 73 18 W
TEMPERATURE IN F: :PCPN: SNOW: WIND :SUNSHINE: SKY :PK WND
================================================================================
1 2 3 4 5 6A 6B 7 8 9 10 11 12 13 14 15 16 17 18
12Z AVG MX 2MIN
DY MAX MIN AVG DEP HDD CDD WTR SNW DPTH SPD SPD DIR MIN PSBL S-S WX SPD DR
================================================================================
1 60 33 47 15 18 0 0.02 M M 10.2 22 220 M M 8 1 29 230
2 35 31 33 1 32 0 0.02 M M 12.7 30 290 M M 10 18 42 310
3 45 29 37 5 28 0 0.00 M M 7.0 15 210 M M 2 22 210
4 51 41 46 15 19 0 0.00 M M 9.9 16 220 M M 7 25 220
5 42 32 37 6 28 0 0.25 M M 8.6 22 300 M M 9 1 34 330
6 32 24 28 -2 37 0 0.00 M M 16.2 26 290 M M 10 36 290
7 31 24 28 -2 37 0 0.00 M M 10.2 23 300 M M 7 32 280
8 25 21 23 -7 42 0 0.01 M M 10.0 23 280 M M 10 18 32 300
9 32 22 27 -2 38 0 0.10 M M 4.6 18 300 M M 8 1 25 300
10 37 32 35 6 30 0 0.00 M M 6.8 20 290 M M 10 1 29 290
11 48 24 36 8 29 0 0.00 M M 3.5 15 190 M M 2 12 22 190
12 44 28 36 8 29 0 0.01 M M 2.3 13 110 M M 8 128 17 110
13 54 33 44 16 21 0 0.02 M M 8.0 16 300 M M 6 1 22 310
14 33 29 31 4 34 0 0.07 M M 8.5 25 300 M M 9 1 34 280
15 29 17 23 -4 42 0 0.00 M M 13.4 30 290 M M 1 42 290
16 24 12 18 -8 47 0 0.07 M M 5.9 20 60 M M 4 12 27 60
17 25 16 21 -5 44 0 0.02 M M 8.9 23 50 M M 10 128 32 50
18 22 4 13 -13 52 0 0.00 M M 6.3 14 290 M M 5 18 300
19 29 -4 13 -12 52 0 0.00 M M 1.2 8 240 M M 1 9 240
20 32 19 26 1 39 0 0.02 M M 4.0 13 180 M M 8 1 18 200
21 39 28 34 9 31 0 0.00 M M 1.0 8 250 M M 10 18 9 250
22 35 24 30 6 35 0 T M M 12.5 36 280 M M 9 18 49 310
23 35 22 29 5 36 0 0.00 M M 5.6 30 290 M M 1 41 290
24 56 31 44 20 21 0 0.17 M M 9.8 26 140 M M 9 1 39 130
25 61 31 46 22 19 0 1.30 M M 12.1 26 140 M M 9 1 48 130
26 31 21 26 3 39 0 0.02 M M 10.4 20 250 M M 10 1 24 260
27 33 20 27 4 38 0 0.00 M M 3.8 12 230 M M 4 15 230
28 41 26 34 11 31 0 T M M 10.3 24 190 M M 7 34 190
29 34 17 26 4 39 0 T M M 13.3 28 290 M M 6 8 41 270
30 35 17 26 4 39 0 0.11 M M 8.1 24 200 M M 4 6 36 200
31 37 27 32 10 33 0 0.19 M M 10.2 22 200 M M 9 16 33 220
================================================================================
SM 1167 731 1059 0 2.40 M 255.3 M 213
================================================================================
AV 37.6 23.6 8.2 FASTST M M 7 MAX(MPH)
MISC ----> 36 280 49 310
================================================================================
NOTES:
# LAST OF SEVERAL OCCURRENCES
COLUMN 17 PEAK WIND IN M.P.H.
PRELIMINARY LOCAL CLIMATOLOGICAL DATA (WS FORM: F-6) , PAGE 2
STATION: PITTSFIELD MA
MONTH: DECEMBER
YEAR: 2020
LATITUDE: 42 25 N
LONGITUDE: 73 18 W
[TEMPERATURE DATA] [PRECIPITATION DATA] SYMBOLS USED IN COLUMN 16
AVERAGE MONTHLY: 30.6 TOTAL FOR MONTH: 2.40 1 = FOG OR MIST
DPTR FM NORMAL: 3.9 DPTR FM NORMAL: -0.60 2 = FOG REDUCING VISIBILITY
HIGHEST: 61 ON 25 GRTST 24HR 1.43 ON 24-25 TO 1/4 MILE OR LESS
LOWEST: -4 ON 19 3 = THUNDER
SNOW, ICE PELLETS, HAIL 4 = ICE PELLETS
TOTAL MONTH: M 5 = HAIL
GRTST 24HR M ON M 6 = FREEZING RAIN OR DRIZZLE
GRTST DEPTH: M ON M 7 = DUSTSTORM OR SANDSTORM:
VSBY 1/2 MILE OR LESS
8 = SMOKE OR HAZE
[NO. OF DAYS WITH] [WEATHER - DAYS WITH] 9 = BLOWING SNOW
X = TORNADO
MAX 32 OR BELOW: 11 0.01 INCH OR MORE: 16
MAX 90 OR ABOVE: 0 0.10 INCH OR MORE: 6
MIN 32 OR BELOW: 28 0.50 INCH OR MORE: 1
MIN 0 OR BELOW: 1 1.00 INCH OR MORE: 1
[HDD (BASE 65) ]
TOTAL THIS MO. 1059 CLEAR (SCALE 0-3) 5
DPTR FM NORMAL -128 PTCLDY (SCALE 4-7) 10
TOTAL FM JUL 1 2352 CLOUDY (SCALE 8-10) 16
DPTR FM NORMAL -486
[CDD (BASE 65) ]
TOTAL THIS MO. 0
DPTR FM NORMAL 0 [PRESSURE DATA]
TOTAL FM JAN 1 581 HIGHEST SLP 30.50 ON 30
DPTR FM NORMAL 291 LOWEST SLP 29.33 ON 25
[REMARKS]
#FINAL-12-20#