000
CDUS41 KALY 250638
CLIPSF


CLIMATE REPORT
NATIONAL WEATHER SERVICE ALBANY NY
222 AM EDT MON JUL 25 2016


...................................

...THE PITTSFIELD MA CLIMATE SUMMARY FOR JULY 24 2016...

CLIMATE NORMAL PERIOD 1981 TO 2010
CLIMATE RECORD PERIOD 9999 TO 9999


WEATHER ITEM   OBSERVED TIME   NORMAL DEPARTURE LAST
                VALUE   (LST)  VALUE  FROM      YEAR
                                      NORMAL
......................................................
TEMPERATURE (F)
 YESTERDAY
  MAXIMUM         85    455 PM  79      6       77
  MINIMUM         55    501 AM  57     -2       49
  AVERAGE         70            68      2       63

PRECIPITATION (IN)
  YESTERDAY        0.00          0.14  -0.14     0.05
  MONTH TO DATE    2.13          3.11  -0.98     4.86
  SINCE JUN 1      4.63          7.51  -2.88    12.99
  SINCE JAN 1     18.73         24.55  -5.82    24.13

DEGREE DAYS
 HEATING
  YESTERDAY        0             1     -1        2
  MONTH TO DATE   11            24    -13       19
  SINCE JUN 1     87           125    -38      130
  SINCE JUL 1     11            24    -13       19

 COOLING
  YESTERDAY        5             4      1        0
  MONTH TO DATE  111            85     26       76
  SINCE JUN 1    150           141      9      109
  SINCE JAN 1    191           154     37      153
......................................................


WIND (MPH)
  HIGHEST WIND SPEED    18   HIGHEST WIND DIRECTION     W (290)
  HIGHEST GUST SPEED    24   HIGHEST GUST DIRECTION     W (290)
  AVERAGE WIND SPEED     4.2


SKY COVER
  AVERAGE SKY COVER 0.0



RELATIVE HUMIDITY (PERCENT)
 HIGHEST    93
 LOWEST     34
 AVERAGE    64

..........................................................


THE PITTSFIELD MA CLIMATE NORMALS FOR TODAY
                         NORMAL
 MAXIMUM TEMPERATURE (F)   79
 MINIMUM TEMPERATURE (F)   57


SUNRISE AND SUNSET
JULY 25 2016..........SUNRISE   539 AM EDT   SUNSET   820 PM EDT
JULY 26 2016..........SUNRISE   540 AM EDT   SUNSET   819 PM EDT


-  INDICATES NEGATIVE NUMBERS.
R  INDICATES RECORD WAS SET OR TIED.
MM INDICATES DATA IS MISSING.
T  INDICATES TRACE AMOUNT.




$$
