000
CDUS41 KALY 191125
CLIPSF


CLIMATE REPORT
NATIONAL WEATHER SERVICE ALBANY NY
724 AM EDT SAT APR 19 2014


...................................

...THE PITTSFIELD MA CLIMATE SUMMARY FOR APRIL 18 2014...

CLIMATE NORMAL PERIOD 1981 TO 2010
CLIMATE RECORD PERIOD 9999 TO 9999


WEATHER ITEM   OBSERVED TIME   NORMAL DEPARTURE LAST
                VALUE   (LST)  VALUE  FROM      YEAR
                                      NORMAL
......................................................
TEMPERATURE (F)
 YESTERDAY
  MAXIMUM         47    339 PM  56     -9       59
  MINIMUM         25    458 AM  35    -10       35
  AVERAGE         36            45     -9       47

PRECIPITATION (IN)
  YESTERDAY        0.00          0.11  -0.11     0.00
  MONTH TO DATE    1.73          2.63  -0.90     1.43
  SINCE MAR 1      4.86          6.00  -1.14     3.22
  SINCE JAN 1     11.24         11.60  -0.36     6.85

DEGREE DAYS
 HEATING
  YESTERDAY       29            20      9       18
  MONTH TO DATE  394           421    -27      429
  SINCE MAR 1   1625          1448    177     1484
  SINCE JUL 1   7177          6828    349     6423

 COOLING
  YESTERDAY        0             0      0        0
  MONTH TO DATE    1             0      1        0
  SINCE MAR 1      1             0      1        0
  SINCE JAN 1      1             0      1        0
......................................................


WIND (MPH)
  HIGHEST WIND SPEED    12   HIGHEST WIND DIRECTION    SE (130)
  HIGHEST GUST SPEED    16   HIGHEST GUST DIRECTION    SE (140)
  AVERAGE WIND SPEED     4.3


SKY COVER
  AVERAGE SKY COVER 0.0



RELATIVE HUMIDITY (PERCENT)
 HIGHEST    81
 LOWEST     37
 AVERAGE    59

..........................................................


THE PITTSFIELD MA CLIMATE NORMALS FOR TODAY
                         NORMAL
 MAXIMUM TEMPERATURE (F)   56
 MINIMUM TEMPERATURE (F)   35


SUNRISE AND SUNSET
APRIL 19 2014.........SUNRISE   606 AM EDT   SUNSET   739 PM EDT
APRIL 20 2014.........SUNRISE   604 AM EDT   SUNSET   741 PM EDT


-  INDICATES NEGATIVE NUMBERS.
R  INDICATES RECORD WAS SET OR TIED.
MM INDICATES DATA IS MISSING.
T  INDICATES TRACE AMOUNT.




$$
