000
CDUS41 KALY 300622
CLIPSF


CLIMATE REPORT
NATIONAL WEATHER SERVICE ALBANY NY
122 AM EST WED NOV 30 2016


...................................

...THE PITTSFIELD MA CLIMATE SUMMARY FOR NOVEMBER 29 2016...

CLIMATE NORMAL PERIOD 1981 TO 2010
CLIMATE RECORD PERIOD 9999 TO 9999


WEATHER ITEM   OBSERVED TIME   NORMAL DEPARTURE LAST
                VALUE   (LST)  VALUE  FROM      YEAR
                                      NORMAL
......................................................
TEMPERATURE (F)
 YESTERDAY
  MAXIMUM         52    943 PM  41     11       37
  MINIMUM         29    132 AM  26      3       23
  AVERAGE         41            33      8       30

PRECIPITATION (IN)
  YESTERDAY        0.49          0.13   0.36     0.00
  MONTH TO DATE    2.14          3.79  -1.65     2.87
  SINCE SEP 1      7.86         12.46  -4.60     9.71
  SINCE JAN 1     31.23         42.24 -11.01    36.95

DEGREE DAYS
 HEATING
  YESTERDAY       24            32     -8       35
  MONTH TO DATE  747           784    -37      644
  SINCE SEP 1   1365          1542   -177     1308
  SINCE JUL 1   1389          1620   -231     1336

 COOLING
  YESTERDAY        0             0      0        0
  MONTH TO DATE    0             0      0        0
  SINCE SEP 1     51            20     31       53
  SINCE JAN 1    432           290    142      361
......................................................


WIND (MPH)
  HIGHEST WIND SPEED    23   HIGHEST WIND DIRECTION     S (170)
  HIGHEST GUST SPEED    37   HIGHEST GUST DIRECTION    SW (220)
  AVERAGE WIND SPEED     6.2


SKY COVER
  AVERAGE SKY COVER 1.0



RELATIVE HUMIDITY (PERCENT)
 HIGHEST   100
 LOWEST     82
 AVERAGE    91

..........................................................


THE PITTSFIELD MA CLIMATE NORMALS FOR TODAY
                         NORMAL
 MAXIMUM TEMPERATURE (F)   40
 MINIMUM TEMPERATURE (F)   25


SUNRISE AND SUNSET
NOVEMBER 30 2016......SUNRISE   702 AM EST   SUNSET   422 PM EST
DECEMBER  1 2016......SUNRISE   703 AM EST   SUNSET   421 PM EST


-  INDICATES NEGATIVE NUMBERS.
R  INDICATES RECORD WAS SET OR TIED.
MM INDICATES DATA IS MISSING.
T  INDICATES TRACE AMOUNT.




$$
