000
CDUS41 KALY 022047
CLIPSF


CLIMATE REPORT
NATIONAL WEATHER SERVICE ALBANY NY
447 PM EDT WED SEP 2 2015


...................................

...THE PITTSFIELD MA CLIMATE SUMMARY FOR SEPTEMBER 2 2015...
VALID TODAY AS OF 0400 PM LOCAL TIME.

CLIMATE NORMAL PERIOD 1981 TO 2010
CLIMATE RECORD PERIOD 9999 TO 9999


WEATHER ITEM   OBSERVED TIME   NORMAL DEPARTURE LAST
                VALUE   (LST)  VALUE  FROM      YEAR
                                      NORMAL
......................................................
TEMPERATURE (F)
 TODAY
  MAXIMUM         83    339 PM  74      9       84
  MINIMUM         54    548 AM  53      1       63
  AVERAGE         69            63      6       74

PRECIPITATION (IN)
  TODAY            0.00          0.09  -0.09     0.77
  MONTH TO DATE    0.00          0.18  -0.18     0.77
  SINCE SEP 1      0.00          0.18  -0.18     0.77
  SINCE JAN 1     27.24         29.96  -2.72    31.69

DEGREE DAYS
 HEATING
  TODAY            0             3     -3        0
  MONTH TO DATE    0             6     -6        0
  SINCE SEP 1      0             6     -6        0
  SINCE JUL 1     28            84    -56       73

 COOLING
  TODAY            4             2      2        9
  MONTH TO DATE    9             4      5       19
  SINCE SEP 1      9             4      5       19
  SINCE JAN 1    317           274     43      218
......................................................


WIND (MPH)
  HIGHEST WIND SPEED    14   HIGHEST WIND DIRECTION     W (270)
  HIGHEST GUST SPEED    19   HIGHEST GUST DIRECTION    NW (320)
  AVERAGE WIND SPEED     4.3


SKY COVER
  AVERAGE SKY COVER 0.3



RELATIVE HUMIDITY (PERCENT)
 HIGHEST   100
 LOWEST     54
 AVERAGE    77

..........................................................


THE PITTSFIELD MA CLIMATE NORMALS FOR TOMORROW
                         NORMAL
 MAXIMUM TEMPERATURE (F)   74
 MINIMUM TEMPERATURE (F)   52


SUNRISE AND SUNSET
SEPTEMBER  2 2015.....SUNRISE   619 AM EDT   SUNSET   726 PM EDT
SEPTEMBER  3 2015.....SUNRISE   620 AM EDT   SUNSET   724 PM EDT


-  INDICATES NEGATIVE NUMBERS.
R  INDICATES RECORD WAS SET OR TIED.
MM INDICATES DATA IS MISSING.
T  INDICATES TRACE AMOUNT.




$$
