000
CDUS41 KALY 280626
CLIPSF


CLIMATE REPORT
NATIONAL WEATHER SERVICE ALBANY NY
225 AM EDT THU MAY 28 2015


...................................

...THE PITTSFIELD MA CLIMATE SUMMARY FOR MAY 27 2015...

CLIMATE NORMAL PERIOD 1981 TO 2010
CLIMATE RECORD PERIOD 9999 TO 9999


WEATHER ITEM   OBSERVED TIME   NORMAL DEPARTURE LAST
                VALUE   (LST)  VALUE  FROM      YEAR
                                      NORMAL
......................................................
TEMPERATURE (F)
 YESTERDAY
  MAXIMUM         83   1229 PM  70     13       83
  MINIMUM         60    408 AM  47     13       51
  AVERAGE         72            58     14       67

PRECIPITATION (IN)
  YESTERDAY        0.77          0.17   0.60     0.12
  MONTH TO DATE    1.02          3.57  -2.55     1.04
  SINCE MAR 1      5.49         10.80  -5.31     7.61
  SINCE JAN 1     10.58         16.40  -5.82    13.99

DEGREE DAYS
 HEATING
  YESTERDAY        0             7     -7        0
  MONTH TO DATE  166           298   -132      219
  SINCE MAR 1   1995          1953     42     2083
  SINCE JUL 1   7658          7333    325     7635

 COOLING
  YESTERDAY        7             1      6        2
  MONTH TO DATE   37             1     36        5
  SINCE MAR 1     37             3     34        6
  SINCE JAN 1     37             3     34        6
......................................................


WIND (MPH)
  HIGHEST WIND SPEED    33   HIGHEST WIND DIRECTION     W (270)
  HIGHEST GUST SPEED    45   HIGHEST GUST DIRECTION     W (290)
  AVERAGE WIND SPEED     6.2


SKY COVER
  AVERAGE SKY COVER 0.5



RELATIVE HUMIDITY (PERCENT)
 HIGHEST    97
 LOWEST     58
 AVERAGE    78

..........................................................


THE PITTSFIELD MA CLIMATE NORMALS FOR TODAY
                         NORMAL
 MAXIMUM TEMPERATURE (F)   70
 MINIMUM TEMPERATURE (F)   47


SUNRISE AND SUNSET
MAY 28 2015...........SUNRISE   521 AM EDT   SUNSET   820 PM EDT
MAY 29 2015...........SUNRISE   521 AM EDT   SUNSET   821 PM EDT


-  INDICATES NEGATIVE NUMBERS.
R  INDICATES RECORD WAS SET OR TIED.
MM INDICATES DATA IS MISSING.
T  INDICATES TRACE AMOUNT.




$$
