000
CDUS41 KALY 170625
CLIPSF


CLIMATE REPORT
NATIONAL WEATHER SERVICE ALBANY NY
225 AM EDT MON JUL 17 2017


...................................

...THE PITTSFIELD MA CLIMATE SUMMARY FOR JULY 16 2017...

CLIMATE NORMAL PERIOD 1981 TO 2010
CLIMATE RECORD PERIOD 9999 TO 9999


WEATHER ITEM   OBSERVED TIME   NORMAL DEPARTURE LAST
                VALUE   (LST)  VALUE  FROM      YEAR
                                      NORMAL
......................................................
TEMPERATURE (F)
 YESTERDAY
  MAXIMUM         80    431 PM  79      1       81
  MINIMUM         58    506 AM  56      2       59
  AVERAGE         69            68      1       70

PRECIPITATION (IN)
  YESTERDAY        0.00          0.13  -0.13     0.01
  MONTH TO DATE    1.98          1.96   0.02     2.10
  SINCE JUN 1      5.98          6.36  -0.38     4.60
  SINCE JAN 1     24.76         23.40   1.36    18.70

DEGREE DAYS
 HEATING
  YESTERDAY        0             1     -1        0
  MONTH TO DATE    5            16    -11        7
  SINCE JUN 1    111           117     -6       83
  SINCE JUL 1      5            16    -11        7

 COOLING
  YESTERDAY        4             3      1        5
  MONTH TO DATE   58            56      2       67
  SINCE JUN 1    136           112     24      106
  SINCE JAN 1    150           125     25      147
......................................................


WIND (MPH)
  HIGHEST WIND SPEED    10   HIGHEST WIND DIRECTION     W (250)
  HIGHEST GUST SPEED    15   HIGHEST GUST DIRECTION    NW (310)
  AVERAGE WIND SPEED     3.8


SKY COVER
  AVERAGE SKY COVER 0.2



RELATIVE HUMIDITY (PERCENT)
 HIGHEST    97
 LOWEST     51
 AVERAGE    74

..........................................................


THE PITTSFIELD MA CLIMATE NORMALS FOR TODAY
                         NORMAL
 MAXIMUM TEMPERATURE (F)   79
 MINIMUM TEMPERATURE (F)   57


SUNRISE AND SUNSET
JULY 17 2017..........SUNRISE   531 AM EDT   SUNSET   827 PM EDT
JULY 18 2017..........SUNRISE   532 AM EDT   SUNSET   826 PM EDT


-  INDICATES NEGATIVE NUMBERS.
R  INDICATES RECORD WAS SET OR TIED.
MM INDICATES DATA IS MISSING.
T  INDICATES TRACE AMOUNT.




$$
