473
CDUS41 KALY 212219
CLIPSF


CLIMATE REPORT
NATIONAL WEATHER SERVICE ALBANY NY
519 PM EST SAT JAN 21 2017


...................................

...THE PITTSFIELD MA CLIMATE SUMMARY FOR JANUARY 21 2017...
VALID TODAY AS OF 0400 PM LOCAL TIME.

CLIMATE NORMAL PERIOD 1981 TO 2010
CLIMATE RECORD PERIOD 9999 TO 9999


WEATHER ITEM   OBSERVED TIME   NORMAL DEPARTURE LAST
                VALUE   (LST)  VALUE  FROM      YEAR
                                      NORMAL
......................................................
TEMPERATURE (F)
 TODAY
  MAXIMUM         48    418 PM  29     19       25
  MINIMUM         34    734 AM  11     23       13
  AVERAGE         41            20     21       19

PRECIPITATION (IN)
  TODAY            0.00          0.07  -0.07     0.00
  MONTH TO DATE    1.92          2.07  -0.15     1.09
  SINCE DEC 1      4.94          5.07  -0.13     4.77
  SINCE JAN 1      1.92          2.07  -0.15     1.09

DEGREE DAYS
 HEATING
  TODAY           24            45    -21       46
  MONTH TO DATE  797           938   -141      811
  SINCE DEC 1   1975          2125   -150     1588
  SINCE JUL 1   3382          3776   -394     2961

 COOLING
  TODAY            0             0      0        0
  MONTH TO DATE    0             0      0        0
  SINCE DEC 1      0             0      0        0
  SINCE JAN 1      0             0      0        0
......................................................


WIND (MPH)
  HIGHEST WIND SPEED     8   HIGHEST WIND DIRECTION     S (200)
  HIGHEST GUST SPEED    10   HIGHEST GUST DIRECTION     S (180)
  AVERAGE WIND SPEED     0.2


SKY COVER
  AVERAGE SKY COVER 1.0



RELATIVE HUMIDITY (PERCENT)
 HIGHEST   100
 LOWEST     86
 AVERAGE    93

..........................................................


THE PITTSFIELD MA CLIMATE NORMALS FOR TOMORROW
                         NORMAL
 MAXIMUM TEMPERATURE (F)   29
 MINIMUM TEMPERATURE (F)   11


SUNRISE AND SUNSET
JANUARY 21 2017.......SUNRISE   716 AM EST   SUNSET   453 PM EST
JANUARY 22 2017.......SUNRISE   716 AM EST   SUNSET   455 PM EST


-  INDICATES NEGATIVE NUMBERS.
R  INDICATES RECORD WAS SET OR TIED.
MM INDICATES DATA IS MISSING.
T  INDICATES TRACE AMOUNT.




$$
