000
CDUS41 KALY 220623
CLIPSF


CLIMATE REPORT
NATIONAL WEATHER SERVICE ALBANY NY
222 AM EDT SAT APR 22 2017


...................................

...THE PITTSFIELD MA CLIMATE SUMMARY FOR APRIL 21 2017...

CLIMATE NORMAL PERIOD 1981 TO 2010
CLIMATE RECORD PERIOD 9999 TO 9999


WEATHER ITEM   OBSERVED TIME   NORMAL DEPARTURE LAST
                VALUE   (LST)  VALUE  FROM      YEAR
                                      NORMAL
......................................................
TEMPERATURE (F)
 YESTERDAY
  MAXIMUM         49    306 PM  57     -8       72
  MINIMUM         44   1159 PM  36      8       30
  AVERAGE         47            47      0       51

PRECIPITATION (IN)
  YESTERDAY        0.34          0.10   0.24     0.00
  MONTH TO DATE    2.90          2.95  -0.05     2.14
  SINCE MAR 1      6.01          6.32  -0.31     4.40
  SINCE JAN 1     11.59         11.92  -0.33     9.77

DEGREE DAYS
 HEATING
  YESTERDAY       18            19     -1       14
  MONTH TO DATE  381           478    -97      503
  SINCE MAR 1   1512          1505      7     1300
  SINCE JUL 1   6214          6885   -671     5667

 COOLING
  YESTERDAY        0             0      0        0
  MONTH TO DATE    1             0      1        0
  SINCE MAR 1      1             0      1        0
  SINCE JAN 1      1             0      1        0
......................................................


WIND (MPH)
  HIGHEST WIND SPEED    16   HIGHEST WIND DIRECTION    SE (120)
  HIGHEST GUST SPEED    23   HIGHEST GUST DIRECTION     E (110)
  AVERAGE WIND SPEED     6.5


SKY COVER
  AVERAGE SKY COVER 1.0



RELATIVE HUMIDITY (PERCENT)
 HIGHEST    93
 LOWEST     80
 AVERAGE    87

..........................................................


THE PITTSFIELD MA CLIMATE NORMALS FOR TODAY
                         NORMAL
 MAXIMUM TEMPERATURE (F)   58
 MINIMUM TEMPERATURE (F)   36


SUNRISE AND SUNSET
APRIL 22 2017.........SUNRISE   601 AM EDT   SUNSET   743 PM EDT
APRIL 23 2017.........SUNRISE   559 AM EDT   SUNSET   744 PM EDT


-  INDICATES NEGATIVE NUMBERS.
R  INDICATES RECORD WAS SET OR TIED.
MM INDICATES DATA IS MISSING.
T  INDICATES TRACE AMOUNT.




$$
