000
CDUS41 KALY 211334
CLIPSF


CLIMATE REPORT...CORRECTED
NATIONAL WEATHER SERVICE ALBANY NY
933 AM EDT SAT MAY 21 2016


...................................

...THE PITTSFIELD MA CLIMATE SUMMARY FOR MAY 20 2016...

CLIMATE NORMAL PERIOD 1981 TO 2010
CLIMATE RECORD PERIOD 9999 TO 9999


WEATHER ITEM   OBSERVED TIME   NORMAL DEPARTURE LAST
                VALUE   (LST)  VALUE  FROM      YEAR
                                      NORMAL
......................................................
TEMPERATURE (F)
 YESTERDAY
  MAXIMUM         71    344 PM  68      3       53
  MINIMUM         39    446 AM  44     -5       42
  AVERAGE         55            56     -1       48

PRECIPITATION (IN)
  YESTERDAY        0.00          0.16  -0.16     0.00
  MONTH TO DATE    1.81          2.39  -0.58     0.25
  SINCE MAR 1      6.56          9.62  -3.06     4.72
  SINCE JAN 1     11.93         15.22  -3.29     9.81

DEGREE DAYS
 HEATING
  YESTERDAY       10             9      1       17
  MONTH TO DATE  291           241     50      112
  SINCE MAR 1   1740          1896   -156     1941
  SINCE JUL 1   6107          7276  -1169     7604

 COOLING
  YESTERDAY        0             0      0        0
  MONTH TO DATE    0             0      0       20
  SINCE MAR 1      0             2     -2       20
  SINCE JAN 1      0             2     -2       20
......................................................


WIND (MPH)
  HIGHEST WIND SPEED    15   HIGHEST WIND DIRECTION    NW (300)
  HIGHEST GUST SPEED    20   HIGHEST GUST DIRECTION    NW (320)
  AVERAGE WIND SPEED     3.9


SKY COVER
  AVERAGE SKY COVER 0.2



RELATIVE HUMIDITY (PERCENT)
 HIGHEST   100
 LOWEST     25
 AVERAGE    63

..........................................................


THE PITTSFIELD MA CLIMATE NORMALS FOR TODAY
                         NORMAL
 MAXIMUM TEMPERATURE (F)   68
 MINIMUM TEMPERATURE (F)   45


SUNRISE AND SUNSET
MAY 21 2016...........SUNRISE   526 AM EDT   SUNSET   815 PM EDT
MAY 22 2016...........SUNRISE   525 AM EDT   SUNSET   816 PM EDT


-  INDICATES NEGATIVE NUMBERS.
R  INDICATES RECORD WAS SET OR TIED.
MM INDICATES DATA IS MISSING.
T  INDICATES TRACE AMOUNT.




$$
