000
CDUS41 KALY 090623
CLIPSF


CLIMATE REPORT
NATIONAL WEATHER SERVICE ALBANY NY
122 AM EST FRI DEC 9 2016


...................................

...THE PITTSFIELD MA CLIMATE SUMMARY FOR DECEMBER 8 2016...

CLIMATE NORMAL PERIOD 1981 TO 2010
CLIMATE RECORD PERIOD 9999 TO 9999


WEATHER ITEM   OBSERVED TIME   NORMAL DEPARTURE LAST
                VALUE   (LST)  VALUE  FROM      YEAR
                                      NORMAL
......................................................
TEMPERATURE (F)
 YESTERDAY
  MAXIMUM         37    219 PM  37      0       43
  MINIMUM         27    912 PM  23      4       27
  AVERAGE         32            30      2       35

PRECIPITATION (IN)
  YESTERDAY        0.00          0.10  -0.10     0.00
  MONTH TO DATE    0.70          0.82  -0.12     0.56
  SINCE DEC 1      0.70          0.82  -0.12     0.56
  SINCE JAN 1     32.64         43.20 -10.56    37.51

DEGREE DAYS
 HEATING
  YESTERDAY       33            35     -2       30
  MONTH TO DATE  245           273    -28      222
  SINCE DEC 1    245           273    -28      222
  SINCE JUL 1   1652          1924   -272     1595

 COOLING
  YESTERDAY        0             0      0        0
  MONTH TO DATE    0             0      0        0
  SINCE DEC 1      0             0      0        0
  SINCE JAN 1    432           290    142      361
......................................................


WIND (MPH)
  HIGHEST WIND SPEED    21   HIGHEST WIND DIRECTION     W (280)
  HIGHEST GUST SPEED    29   HIGHEST GUST DIRECTION     W (280)
  AVERAGE WIND SPEED     8.2


SKY COVER
  AVERAGE SKY COVER 0.9



RELATIVE HUMIDITY (PERCENT)
 HIGHEST   100
 LOWEST     58
 AVERAGE    79

..........................................................


THE PITTSFIELD MA CLIMATE NORMALS FOR TODAY
                         NORMAL
 MAXIMUM TEMPERATURE (F)   36
 MINIMUM TEMPERATURE (F)   22


SUNRISE AND SUNSET
DECEMBER  9 2016......SUNRISE   711 AM EST   SUNSET   420 PM EST
DECEMBER 10 2016......SUNRISE   712 AM EST   SUNSET   420 PM EST


-  INDICATES NEGATIVE NUMBERS.
R  INDICATES RECORD WAS SET OR TIED.
MM INDICATES DATA IS MISSING.
T  INDICATES TRACE AMOUNT.




$$
