052
CDUS41 KALY 230623
CLIPSF


CLIMATE REPORT
NATIONAL WEATHER SERVICE ALBANY NY
222 AM EDT THU MAR 23 2017


...................................

...THE PITTSFIELD MA CLIMATE SUMMARY FOR MARCH 22 2017...

CLIMATE NORMAL PERIOD 1981 TO 2010
CLIMATE RECORD PERIOD 9999 TO 9999


WEATHER ITEM   OBSERVED TIME   NORMAL DEPARTURE LAST
                VALUE   (LST)  VALUE  FROM      YEAR
                                      NORMAL
......................................................
TEMPERATURE (F)
 YESTERDAY
  MAXIMUM         37   1201 AM  44     -7       47
  MINIMUM         13   1159 PM  23    -10       24
  AVERAGE         25            34     -9       36

PRECIPITATION (IN)
  YESTERDAY        T             0.13  -0.13      T
  MONTH TO DATE    1.05          2.14  -1.09     1.58
  SINCE MAR 1      1.05          2.14  -1.09     1.58
  SINCE JAN 1      6.63          7.74  -1.11     6.95

DEGREE DAYS
 HEATING
  YESTERDAY       40            31      9       29
  MONTH TO DATE  848           764     84      603
  SINCE MAR 1    848           764     84      603
  SINCE JUL 1   5550          6144   -594     4970

 COOLING
  YESTERDAY        0             0      0        0
  MONTH TO DATE    0             0      0        0
  SINCE MAR 1      0             0      0        0
  SINCE JAN 1      0             0      0        0
......................................................


WIND (MPH)
  HIGHEST WIND SPEED    36   HIGHEST WIND DIRECTION     W (280)
  HIGHEST GUST SPEED    47   HIGHEST GUST DIRECTION     W (280)
  AVERAGE WIND SPEED    18.1


SKY COVER
  AVERAGE SKY COVER 0.3



RELATIVE HUMIDITY (PERCENT)
 HIGHEST    69
 LOWEST     28
 AVERAGE    49

..........................................................


THE PITTSFIELD MA CLIMATE NORMALS FOR TODAY
                         NORMAL
 MAXIMUM TEMPERATURE (F)   45
 MINIMUM TEMPERATURE (F)   24


SUNRISE AND SUNSET
MARCH 23 2017.........SUNRISE   651 AM EDT   SUNSET   709 PM EDT
MARCH 24 2017.........SUNRISE   649 AM EDT   SUNSET   710 PM EDT


-  INDICATES NEGATIVE NUMBERS.
R  INDICATES RECORD WAS SET OR TIED.
MM INDICATES DATA IS MISSING.
T  INDICATES TRACE AMOUNT.




$$
