628
CDUS41 KALY 260622
CLIPSF


CLIMATE REPORT
NATIONAL WEATHER SERVICE ALBANY NY
221 AM EDT THU MAY 26 2016


...................................

...THE PITTSFIELD MA CLIMATE SUMMARY FOR MAY 25 2016...

CLIMATE NORMAL PERIOD 1981 TO 2010
CLIMATE RECORD PERIOD 9999 TO 9999


WEATHER ITEM   OBSERVED TIME   NORMAL DEPARTURE LAST
                VALUE   (LST)  VALUE  FROM      YEAR
                                      NORMAL
......................................................
TEMPERATURE (F)
 YESTERDAY
  MAXIMUM         84    212 PM  69     15       81
  MINIMUM         47    511 AM  46      1       49
  AVERAGE         66            58      8       65

PRECIPITATION (IN)
  YESTERDAY        0.00          0.17  -0.17     0.00
  MONTH TO DATE    1.99          3.23  -1.24     0.25
  SINCE MAR 1      6.74         10.46  -3.72     4.72
  SINCE JAN 1     12.11         16.06  -3.95     9.81

DEGREE DAYS
 HEATING
  YESTERDAY        0             8     -8        0
  MONTH TO DATE  313           283     30      166
  SINCE MAR 1   1762          1938   -176     1995
  SINCE JUL 1   6129          7318  -1189     7658

 COOLING
  YESTERDAY        1             0      1        0
  MONTH TO DATE    1             0      1       20
  SINCE MAR 1      1             2     -1       20
  SINCE JAN 1      1             2     -1       20
......................................................


WIND (MPH)
  HIGHEST WIND SPEED    22   HIGHEST WIND DIRECTION     W (290)
  HIGHEST GUST SPEED    28   HIGHEST GUST DIRECTION     W (290)
  AVERAGE WIND SPEED     5.8


SKY COVER
  AVERAGE SKY COVER 0.4



RELATIVE HUMIDITY (PERCENT)
 HIGHEST   100
 LOWEST     28
 AVERAGE    64

..........................................................


THE PITTSFIELD MA CLIMATE NORMALS FOR TODAY
                         NORMAL
 MAXIMUM TEMPERATURE (F)   69
 MINIMUM TEMPERATURE (F)   46


SUNRISE AND SUNSET
MAY 26 2016...........SUNRISE   522 AM EDT   SUNSET   819 PM EDT
MAY 27 2016...........SUNRISE   521 AM EDT   SUNSET   820 PM EDT


-  INDICATES NEGATIVE NUMBERS.
R  INDICATES RECORD WAS SET OR TIED.
MM INDICATES DATA IS MISSING.
T  INDICATES TRACE AMOUNT.




$$
