000
CDUS41 KALY 280633
CLIPSF


CLIMATE REPORT
NATIONAL WEATHER SERVICE ALBANY NY
132 AM EST WED JAN 28 2015


...................................

...THE PITTSFIELD MA CLIMATE SUMMARY FOR JANUARY 27 2015...

CLIMATE NORMAL PERIOD 1981 TO 2010
CLIMATE RECORD PERIOD 9999 TO 9999


WEATHER ITEM   OBSERVED TIME   NORMAL DEPARTURE LAST
                VALUE   (LST)  VALUE  FROM      YEAR
                                      NORMAL
......................................................
TEMPERATURE (F)
 YESTERDAY
  MAXIMUM         17   1220 AM  29    -12       36
  MINIMUM          6    924 PM  12     -6        9
  AVERAGE         12            20     -8       23

PRECIPITATION (IN)
  YESTERDAY        0.16          0.09   0.07      T
  MONTH TO DATE    3.24          2.57   0.67     3.35
  SINCE DEC 1      6.99          5.57   1.42     6.14
  SINCE JAN 1      3.24          2.57   0.67     3.35

DEGREE DAYS
 HEATING
  YESTERDAY       53            45      8       42
  MONTH TO DATE 1259          1208     51     1221
  SINCE DEC 1   2330          2395    -65     2389
  SINCE JUL 1   3952          4046    -94     4069

 COOLING
  YESTERDAY        0             0      0        0
  MONTH TO DATE    0             0      0        0
  SINCE DEC 1      0             0      0        0
  SINCE JAN 1      0             0      0        0
......................................................


WIND (MPH)
  HIGHEST WIND SPEED    23   HIGHEST WIND DIRECTION    NW (320)
  HIGHEST GUST SPEED    37   HIGHEST GUST DIRECTION    NW (330)
  AVERAGE WIND SPEED    12.3


SKY COVER
  AVERAGE SKY COVER 1.0



RELATIVE HUMIDITY (PERCENT)
 HIGHEST    92
 LOWEST     66
 AVERAGE    79

..........................................................


THE PITTSFIELD MA CLIMATE NORMALS FOR TODAY
                         NORMAL
 MAXIMUM TEMPERATURE (F)   29
 MINIMUM TEMPERATURE (F)   12


SUNRISE AND SUNSET
JANUARY 28 2015.......SUNRISE   711 AM EST   SUNSET   502 PM EST
JANUARY 29 2015.......SUNRISE   710 AM EST   SUNSET   503 PM EST


-  INDICATES NEGATIVE NUMBERS.
R  INDICATES RECORD WAS SET OR TIED.
MM INDICATES DATA IS MISSING.
T  INDICATES TRACE AMOUNT.




$$
