000
CDUS41 KALY 300634
CLIPSF


CLIMATE REPORT
NATIONAL WEATHER SERVICE ALBANY NY
232 AM EDT THU JUL 30 2015


...................................

...THE PITTSFIELD MA CLIMATE SUMMARY FOR JULY 29 2015...
VALID TODAY AS OF 0200 AM LOCAL TIME.

CLIMATE NORMAL PERIOD 1981 TO 2010
CLIMATE RECORD PERIOD 9999 TO 9999


WEATHER ITEM   OBSERVED TIME   NORMAL DEPARTURE LAST
                VALUE   (LST)  VALUE  FROM      YEAR
                                      NORMAL
......................................................
TEMPERATURE (F)
 TODAY
  MAXIMUM         87    353 PM  79      8       69
  MINIMUM         60    517 AM  57      3       54
  AVERAGE         74            68      6       62

PRECIPITATION (IN)
  TODAY            0.00          0.17  -0.17      T
  MONTH TO DATE    4.99          3.89   1.10     9.22
  SINCE JUN 1     13.12          8.29   4.83    14.57
  SINCE JAN 1     24.26         25.33  -1.07    28.57

DEGREE DAYS
 HEATING
  TODAY            0             1     -1        3
  MONTH TO DATE   19            29    -10       14
  SINCE JUN 1    130           130      0       72
  SINCE JUL 1     19            29    -10       14

 COOLING
  TODAY            9             4      5        0
  MONTH TO DATE  109           105      4      114
  SINCE JUN 1    142           161    -19      157
  SINCE JAN 1    186           174     12      163
......................................................


WIND (MPH)
  HIGHEST WIND SPEED    12   HIGHEST WIND DIRECTION     W (250)
  HIGHEST GUST SPEED    13   HIGHEST GUST DIRECTION     W (270)
  AVERAGE WIND SPEED     2.8


SKY COVER
  AVERAGE SKY COVER 0.0



RELATIVE HUMIDITY (PERCENT)
 HIGHEST   100
 LOWEST     42
 AVERAGE    71

..........................................................


THE PITTSFIELD MA CLIMATE NORMALS FOR TOMORROW
                         NORMAL
 MAXIMUM TEMPERATURE (F)   79
 MINIMUM TEMPERATURE (F)   57


SUNRISE AND SUNSET
JULY 29 2015..........SUNRISE   542 AM EDT   SUNSET   817 PM EDT
JULY 30 2015..........SUNRISE   543 AM EDT   SUNSET   815 PM EDT


-  INDICATES NEGATIVE NUMBERS.
R  INDICATES RECORD WAS SET OR TIED.
MM INDICATES DATA IS MISSING.
T  INDICATES TRACE AMOUNT.




$$
