000
CDUS41 KALY 250624
CLIPSF


CLIMATE REPORT
NATIONAL WEATHER SERVICE ALBANY NY
224 AM EDT SAT MAR 25 2017


...................................

...THE PITTSFIELD MA CLIMATE SUMMARY FOR MARCH 24 2017...

CLIMATE NORMAL PERIOD 1981 TO 2010
CLIMATE RECORD PERIOD 9999 TO 9999


WEATHER ITEM   OBSERVED TIME   NORMAL DEPARTURE LAST
                VALUE   (LST)  VALUE  FROM      YEAR
                                      NORMAL
......................................................
TEMPERATURE (F)
 YESTERDAY
  MAXIMUM         42   1039 PM  45     -3       52
  MINIMUM         19    100 AM  24     -5       34
  AVERAGE         31            34     -3       43

PRECIPITATION (IN)
  YESTERDAY        0.08          0.13  -0.05     0.00
  MONTH TO DATE    1.13          2.40  -1.27     1.58
  SINCE MAR 1      1.13          2.40  -1.27     1.58
  SINCE JAN 1      6.71          8.00  -1.29     6.95

DEGREE DAYS
 HEATING
  YESTERDAY       34            30      4       22
  MONTH TO DATE  926           825    101      640
  SINCE MAR 1    926           825    101      640
  SINCE JUL 1   5628          6205   -577     5007

 COOLING
  YESTERDAY        0             0      0        0
  MONTH TO DATE    0             0      0        0
  SINCE MAR 1      0             0      0        0
  SINCE JAN 1      0             0      0        0
......................................................


WIND (MPH)
  HIGHEST WIND SPEED    20   HIGHEST WIND DIRECTION     S (200)
  HIGHEST GUST SPEED    32   HIGHEST GUST DIRECTION     S (190)
  AVERAGE WIND SPEED     6.6


SKY COVER
  AVERAGE SKY COVER 0.9



RELATIVE HUMIDITY (PERCENT)
 HIGHEST    78
 LOWEST     38
 AVERAGE    58

..........................................................


THE PITTSFIELD MA CLIMATE NORMALS FOR TODAY
                         NORMAL
 MAXIMUM TEMPERATURE (F)   45
 MINIMUM TEMPERATURE (F)   25


SUNRISE AND SUNSET
MARCH 25 2017.........SUNRISE   647 AM EDT   SUNSET   711 PM EDT
MARCH 26 2017.........SUNRISE   646 AM EDT   SUNSET   713 PM EDT


-  INDICATES NEGATIVE NUMBERS.
R  INDICATES RECORD WAS SET OR TIED.
MM INDICATES DATA IS MISSING.
T  INDICATES TRACE AMOUNT.




$$
