000
CDUS41 KALY 192054
CLIPSF


CLIMATE REPORT
NATIONAL WEATHER SERVICE ALBANY NY
454 PM EDT WED JUL 19 2017


...................................

...THE PITTSFIELD MA CLIMATE SUMMARY FOR JULY 19 2017...
VALID TODAY AS OF 0400 PM LOCAL TIME.

CLIMATE NORMAL PERIOD 1981 TO 2010
CLIMATE RECORD PERIOD 9999 TO 9999


WEATHER ITEM   OBSERVED TIME   NORMAL DEPARTURE LAST
                VALUE   (LST)  VALUE  FROM      YEAR
                                      NORMAL
......................................................
TEMPERATURE (F)
 TODAY
  MAXIMUM         84    256 PM  79      5       76
  MINIMUM         63    106 AM  57      6       52
  AVERAGE         74            68      6       64

PRECIPITATION (IN)
  TODAY            0.00          0.14  -0.14     0.00
  MONTH TO DATE    2.45          2.37   0.08     2.13
  SINCE JUN 1      6.45          6.77  -0.32     4.63
  SINCE JAN 1     25.23         23.81   1.42    18.73

DEGREE DAYS
 HEATING
  TODAY            0             1     -1        1
  MONTH TO DATE    5            19    -14        8
  SINCE JUN 1    111           120     -9       84
  SINCE JUL 1      5            19    -14        8

 COOLING
  TODAY            9             3      6        0
  MONTH TO DATE   81            65     16       82
  SINCE JUN 1    159           121     38      121
  SINCE JAN 1    173           134     39      162
......................................................


WIND (MPH)
  HIGHEST WIND SPEED    15   HIGHEST WIND DIRECTION     W (280)
  HIGHEST GUST SPEED    22   HIGHEST GUST DIRECTION     W (280)
  AVERAGE WIND SPEED     4.0


SKY COVER
  AVERAGE SKY COVER 0.6



RELATIVE HUMIDITY (PERCENT)
 HIGHEST   100
 LOWEST     51
 AVERAGE    76

..........................................................


THE PITTSFIELD MA CLIMATE NORMALS FOR TOMORROW
                         NORMAL
 MAXIMUM TEMPERATURE (F)   79
 MINIMUM TEMPERATURE (F)   57


SUNRISE AND SUNSET
JULY 19 2017..........SUNRISE   533 AM EDT   SUNSET   825 PM EDT
JULY 20 2017..........SUNRISE   534 AM EDT   SUNSET   825 PM EDT


-  INDICATES NEGATIVE NUMBERS.
R  INDICATES RECORD WAS SET OR TIED.
MM INDICATES DATA IS MISSING.
T  INDICATES TRACE AMOUNT.




$$
