000
CDUS41 KALY 150624
CLIPSF


CLIMATE REPORT
NATIONAL WEATHER SERVICE ALBANY NY
223 AM EDT FRI SEP 15 2017


...................................

...THE PITTSFIELD MA CLIMATE SUMMARY FOR SEPTEMBER 14 2017...

CLIMATE NORMAL PERIOD 1981 TO 2010
CLIMATE RECORD PERIOD 9999 TO 9999


WEATHER ITEM   OBSERVED TIME   NORMAL DEPARTURE LAST
                VALUE   (LST)  VALUE  FROM      YEAR
                                      NORMAL
......................................................
TEMPERATURE (F)
 YESTERDAY
  MAXIMUM         76    225 PM  70      6       80
  MINIMUM         63   1157 PM  49     14       49
  AVERAGE         70            59     11       65

PRECIPITATION (IN)
  YESTERDAY        0.08          0.14  -0.06      T
  MONTH TO DATE    2.38          1.63   0.75     0.28
  SINCE SEP 1      2.38          1.63   0.75     0.28
  SINCE JAN 1     33.17         31.41   1.76    23.65

DEGREE DAYS
 HEATING
  YESTERDAY        0             6     -6        0
  MONTH TO DATE   97            63     34       18
  SINCE SEP 1     97            63     34       18
  SINCE JUL 1    183           141     42       42

 COOLING
  YESTERDAY        5             0      5        0
  MONTH TO DATE    9            16     -7       38
  SINCE SEP 1      9            16     -7       38
  SINCE JAN 1    279           286     -7      419
......................................................


WIND (MPH)
  HIGHEST WIND SPEED    13   HIGHEST WIND DIRECTION    SW (230)
  HIGHEST GUST SPEED    20   HIGHEST GUST DIRECTION    SW (230)
  AVERAGE WIND SPEED     4.6


SKY COVER
  AVERAGE SKY COVER 0.8



RELATIVE HUMIDITY (PERCENT)
 HIGHEST    93
 LOWEST     60
 AVERAGE    77

..........................................................


THE PITTSFIELD MA CLIMATE NORMALS FOR TODAY
                         NORMAL
 MAXIMUM TEMPERATURE (F)   70
 MINIMUM TEMPERATURE (F)   48


SUNRISE AND SUNSET
SEPTEMBER 15 2017.....SUNRISE   633 AM EDT   SUNSET   702 PM EDT
SEPTEMBER 16 2017.....SUNRISE   634 AM EDT   SUNSET   701 PM EDT


-  INDICATES NEGATIVE NUMBERS.
R  INDICATES RECORD WAS SET OR TIED.
MM INDICATES DATA IS MISSING.
T  INDICATES TRACE AMOUNT.




$$
