000
CDUS41 KALY 270624
CLIPSF


CLIMATE REPORT
NATIONAL WEATHER SERVICE ALBANY NY
222 AM EDT THU AUG 27 2015


...................................

...THE PITTSFIELD MA CLIMATE SUMMARY FOR AUGUST 26 2015...

CLIMATE NORMAL PERIOD 1981 TO 2010
CLIMATE RECORD PERIOD 9999 TO 9999


WEATHER ITEM   OBSERVED TIME   NORMAL DEPARTURE LAST
                VALUE   (LST)  VALUE  FROM      YEAR
                                      NORMAL
......................................................
TEMPERATURE (F)
 YESTERDAY
  MAXIMUM         74    221 PM  76     -2       81
  MINIMUM         57    539 AM  55      2       54
  AVERAGE         66            65      1       68

PRECIPITATION (IN)
  YESTERDAY        0.00          0.13  -0.13     0.00
  MONTH TO DATE    2.97          3.50  -0.53     2.33
  SINCE JUN 1     16.10         12.15   3.95    16.91
  SINCE JAN 1     27.24         29.19  -1.95    30.91

DEGREE DAYS
 HEATING
  YESTERDAY        0             2     -2        0
  MONTH TO DATE    1            31    -30       42
  SINCE JUN 1    131           163    -32      118
  SINCE JUL 1     20            62    -42       60

 COOLING
  YESTERDAY        1             2     -1        3
  MONTH TO DATE  102            86     16       25
  SINCE JUN 1    256           250      6      182
  SINCE JAN 1    300           263     37      188
......................................................


WIND (MPH)
  HIGHEST WIND SPEED    15   HIGHEST WIND DIRECTION     W (280)
  HIGHEST GUST SPEED    21   HIGHEST GUST DIRECTION     W (290)
  AVERAGE WIND SPEED     6.9


SKY COVER
  AVERAGE SKY COVER 0.3



RELATIVE HUMIDITY (PERCENT)
 HIGHEST    86
 LOWEST     49
 AVERAGE    68

..........................................................


THE PITTSFIELD MA CLIMATE NORMALS FOR TODAY
                         NORMAL
 MAXIMUM TEMPERATURE (F)   76
 MINIMUM TEMPERATURE (F)   54


SUNRISE AND SUNSET
AUGUST 27 2015........SUNRISE   613 AM EDT   SUNSET   736 PM EDT
AUGUST 28 2015........SUNRISE   614 AM EDT   SUNSET   734 PM EDT


-  INDICATES NEGATIVE NUMBERS.
R  INDICATES RECORD WAS SET OR TIED.
MM INDICATES DATA IS MISSING.
T  INDICATES TRACE AMOUNT.




$$
