000
CDUS41 KALY 190623
CLIPSF


CLIMATE REPORT
NATIONAL WEATHER SERVICE ALBANY NY
223 AM EDT SUN OCT 19 2014


...................................

...THE PITTSFIELD MA CLIMATE SUMMARY FOR OCTOBER 18 2014...

CLIMATE NORMAL PERIOD 1981 TO 2010
CLIMATE RECORD PERIOD 9999 TO 9999


WEATHER ITEM   OBSERVED TIME   NORMAL DEPARTURE LAST
                VALUE   (LST)  VALUE  FROM      YEAR
                                      NORMAL
......................................................
TEMPERATURE (F)
 YESTERDAY
  MAXIMUM         59    153 PM  57      2       62
  MINIMUM         46   1159 PM  37      9       41
  AVERAGE         53            47      6       52

PRECIPITATION (IN)
  YESTERDAY        0.01          0.16  -0.15     0.03
  MONTH TO DATE    2.76          3.04  -0.28     1.14
  SINCE SEP 1      4.17          7.00  -2.83     4.83
  SINCE JAN 1     35.09         36.78  -1.69    32.93

DEGREE DAYS
 HEATING
  YESTERDAY       12            18     -6       13
  MONTH TO DATE  193           279    -86      168
  SINCE SEP 1    397           493    -96      421
  SINCE JUL 1    470           571   -101      477

 COOLING
  YESTERDAY        0             0      0        0
  MONTH TO DATE    5             0      5        0
  SINCE SEP 1     39            19     20       33
  SINCE JAN 1    238           289    -51      433
......................................................


WIND (MPH)
  HIGHEST WIND SPEED    21   HIGHEST WIND DIRECTION    NW (310)
  HIGHEST GUST SPEED    31   HIGHEST GUST DIRECTION     W (280)
  AVERAGE WIND SPEED     7.2


SKY COVER
  AVERAGE SKY COVER 0.8



RELATIVE HUMIDITY (PERCENT)
 HIGHEST   100
 LOWEST     67
 AVERAGE    84

..........................................................


THE PITTSFIELD MA CLIMATE NORMALS FOR TODAY
                         NORMAL
 MAXIMUM TEMPERATURE (F)   57
 MINIMUM TEMPERATURE (F)   36


SUNRISE AND SUNSET
OCTOBER 19 2014.......SUNRISE   711 AM EDT   SUNSET   605 PM EDT
OCTOBER 20 2014.......SUNRISE   712 AM EDT   SUNSET   603 PM EDT


-  INDICATES NEGATIVE NUMBERS.
R  INDICATES RECORD WAS SET OR TIED.
MM INDICATES DATA IS MISSING.
T  INDICATES TRACE AMOUNT.




$$
