000
CDUS41 KALY 250622
CLIPSF


CLIMATE REPORT
NATIONAL WEATHER SERVICE ALBANY NY
222 AM EDT SAT OCT 25 2014


...................................

...THE PITTSFIELD MA CLIMATE SUMMARY FOR OCTOBER 24 2014...

CLIMATE NORMAL PERIOD 1981 TO 2010
CLIMATE RECORD PERIOD 9999 TO 9999


WEATHER ITEM   OBSERVED TIME   NORMAL DEPARTURE LAST
                VALUE   (LST)  VALUE  FROM      YEAR
                                      NORMAL
......................................................
TEMPERATURE (F)
 YESTERDAY
  MAXIMUM         48    929 PM  55     -7       48
  MINIMUM         42   1147 PM  35      7       33
  AVERAGE         45            45      0       41

PRECIPITATION (IN)
  YESTERDAY        0.14          0.13   0.01      T
  MONTH TO DATE    4.90          3.95   0.95     1.22
  SINCE SEP 1      6.31          7.91  -1.60     4.91
  SINCE JAN 1     37.23         37.69  -0.46    33.01

DEGREE DAYS
 HEATING
  YESTERDAY       20            20      0       24
  MONTH TO DATE  316           395    -79      286
  SINCE SEP 1    520           609    -89      539
  SINCE JUL 1    593           687    -94      595

 COOLING
  YESTERDAY        0             0      0        0
  MONTH TO DATE    5             0      5        0
  SINCE SEP 1     39            19     20       33
  SINCE JAN 1    238           289    -51      433
......................................................


WIND (MPH)
  HIGHEST WIND SPEED    17   HIGHEST WIND DIRECTION     N (340)
  HIGHEST GUST SPEED    27   HIGHEST GUST DIRECTION    NW (330)
  AVERAGE WIND SPEED     8.8


SKY COVER
  AVERAGE SKY COVER 0.8



RELATIVE HUMIDITY (PERCENT)
 HIGHEST    96
 LOWEST     83
 AVERAGE    90

..........................................................


THE PITTSFIELD MA CLIMATE NORMALS FOR TODAY
                         NORMAL
 MAXIMUM TEMPERATURE (F)   55
 MINIMUM TEMPERATURE (F)   34


SUNRISE AND SUNSET
OCTOBER 25 2014.......SUNRISE   718 AM EDT   SUNSET   556 PM EDT
OCTOBER 26 2014.......SUNRISE   719 AM EDT   SUNSET   555 PM EDT


-  INDICATES NEGATIVE NUMBERS.
R  INDICATES RECORD WAS SET OR TIED.
MM INDICATES DATA IS MISSING.
T  INDICATES TRACE AMOUNT.




$$
