000
CDUS41 KALY 020621
CLIPSF


CLIMATE REPORT
NATIONAL WEATHER SERVICE ALBANY NY
221 AM EDT SUN AUG 2 2015


...................................

...THE PITTSFIELD MA CLIMATE SUMMARY FOR AUGUST 1 2015...

CLIMATE NORMAL PERIOD 1981 TO 2010
CLIMATE RECORD PERIOD 9999 TO 9999


WEATHER ITEM   OBSERVED TIME   NORMAL DEPARTURE LAST
                VALUE   (LST)  VALUE  FROM      YEAR
                                      NORMAL
......................................................
TEMPERATURE (F)
 YESTERDAY
  MAXIMUM         79    335 PM  79      0       79
  MINIMUM         56    452 AM  57     -1       55
  AVERAGE         68            68      0       67

PRECIPITATION (IN)
  YESTERDAY        0.25          0.15   0.10     0.02
  MONTH TO DATE    0.25          0.15   0.10     0.02
  SINCE JUN 1     13.38          8.80   4.58    14.60
  SINCE JAN 1     24.52         25.84  -1.32    28.60

DEGREE DAYS
 HEATING
  YESTERDAY        0             1     -1        0
  MONTH TO DATE    0             1     -1        0
  SINCE JUN 1    130           133     -3       76
  SINCE JUL 1     19            32    -13       18

 COOLING
  YESTERDAY        3             4     -1        2
  MONTH TO DATE    3             4     -1        2
  SINCE JUN 1    157           168    -11      159
  SINCE JAN 1    201           181     20      165
......................................................


WIND (MPH)
  HIGHEST WIND SPEED    16   HIGHEST WIND DIRECTION    NW (320)
  HIGHEST GUST SPEED    21   HIGHEST GUST DIRECTION     W (290)
  AVERAGE WIND SPEED     5.0


SKY COVER
  AVERAGE SKY COVER 0.4



RELATIVE HUMIDITY (PERCENT)
 HIGHEST    97
 LOWEST     43
 AVERAGE    70

..........................................................


THE PITTSFIELD MA CLIMATE NORMALS FOR TODAY
                         NORMAL
 MAXIMUM TEMPERATURE (F)   79
 MINIMUM TEMPERATURE (F)   57


SUNRISE AND SUNSET
AUGUST  2 2015........SUNRISE   546 AM EDT   SUNSET   812 PM EDT
AUGUST  3 2015........SUNRISE   547 AM EDT   SUNSET   811 PM EDT


-  INDICATES NEGATIVE NUMBERS.
R  INDICATES RECORD WAS SET OR TIED.
MM INDICATES DATA IS MISSING.
T  INDICATES TRACE AMOUNT.




$$
