000
CDUS41 KALY 300623
CLIPSF


CLIMATE REPORT
NATIONAL WEATHER SERVICE ALBANY NY
222 AM EDT TUE JUN 30 2015


...................................

...THE PITTSFIELD MA CLIMATE SUMMARY FOR JUNE 29 2015...

CLIMATE NORMAL PERIOD 1981 TO 2010
CLIMATE RECORD PERIOD 9999 TO 9999


WEATHER ITEM   OBSERVED TIME   NORMAL DEPARTURE LAST
                VALUE   (LST)  VALUE  FROM      YEAR
                                      NORMAL
......................................................
TEMPERATURE (F)
 YESTERDAY
  MAXIMUM         68    152 PM  77     -9       82
  MINIMUM         52    221 AM  56     -4       54
  AVERAGE         60            66     -6       68

PRECIPITATION (IN)
  YESTERDAY        0.14          0.12   0.02     0.00
  MONTH TO DATE    8.03          4.29   3.74     5.35
  SINCE JUN 1      8.03          4.29   3.74     5.35
  SINCE JAN 1     19.17         21.33  -2.16    19.35

DEGREE DAYS
 HEATING
  YESTERDAY        5             1      4        0
  MONTH TO DATE  107            99      8       58
  SINCE JUN 1    107            99      8       58
  SINCE JUL 1   7771          7459    312     7735

 COOLING
  YESTERDAY        0             3     -3        3
  MONTH TO DATE   33            54    -21       39
  SINCE JUN 1     33            54    -21       39
  SINCE JAN 1     77            67     10       45
......................................................


WIND (MPH)
  HIGHEST WIND SPEED    14   HIGHEST WIND DIRECTION     W (250)
  HIGHEST GUST SPEED    16   HIGHEST GUST DIRECTION     W (250)
  AVERAGE WIND SPEED     4.0


SKY COVER
  AVERAGE SKY COVER 0.9



RELATIVE HUMIDITY (PERCENT)
 HIGHEST   100
 LOWEST     68
 AVERAGE    84

..........................................................


THE PITTSFIELD MA CLIMATE NORMALS FOR TODAY
                         NORMAL
 MAXIMUM TEMPERATURE (F)   77
 MINIMUM TEMPERATURE (F)   56


SUNRISE AND SUNSET
JUNE 30 2015..........SUNRISE   519 AM EDT   SUNSET   834 PM EDT
JULY  1 2015..........SUNRISE   520 AM EDT   SUNSET   834 PM EDT


-  INDICATES NEGATIVE NUMBERS.
R  INDICATES RECORD WAS SET OR TIED.
MM INDICATES DATA IS MISSING.
T  INDICATES TRACE AMOUNT.




$$
