000
CDUS41 KALY 140627
CLIPSF


CLIMATE REPORT
NATIONAL WEATHER SERVICE ALBANY NY
226 AM EDT SUN SEP 14 2014


...................................

...THE PITTSFIELD MA CLIMATE SUMMARY FOR SEPTEMBER 13 2014...

CLIMATE NORMAL PERIOD 1981 TO 2010
CLIMATE RECORD PERIOD 9999 TO 9999


WEATHER ITEM   OBSERVED TIME   NORMAL DEPARTURE LAST
                VALUE   (LST)  VALUE  FROM      YEAR
                                      NORMAL
......................................................
TEMPERATURE (F)
 YESTERDAY
  MAXIMUM         57   1107 AM  70    -13       69
  MINIMUM         42    337 AM  49     -7       50
  AVERAGE         50            60    -10       60

PRECIPITATION (IN)
  YESTERDAY        0.33          0.13   0.20     0.05
  MONTH TO DATE    1.24          1.49  -0.25     2.44
  SINCE SEP 1      1.24          1.49  -0.25     2.44
  SINCE JAN 1     32.16         31.27   0.89    30.54

DEGREE DAYS
 HEATING
  YESTERDAY       15             6      9        5
  MONTH TO DATE   47            57    -10       57
  SINCE SEP 1     47            57    -10       57
  SINCE JUL 1    120           135    -15      113

 COOLING
  YESTERDAY        0             1     -1        0
  MONTH TO DATE   33            16     17       33
  SINCE SEP 1     33            16     17       33
  SINCE JAN 1    232           286    -54      433
......................................................


WIND (MPH)
  HIGHEST WIND SPEED    16   HIGHEST WIND DIRECTION    NW (300)
  HIGHEST GUST SPEED    23   HIGHEST GUST DIRECTION    NW (310)
  AVERAGE WIND SPEED     4.6


SKY COVER
  AVERAGE SKY COVER 0.8



RELATIVE HUMIDITY (PERCENT)
 HIGHEST   100
 LOWEST     77
 AVERAGE    89

..........................................................


THE PITTSFIELD MA CLIMATE NORMALS FOR TODAY
                         NORMAL
 MAXIMUM TEMPERATURE (F)   70
 MINIMUM TEMPERATURE (F)   49


SUNRISE AND SUNSET
SEPTEMBER 14 2014.....SUNRISE   632 AM EDT   SUNSET   705 PM EDT
SEPTEMBER 15 2014.....SUNRISE   633 AM EDT   SUNSET   703 PM EDT


-  INDICATES NEGATIVE NUMBERS.
R  INDICATES RECORD WAS SET OR TIED.
MM INDICATES DATA IS MISSING.
T  INDICATES TRACE AMOUNT.




$$
