000
CDUS41 KALY 210624
CLIPSF


CLIMATE REPORT
NATIONAL WEATHER SERVICE ALBANY NY
223 AM EDT SUN AUG 21 2016


...................................

...THE PITTSFIELD MA CLIMATE SUMMARY FOR AUGUST 20 2016...

CLIMATE NORMAL PERIOD 1981 TO 2010
CLIMATE RECORD PERIOD 9999 TO 9999


WEATHER ITEM   OBSERVED TIME   NORMAL DEPARTURE LAST
                VALUE   (LST)  VALUE  FROM      YEAR
                                      NORMAL
......................................................
TEMPERATURE (F)
 YESTERDAY
  MAXIMUM         83    242 PM  77      6       82
  MINIMUM         51    431 AM  56     -5       68
  AVERAGE         67            66      1       75

PRECIPITATION (IN)
  YESTERDAY        0.00          0.13  -0.13     0.00
  MONTH TO DATE    1.83          2.70  -0.87     1.88
  SINCE JUN 1      8.48         11.35  -2.87    15.01
  SINCE JAN 1     22.58         28.39  -5.81    26.15

DEGREE DAYS
 HEATING
  YESTERDAY        0             1     -1        0
  MONTH TO DATE    0            20    -20        1
  SINCE JUN 1     87           152    -65      131
  SINCE JUL 1     11            51    -40       20

 COOLING
  YESTERDAY        2             3     -1       10
  MONTH TO DATE  113            72     41       84
  SINCE JUN 1    307           236     71      238
  SINCE JAN 1    348           249     99      282
......................................................


WIND (MPH)
  HIGHEST WIND SPEED    16   HIGHEST WIND DIRECTION    SE (140)
  HIGHEST GUST SPEED    22   HIGHEST GUST DIRECTION    SE (120)
  AVERAGE WIND SPEED     5.0


SKY COVER
  AVERAGE SKY COVER 0.1



RELATIVE HUMIDITY (PERCENT)
 HIGHEST   100
 LOWEST     42
 AVERAGE    71

..........................................................


THE PITTSFIELD MA CLIMATE NORMALS FOR TODAY
                         NORMAL
 MAXIMUM TEMPERATURE (F)   77
 MINIMUM TEMPERATURE (F)   56


SUNRISE AND SUNSET
AUGUST 21 2016........SUNRISE   607 AM EDT   SUNSET   745 PM EDT
AUGUST 22 2016........SUNRISE   608 AM EDT   SUNSET   743 PM EDT


-  INDICATES NEGATIVE NUMBERS.
R  INDICATES RECORD WAS SET OR TIED.
MM INDICATES DATA IS MISSING.
T  INDICATES TRACE AMOUNT.




$$
