000
CDUS41 KALY 120628
CLIPSF


CLIMATE REPORT
NATIONAL WEATHER SERVICE ALBANY NY
127 AM EST MON FEB 12 2018


...................................

...THE PITTSFIELD MA CLIMATE SUMMARY FOR FEBRUARY 11 2018...

CLIMATE NORMAL PERIOD 1981 TO 2010
CLIMATE RECORD PERIOD 9999 TO 9999


WEATHER ITEM   OBSERVED TIME   NORMAL DEPARTURE LAST
                VALUE   (LST)  VALUE  FROM      YEAR
                                      NORMAL
......................................................
TEMPERATURE (F)
 YESTERDAY
  MAXIMUM         53   1131 PM  31     22       34
  MINIMUM         36    852 AM  15     21       16
  AVERAGE         45            23     22       25

PRECIPITATION (IN)
  YESTERDAY        0.58          0.10   0.48     0.09
  MONTH TO DATE    2.28          0.97   1.31     1.21
  SINCE DEC 1      9.09          6.89   2.20     6.95
  SINCE JAN 1      6.94          3.89   3.05     3.93

DEGREE DAYS
 HEATING
  YESTERDAY       20            42    -22       40
  MONTH TO DATE  446           475    -29      455
  SINCE DEC 1   3024          3049    -25     2780
  SINCE JUL 1   4349          4700   -351     4187

 COOLING
  YESTERDAY        0             0      0        0
  MONTH TO DATE    0             0      0        0
  SINCE DEC 1      0             0      0        0
  SINCE JAN 1      0             0      0        0
......................................................


WIND (MPH)
  HIGHEST WIND SPEED    15   HIGHEST WIND DIRECTION    SW (220)
  HIGHEST GUST SPEED    25   HIGHEST GUST DIRECTION    SW (210)
  AVERAGE WIND SPEED     4.0


SKY COVER
  AVERAGE SKY COVER 1.0



RELATIVE HUMIDITY (PERCENT)
 HIGHEST   100
 LOWEST     89
 AVERAGE    95

..........................................................


THE PITTSFIELD MA CLIMATE NORMALS FOR TODAY
                         NORMAL
 MAXIMUM TEMPERATURE (F)   31
 MINIMUM TEMPERATURE (F)   15


SUNRISE AND SUNSET
FEBRUARY 12 2018......SUNRISE   654 AM EST   SUNSET   522 PM EST
FEBRUARY 13 2018......SUNRISE   652 AM EST   SUNSET   523 PM EST


-  INDICATES NEGATIVE NUMBERS.
R  INDICATES RECORD WAS SET OR TIED.
MM INDICATES DATA IS MISSING.
T  INDICATES TRACE AMOUNT.




$$
