000
CDUS41 KALY 080630
CLIPSF


CLIMATE REPORT
NATIONAL WEATHER SERVICE ALBANY NY
129 AM EST SUN JAN 8 2017


...................................

...THE PITTSFIELD MA CLIMATE SUMMARY FOR JANUARY 7 2017...

CLIMATE NORMAL PERIOD 1981 TO 2010
CLIMATE RECORD PERIOD 9999 TO 9999


WEATHER ITEM   OBSERVED TIME   NORMAL DEPARTURE LAST
                VALUE   (LST)  VALUE  FROM      YEAR
                                      NORMAL
......................................................
TEMPERATURE (F)
 YESTERDAY
  MAXIMUM         19    355 PM  29    -10       43
  MINIMUM          8   1159 PM  12     -4       10
  AVERAGE         14            20     -6       27

PRECIPITATION (IN)
  YESTERDAY        0.03          0.11  -0.08     0.00
  MONTH TO DATE    0.47          0.83  -0.36      T
  SINCE DEC 1      3.49          3.83  -0.34     3.68
  SINCE JAN 1      0.47          0.83  -0.36      T

DEGREE DAYS
 HEATING
  YESTERDAY       51            45      6       38
  MONTH TO DATE  285           308    -23      293
  SINCE DEC 1   1463          1495    -32     1070
  SINCE JUL 1   2870          3146   -276     2443

 COOLING
  YESTERDAY        0             0      0        0
  MONTH TO DATE    0             0      0        0
  SINCE DEC 1      0             0      0        0
  SINCE JAN 1      0             0      0        0
......................................................


WIND (MPH)
  HIGHEST WIND SPEED    12   HIGHEST WIND DIRECTION     N (20)
  HIGHEST GUST SPEED    14   HIGHEST GUST DIRECTION     N (360)
  AVERAGE WIND SPEED     3.3


SKY COVER
  AVERAGE SKY COVER 0.6



RELATIVE HUMIDITY (PERCENT)
 HIGHEST    88
 LOWEST     56
 AVERAGE    72

..........................................................


THE PITTSFIELD MA CLIMATE NORMALS FOR TODAY
                         NORMAL
 MAXIMUM TEMPERATURE (F)   29
 MINIMUM TEMPERATURE (F)   12


SUNRISE AND SUNSET
JANUARY  8 2017.......SUNRISE   722 AM EST   SUNSET   438 PM EST
JANUARY  9 2017.......SUNRISE   722 AM EST   SUNSET   439 PM EST


-  INDICATES NEGATIVE NUMBERS.
R  INDICATES RECORD WAS SET OR TIED.
MM INDICATES DATA IS MISSING.
T  INDICATES TRACE AMOUNT.




$$
