705
CDUS41 KALY 232047
CLIPSF


CLIMATE REPORT
NATIONAL WEATHER SERVICE ALBANY NY
446 PM EDT SAT APR 23 2016


...................................

...THE PITTSFIELD MA CLIMATE SUMMARY FOR APRIL 23 2016...
VALID TODAY AS OF 0400 PM LOCAL TIME.

CLIMATE NORMAL PERIOD 1981 TO 2010
CLIMATE RECORD PERIOD 9999 TO 9999


WEATHER ITEM   OBSERVED TIME   NORMAL DEPARTURE LAST
                VALUE   (LST)  VALUE  FROM      YEAR
                                      NORMAL
......................................................
TEMPERATURE (F)
 TODAY
  MAXIMUM         60    121 AM  58      2       42
  MINIMUM         50    953 AM  37     13       31
  AVERAGE         55            47      8       37

PRECIPITATION (IN)
  TODAY            0.00          0.10  -0.10     0.03
  MONTH TO DATE    2.14          3.16  -1.02     2.90
  SINCE MAR 1      4.40          6.53  -2.13     4.47
  SINCE JAN 1      9.77         12.13  -2.36     9.56

DEGREE DAYS
 HEATING
  TODAY           10            18     -8       28
  MONTH TO DATE  514           514      0      493
  SINCE MAR 1   1311          1541   -230     1694
  SINCE JUL 1   5678          6921  -1243     7357

 COOLING
  TODAY            0             0      0        0
  MONTH TO DATE    0             0      0        0
  SINCE MAR 1      0             0      0        0
  SINCE JAN 1      0             0      0        0
......................................................


WIND (MPH)
  HIGHEST WIND SPEED    21   HIGHEST WIND DIRECTION     N (340)
  HIGHEST GUST SPEED    28   HIGHEST GUST DIRECTION     N (340)
  AVERAGE WIND SPEED     8.3


SKY COVER
  AVERAGE SKY COVER 0.6



RELATIVE HUMIDITY (PERCENT)
 HIGHEST    83
 LOWEST     43
 AVERAGE    63

..........................................................


THE PITTSFIELD MA CLIMATE NORMALS FOR TOMORROW
                         NORMAL
 MAXIMUM TEMPERATURE (F)   59
 MINIMUM TEMPERATURE (F)   37


SUNRISE AND SUNSET
APRIL 23 2016.........SUNRISE   559 AM EDT   SUNSET   745 PM EDT
APRIL 24 2016.........SUNRISE   558 AM EDT   SUNSET   746 PM EDT


-  INDICATES NEGATIVE NUMBERS.
R  INDICATES RECORD WAS SET OR TIED.
MM INDICATES DATA IS MISSING.
T  INDICATES TRACE AMOUNT.




$$
