000
CDUS41 KALY 150644
CLIPSF


CLIMATE REPORT
NATIONAL WEATHER SERVICE ALBANY NY
240 AM EDT SAT APR 15 2017


...................................

...THE PITTSFIELD MA CLIMATE SUMMARY FOR APRIL 14 2017...

CLIMATE NORMAL PERIOD 1981 TO 2010
CLIMATE RECORD PERIOD 9999 TO 9999


WEATHER ITEM   OBSERVED TIME   NORMAL DEPARTURE LAST
                VALUE   (LST)  VALUE  FROM      YEAR
                                      NORMAL
......................................................
TEMPERATURE (F)
 YESTERDAY
  MAXIMUM         60    351 PM  54      6       56
  MINIMUM         29    542 AM  33     -4       28
  AVERAGE         45            44      1       42

PRECIPITATION (IN)
  YESTERDAY        0.00          0.13  -0.13     0.00
  MONTH TO DATE    2.05          2.17  -0.12     2.14
  SINCE MAR 1      5.16          5.54  -0.38     4.40
  SINCE JAN 1     10.74         11.14  -0.40     9.77

DEGREE DAYS
 HEATING
  YESTERDAY       20            21     -1       23
  MONTH TO DATE  283           339    -56      400
  SINCE MAR 1   1414          1366     48     1197
  SINCE JUL 1   6116          6746   -630     5564

 COOLING
  YESTERDAY        0             0      0        0
  MONTH TO DATE    0             0      0        0
  SINCE MAR 1      0             0      0        0
  SINCE JAN 1      0             0      0        0
......................................................


WIND (MPH)
  HIGHEST WIND SPEED    13   HIGHEST WIND DIRECTION     W (280)
  HIGHEST GUST SPEED    18   HIGHEST GUST DIRECTION    NW (330)
  AVERAGE WIND SPEED     3.0


SKY COVER
  AVERAGE SKY COVER 0.0



RELATIVE HUMIDITY (PERCENT)
 HIGHEST    85
 LOWEST     15
 AVERAGE    50

..........................................................


THE PITTSFIELD MA CLIMATE NORMALS FOR TODAY
                         NORMAL
 MAXIMUM TEMPERATURE (F)   54
 MINIMUM TEMPERATURE (F)   34


SUNRISE AND SUNSET
APRIL 15 2017.........SUNRISE   612 AM EDT   SUNSET   735 PM EDT
APRIL 16 2017.........SUNRISE   610 AM EDT   SUNSET   736 PM EDT


-  INDICATES NEGATIVE NUMBERS.
R  INDICATES RECORD WAS SET OR TIED.
MM INDICATES DATA IS MISSING.
T  INDICATES TRACE AMOUNT.




$$
