000
CDUS41 KALY 080625
CLIPSF


CLIMATE REPORT
NATIONAL WEATHER SERVICE ALBANY NY
223 AM EDT TUE AUG 8 2017


...................................

...THE PITTSFIELD MA CLIMATE SUMMARY FOR AUGUST 7 2017...

CLIMATE NORMAL PERIOD 1981 TO 2010
CLIMATE RECORD PERIOD 9999 TO 9999


WEATHER ITEM   OBSERVED TIME   NORMAL DEPARTURE LAST
                VALUE   (LST)  VALUE  FROM      YEAR
                                      NORMAL
......................................................
TEMPERATURE (F)
 YESTERDAY
  MAXIMUM         69   1255 PM  78     -9       80
  MINIMUM         50    455 AM  57     -7       56
  AVERAGE         60            68     -8       68

PRECIPITATION (IN)
  YESTERDAY        0.07          0.13  -0.06     0.00
  MONTH TO DATE    0.98          1.03  -0.05     0.75
  SINCE JUN 1      8.40          9.68  -1.28     7.40
  SINCE JAN 1     27.18         26.72   0.46    21.50

DEGREE DAYS
 HEATING
  YESTERDAY        5             1      4        0
  MONTH TO DATE    8             7      1        0
  SINCE JUN 1    137           139     -2       87
  SINCE JUL 1     31            38     -7       11

 COOLING
  YESTERDAY        0             4     -4        3
  MONTH TO DATE   26            28     -2       19
  SINCE JUN 1    214           192     22      213
  SINCE JAN 1    228           205     23      254
......................................................


WIND (MPH)
  HIGHEST WIND SPEED    15   HIGHEST WIND DIRECTION     S (160)
  HIGHEST GUST SPEED    21   HIGHEST GUST DIRECTION    SE (150)
  AVERAGE WIND SPEED     3.4


SKY COVER
  AVERAGE SKY COVER 0.7



RELATIVE HUMIDITY (PERCENT)
 HIGHEST   100
 LOWEST     61
 AVERAGE    81

..........................................................


THE PITTSFIELD MA CLIMATE NORMALS FOR TODAY
                         NORMAL
 MAXIMUM TEMPERATURE (F)   78
 MINIMUM TEMPERATURE (F)   57


SUNRISE AND SUNSET
AUGUST  8 2017........SUNRISE   553 AM EDT   SUNSET   804 PM EDT
AUGUST  9 2017........SUNRISE   554 AM EDT   SUNSET   802 PM EDT


-  INDICATES NEGATIVE NUMBERS.
R  INDICATES RECORD WAS SET OR TIED.
MM INDICATES DATA IS MISSING.
T  INDICATES TRACE AMOUNT.




$$
