000
CDUS41 KALY 230623
CLIPSF


CLIMATE REPORT
NATIONAL WEATHER SERVICE ALBANY NY
222 AM EDT TUE MAY 23 2017


...................................

...THE PITTSFIELD MA CLIMATE SUMMARY FOR MAY 22 2017...

CLIMATE NORMAL PERIOD 1981 TO 2010
CLIMATE RECORD PERIOD 9999 TO 9999


WEATHER ITEM   OBSERVED TIME   NORMAL DEPARTURE LAST
                VALUE   (LST)  VALUE  FROM      YEAR
                                      NORMAL
......................................................
TEMPERATURE (F)
 YESTERDAY
  MAXIMUM         54    238 PM  68    -14       73
  MINIMUM         45    340 AM  45      0       49
  AVERAGE         50            57     -7       61

PRECIPITATION (IN)
  YESTERDAY        0.23          0.17   0.06      T
  MONTH TO DATE    5.01          2.72   2.29     1.81
  SINCE MAR 1     11.41          9.95   1.46     6.56
  SINCE JAN 1     16.99         15.55   1.44    11.93

DEGREE DAYS
 HEATING
  YESTERDAY       15             9      6        4
  MONTH TO DATE  288           259     29      306
  SINCE MAR 1   1895          1914    -19     1755
  SINCE JUL 1   6597          7294   -697     6122

 COOLING
  YESTERDAY        0             0      0        0
  MONTH TO DATE   12             0     12        0
  SINCE MAR 1     14             2     12        0
  SINCE JAN 1     14             2     12        0
......................................................


WIND (MPH)
  HIGHEST WIND SPEED    13   HIGHEST WIND DIRECTION    SE (130)
  HIGHEST GUST SPEED    17   HIGHEST GUST DIRECTION    SE (140)
  AVERAGE WIND SPEED     4.8


SKY COVER
  AVERAGE SKY COVER 1.0



RELATIVE HUMIDITY (PERCENT)
 HIGHEST    96
 LOWEST     46
 AVERAGE    71

..........................................................


THE PITTSFIELD MA CLIMATE NORMALS FOR TODAY
                         NORMAL
 MAXIMUM TEMPERATURE (F)   69
 MINIMUM TEMPERATURE (F)   45


SUNRISE AND SUNSET
MAY 23 2017...........SUNRISE   524 AM EDT   SUNSET   816 PM EDT
MAY 24 2017...........SUNRISE   523 AM EDT   SUNSET   817 PM EDT


-  INDICATES NEGATIVE NUMBERS.
R  INDICATES RECORD WAS SET OR TIED.
MM INDICATES DATA IS MISSING.
T  INDICATES TRACE AMOUNT.




$$
