000
CDUS41 KALY 120623
CLIPSF


CLIMATE REPORT
NATIONAL WEATHER SERVICE ALBANY NY
222 AM EDT SAT APR 12 2014


...................................

...THE PITTSFIELD MA CLIMATE SUMMARY FOR APRIL 11 2014...

CLIMATE NORMAL PERIOD 1981 TO 2010
CLIMATE RECORD PERIOD 9999 TO 9999


WEATHER ITEM   OBSERVED TIME   NORMAL DEPARTURE LAST
                VALUE   (LST)  VALUE  FROM      YEAR
                                      NORMAL
......................................................
TEMPERATURE (F)
 YESTERDAY
  MAXIMUM         62   1256 PM  53      9       50
  MINIMUM         41   1159 PM  32      9       34
  AVERAGE         52            42     10       42

PRECIPITATION (IN)
  YESTERDAY        0.24          0.15   0.09     0.13
  MONTH TO DATE    0.52          1.75  -1.23     0.65
  SINCE MAR 1      3.65          5.12  -1.47     2.44
  SINCE JAN 1     10.03         10.72  -0.69     6.07

DEGREE DAYS
 HEATING
  YESTERDAY       13            23    -10       23
  MONTH TO DATE  252           274    -22      274
  SINCE MAR 1   1483          1301    182     1329
  SINCE JUL 1   7035          6681    354     6268

 COOLING
  YESTERDAY        0             0      0        0
  MONTH TO DATE    0             0      0        0
  SINCE MAR 1      0             0      0        0
  SINCE JAN 1      0             0      0        0
......................................................


WIND (MPH)
  HIGHEST WIND SPEED    18   HIGHEST WIND DIRECTION    SW (220)
  HIGHEST GUST SPEED    28   HIGHEST GUST DIRECTION     S (200)
  AVERAGE WIND SPEED     6.2


SKY COVER
  AVERAGE SKY COVER 0.9



RELATIVE HUMIDITY (PERCENT)
 HIGHEST   100
 LOWEST     41
 AVERAGE    71

..........................................................


THE PITTSFIELD MA CLIMATE NORMALS FOR TODAY
                         NORMAL
 MAXIMUM TEMPERATURE (F)   53
 MINIMUM TEMPERATURE (F)   33


SUNRISE AND SUNSET
APRIL 12 2014.........SUNRISE   617 AM EDT   SUNSET   731 PM EDT
APRIL 13 2014.........SUNRISE   616 AM EDT   SUNSET   733 PM EDT


-  INDICATES NEGATIVE NUMBERS.
R  INDICATES RECORD WAS SET OR TIED.
MM INDICATES DATA IS MISSING.
T  INDICATES TRACE AMOUNT.




$$
