378
CDUS41 KALY 122213
CLIPSF


CLIMATE REPORT
NATIONAL WEATHER SERVICE ALBANY NY
511 PM EST FRI JAN 12 2018


...................................

...THE PITTSFIELD MA CLIMATE SUMMARY FOR JANUARY 12 2018...
VALID TODAY AS OF 0400 PM LOCAL TIME.

CLIMATE NORMAL PERIOD 1981 TO 2010
CLIMATE RECORD PERIOD 9999 TO 9999


WEATHER ITEM   OBSERVED TIME   NORMAL DEPARTURE LAST
                VALUE   (LST)  VALUE  FROM      YEAR
                                      NORMAL
......................................................
TEMPERATURE (F)
 TODAY
  MAXIMUM         61    259 PM  29     32       53
  MINIMUM         50   1203 AM  11     39       39
  AVERAGE         56            20     36       46

PRECIPITATION (IN)
  TODAY            2.00          0.10   1.90     0.55
  MONTH TO DATE    2.33          1.32   1.01     1.45
  SINCE DEC 1      4.48          4.32   0.16     4.47
  SINCE JAN 1      2.33          1.32   1.01     1.45

DEGREE DAYS
 HEATING
  TODAY            9            45    -36       19
  MONTH TO DATE  568           533     35      487
  SINCE DEC 1   1830          1720    110     1665
  SINCE JUL 1   3155          3371   -216     3072

 COOLING
  TODAY            0             0      0        0
  MONTH TO DATE    0             0      0        0
  SINCE DEC 1      0             0      0        0
  SINCE JAN 1      0             0      0        0
......................................................


WIND (MPH)
  HIGHEST WIND SPEED    24   HIGHEST WIND DIRECTION     S (180)
  HIGHEST GUST SPEED    36   HIGHEST GUST DIRECTION     S (180)
  AVERAGE WIND SPEED    15.3


SKY COVER
  AVERAGE SKY COVER 1.0



RELATIVE HUMIDITY (PERCENT)
 HIGHEST    93
 LOWEST     83
 AVERAGE    88

..........................................................


THE PITTSFIELD MA CLIMATE NORMALS FOR TOMORROW
                         NORMAL
 MAXIMUM TEMPERATURE (F)   29
 MINIMUM TEMPERATURE (F)   11


SUNRISE AND SUNSET
JANUARY 12 2018.......SUNRISE   721 AM EST   SUNSET   442 PM EST
JANUARY 13 2018.......SUNRISE   721 AM EST   SUNSET   443 PM EST


-  INDICATES NEGATIVE NUMBERS.
R  INDICATES RECORD WAS SET OR TIED.
MM INDICATES DATA IS MISSING.
T  INDICATES TRACE AMOUNT.




$$
