000
CDUS41 KALY 230622
CLIPSF


CLIMATE REPORT
NATIONAL WEATHER SERVICE ALBANY NY
222 AM EDT MON MAR 23 2015


...................................

...THE PITTSFIELD MA CLIMATE SUMMARY FOR MARCH 22 2015...

CLIMATE NORMAL PERIOD 1981 TO 2010
CLIMATE RECORD PERIOD 9999 TO 9999


WEATHER ITEM   OBSERVED TIME   NORMAL DEPARTURE LAST
                VALUE   (LST)  VALUE  FROM      YEAR
                                      NORMAL
......................................................
TEMPERATURE (F)
 YESTERDAY
  MAXIMUM         30   1204 AM  44    -14       46
  MINIMUM         13   1159 PM  23    -10       20
  AVERAGE         22            34    -12       33

PRECIPITATION (IN)
  YESTERDAY        T             0.13  -0.13     0.01
  MONTH TO DATE    0.86          2.14  -1.28     1.06
  SINCE MAR 1      0.86          2.14  -1.28     1.06
  SINCE JAN 1      5.95          7.74  -1.79     7.44

DEGREE DAYS
 HEATING
  YESTERDAY       43            31     12       32
  MONTH TO DATE  875           764    111      909
  SINCE MAR 1    875           764    111      909
  SINCE JUL 1   6538          6144    394     6461

 COOLING
  YESTERDAY        0             0      0        0
  MONTH TO DATE    0             0      0        0
  SINCE MAR 1      0             0      0        0
  SINCE JAN 1      0             0      0        0
......................................................


WIND (MPH)
  HIGHEST WIND SPEED    33   HIGHEST WIND DIRECTION     W (280)
  HIGHEST GUST SPEED    46   HIGHEST GUST DIRECTION     W (280)
  AVERAGE WIND SPEED    18.0


SKY COVER
  AVERAGE SKY COVER 0.4



RELATIVE HUMIDITY (PERCENT)
 HIGHEST    69
 LOWEST     39
 AVERAGE    54

..........................................................


THE PITTSFIELD MA CLIMATE NORMALS FOR TODAY
                         NORMAL
 MAXIMUM TEMPERATURE (F)   45
 MINIMUM TEMPERATURE (F)   24


SUNRISE AND SUNSET
MARCH 23 2015.........SUNRISE   652 AM EDT   SUNSET   709 PM EDT
MARCH 24 2015.........SUNRISE   650 AM EDT   SUNSET   710 PM EDT


-  INDICATES NEGATIVE NUMBERS.
R  INDICATES RECORD WAS SET OR TIED.
MM INDICATES DATA IS MISSING.
T  INDICATES TRACE AMOUNT.




$$
