121
CDUS41 KALY 200622
CLIPSF


CLIMATE REPORT
NATIONAL WEATHER SERVICE ALBANY NY
222 AM EDT TUE SEP 20 2016


...................................

...THE PITTSFIELD MA CLIMATE SUMMARY FOR SEPTEMBER 19 2016...

CLIMATE NORMAL PERIOD 1981 TO 2010
CLIMATE RECORD PERIOD 9999 TO 9999


WEATHER ITEM   OBSERVED TIME   NORMAL DEPARTURE LAST
                VALUE   (LST)  VALUE  FROM      YEAR
                                      NORMAL
......................................................
TEMPERATURE (F)
 YESTERDAY
  MAXIMUM         75    253 PM  68      7       77
  MINIMUM         64   1159 PM  47     17       50
  AVERAGE         70            57     13       64

PRECIPITATION (IN)
  YESTERDAY        0.89          0.13   0.76      T
  MONTH TO DATE    1.42          2.30  -0.88     2.05
  SINCE SEP 1      1.42          2.30  -0.88     2.05
  SINCE JAN 1     24.79         32.08  -7.29    29.29

DEGREE DAYS
 HEATING
  YESTERDAY        0             8     -8        1
  MONTH TO DATE   43           100    -57       14
  SINCE SEP 1     43           100    -57       14
  SINCE JUL 1     67           178   -111       42

 COOLING
  YESTERDAY        5             0      5        0
  MONTH TO DATE   46            16     30       50
  SINCE SEP 1     46            16     30       50
  SINCE JAN 1    427           286    141      358
......................................................


WIND (MPH)
  HIGHEST WIND SPEED    12   HIGHEST WIND DIRECTION     N (360)
  HIGHEST GUST SPEED    14   HIGHEST GUST DIRECTION     N (10)
  AVERAGE WIND SPEED     2.3


SKY COVER
  AVERAGE SKY COVER 0.8



RELATIVE HUMIDITY (PERCENT)
 HIGHEST   100
 LOWEST     73
 AVERAGE    87

..........................................................


THE PITTSFIELD MA CLIMATE NORMALS FOR TODAY
                         NORMAL
 MAXIMUM TEMPERATURE (F)   67
 MINIMUM TEMPERATURE (F)   46


SUNRISE AND SUNSET
SEPTEMBER 20 2016.....SUNRISE   639 AM EDT   SUNSET   653 PM EDT
SEPTEMBER 21 2016.....SUNRISE   640 AM EDT   SUNSET   651 PM EDT


-  INDICATES NEGATIVE NUMBERS.
R  INDICATES RECORD WAS SET OR TIED.
MM INDICATES DATA IS MISSING.
T  INDICATES TRACE AMOUNT.




$$
