912
CDUS41 KALY 182053
CLIPSF


CLIMATE REPORT
NATIONAL WEATHER SERVICE ALBANY NY
451 PM EDT THU AUG 18 2016


...................................

...THE PITTSFIELD MA CLIMATE SUMMARY FOR AUGUST 18 2016...
VALID TODAY AS OF 0400 PM LOCAL TIME.

CLIMATE NORMAL PERIOD 1981 TO 2010
CLIMATE RECORD PERIOD 9999 TO 9999


WEATHER ITEM   OBSERVED TIME   NORMAL DEPARTURE LAST
                VALUE   (LST)  VALUE  FROM      YEAR
                                      NORMAL
......................................................
TEMPERATURE (F)
 TODAY
  MAXIMUM         82    245 PM  77      5       88
  MINIMUM         59    532 AM  56      3       62
  AVERAGE         71            67      4       75

PRECIPITATION (IN)
  TODAY            0.00          0.13  -0.13     0.00
  MONTH TO DATE    1.83          2.44  -0.61     1.88
  SINCE JUN 1      8.48         11.09  -2.61    15.01
  SINCE JAN 1     22.58         28.13  -5.55    26.15

DEGREE DAYS
 HEATING
  TODAY            0             1     -1        0
  MONTH TO DATE    0            18    -18        1
  SINCE JUN 1     87           150    -63      131
  SINCE JUL 1     11            49    -38       20

 COOLING
  TODAY            6             3      3       10
  MONTH TO DATE  107            66     41       65
  SINCE JUN 1    301           230     71      219
  SINCE JAN 1    342           243     99      263
......................................................


WIND (MPH)
  HIGHEST WIND SPEED    14   HIGHEST WIND DIRECTION     W (250)
  HIGHEST GUST SPEED    18   HIGHEST GUST DIRECTION     W (260)
  AVERAGE WIND SPEED     3.7


SKY COVER
  AVERAGE SKY COVER 0.3



RELATIVE HUMIDITY (PERCENT)
 HIGHEST    97
 LOWEST     54
 AVERAGE    76

..........................................................


THE PITTSFIELD MA CLIMATE NORMALS FOR TOMORROW
                         NORMAL
 MAXIMUM TEMPERATURE (F)   77
 MINIMUM TEMPERATURE (F)   56


SUNRISE AND SUNSET
AUGUST 18 2016........SUNRISE   604 AM EDT   SUNSET   749 PM EDT
AUGUST 19 2016........SUNRISE   605 AM EDT   SUNSET   748 PM EDT


-  INDICATES NEGATIVE NUMBERS.
R  INDICATES RECORD WAS SET OR TIED.
MM INDICATES DATA IS MISSING.
T  INDICATES TRACE AMOUNT.




$$
