000
CDUS41 KALY 120625
CLIPSF


CLIMATE REPORT
NATIONAL WEATHER SERVICE ALBANY NY
123 AM EST FRI DEC 12 2014


...................................

...THE PITTSFIELD MA CLIMATE SUMMARY FOR DECEMBER 11 2014...

CLIMATE NORMAL PERIOD 1981 TO 2010
CLIMATE RECORD PERIOD 9999 TO 9999


WEATHER ITEM   OBSERVED TIME   NORMAL DEPARTURE LAST
                VALUE   (LST)  VALUE  FROM      YEAR
                                      NORMAL
......................................................
TEMPERATURE (F)
 YESTERDAY
  MAXIMUM         28    334 PM  35     -7       25
  MINIMUM         25   1159 PM  21      4       17
  AVERAGE         27            28     -1       21

PRECIPITATION (IN)
  YESTERDAY        0.01          0.10  -0.09      T
  MONTH TO DATE    2.24          1.12   1.12     0.44
  SINCE DEC 1      2.24          1.12   1.12     0.44
  SINCE JAN 1     42.66         43.50  -0.84    37.25

DEGREE DAYS
 HEATING
  YESTERDAY       38            37      1       44
  MONTH TO DATE  393           382     11      370
  SINCE DEC 1    393           382     11      370
  SINCE JUL 1   2015          2033    -18     2050

 COOLING
  YESTERDAY        0             0      0        0
  MONTH TO DATE    0             0      0        0
  SINCE DEC 1      0             0      0        0
  SINCE JAN 1    238           290    -52      433
......................................................


WIND (MPH)
  HIGHEST WIND SPEED    16   HIGHEST WIND DIRECTION     W (290)
  HIGHEST GUST SPEED    21   HIGHEST GUST DIRECTION    NW (300)
  AVERAGE WIND SPEED     9.7


SKY COVER
  AVERAGE SKY COVER 1.0



RELATIVE HUMIDITY (PERCENT)
 HIGHEST    92
 LOWEST     78
 AVERAGE    85

..........................................................


THE PITTSFIELD MA CLIMATE NORMALS FOR TODAY
                         NORMAL
 MAXIMUM TEMPERATURE (F)   35
 MINIMUM TEMPERATURE (F)   21


SUNRISE AND SUNSET
DECEMBER 12 2014......SUNRISE   713 AM EST   SUNSET   421 PM EST
DECEMBER 13 2014......SUNRISE   714 AM EST   SUNSET   421 PM EST


-  INDICATES NEGATIVE NUMBERS.
R  INDICATES RECORD WAS SET OR TIED.
MM INDICATES DATA IS MISSING.
T  INDICATES TRACE AMOUNT.




$$
