000
CDUS41 KALY 060622
CLIPSF


CLIMATE REPORT
NATIONAL WEATHER SERVICE ALBANY NY
222 AM EDT SUN AUG 6 2017


...................................

...THE PITTSFIELD MA CLIMATE SUMMARY FOR AUGUST 5 2017...

CLIMATE NORMAL PERIOD 1981 TO 2010
CLIMATE RECORD PERIOD 9999 TO 9999


WEATHER ITEM   OBSERVED TIME   NORMAL DEPARTURE LAST
                VALUE   (LST)  VALUE  FROM      YEAR
                                      NORMAL
......................................................
TEMPERATURE (F)
 YESTERDAY
  MAXIMUM         78    237 PM  79     -1       82
  MINIMUM         59   1159 PM  57      2       55
  AVERAGE         69            68      1       69

PRECIPITATION (IN)
  YESTERDAY        0.09          0.15  -0.06     0.00
  MONTH TO DATE    0.91          0.75   0.16     0.67
  SINCE JUN 1      8.33          9.40  -1.07     7.32
  SINCE JAN 1     27.11         26.44   0.67    21.42

DEGREE DAYS
 HEATING
  YESTERDAY        0             1     -1        0
  MONTH TO DATE    0             5     -5        0
  SINCE JUN 1    129           137     -8       87
  SINCE JUL 1     23            36    -13       11

 COOLING
  YESTERDAY        4             4      0        4
  MONTH TO DATE   26            20      6        9
  SINCE JUN 1    214           184     30      203
  SINCE JAN 1    228           197     31      244
......................................................


WIND (MPH)
  HIGHEST WIND SPEED    16   HIGHEST WIND DIRECTION    NW (300)
  HIGHEST GUST SPEED    25   HIGHEST GUST DIRECTION    SE (140)
  AVERAGE WIND SPEED     7.4


SKY COVER
  AVERAGE SKY COVER 0.7



RELATIVE HUMIDITY (PERCENT)
 HIGHEST    87
 LOWEST     64
 AVERAGE    76

..........................................................


THE PITTSFIELD MA CLIMATE NORMALS FOR TODAY
                         NORMAL
 MAXIMUM TEMPERATURE (F)   78
 MINIMUM TEMPERATURE (F)   57


SUNRISE AND SUNSET
AUGUST  6 2017........SUNRISE   551 AM EDT   SUNSET   806 PM EDT
AUGUST  7 2017........SUNRISE   552 AM EDT   SUNSET   805 PM EDT


-  INDICATES NEGATIVE NUMBERS.
R  INDICATES RECORD WAS SET OR TIED.
MM INDICATES DATA IS MISSING.
T  INDICATES TRACE AMOUNT.




$$
