000
CDUS41 KALY 080624
CLIPSF


CLIMATE REPORT
NATIONAL WEATHER SERVICE ALBANY NY
123 AM EST MON JAN 8 2018


...................................

...THE PITTSFIELD MA CLIMATE SUMMARY FOR JANUARY 7 2018...

CLIMATE NORMAL PERIOD 1981 TO 2010
CLIMATE RECORD PERIOD 9999 TO 9999


WEATHER ITEM   OBSERVED TIME   NORMAL DEPARTURE LAST
                VALUE   (LST)  VALUE  FROM      YEAR
                                      NORMAL
......................................................
TEMPERATURE (F)
 YESTERDAY
  MAXIMUM         14   1159 PM  29    -15       19
  MINIMUM        -10    757 AM  12    -22        8
  AVERAGE          2            20    -18       14

PRECIPITATION (IN)
  YESTERDAY        0.00          0.11  -0.11     0.03
  MONTH TO DATE    0.31          0.83  -0.52     0.47
  SINCE DEC 1      2.46          3.83  -1.37     3.49
  SINCE JAN 1      0.31          0.83  -0.52     0.47

DEGREE DAYS
 HEATING
  YESTERDAY       63            45     18       51
  MONTH TO DATE  415           308    107      285
  SINCE DEC 1   1677          1495    182     1463
  SINCE JUL 1   3002          3146   -144     2870

 COOLING
  YESTERDAY        0             0      0        0
  MONTH TO DATE    0             0      0        0
  SINCE DEC 1      0             0      0        0
  SINCE JAN 1      0             0      0        0
......................................................


WIND (MPH)
  HIGHEST WIND SPEED    21   HIGHEST WIND DIRECTION     W (290)
  HIGHEST GUST SPEED    27   HIGHEST GUST DIRECTION     W (290)
  AVERAGE WIND SPEED     6.9


SKY COVER
  AVERAGE SKY COVER 0.2



RELATIVE HUMIDITY (PERCENT)
 HIGHEST    58
 LOWEST     29
 AVERAGE    44

..........................................................


THE PITTSFIELD MA CLIMATE NORMALS FOR TODAY
                         NORMAL
 MAXIMUM TEMPERATURE (F)   29
 MINIMUM TEMPERATURE (F)   12


SUNRISE AND SUNSET
JANUARY  8 2018.......SUNRISE   722 AM EST   SUNSET   438 PM EST
JANUARY  9 2018.......SUNRISE   722 AM EST   SUNSET   439 PM EST


-  INDICATES NEGATIVE NUMBERS.
R  INDICATES RECORD WAS SET OR TIED.
MM INDICATES DATA IS MISSING.
T  INDICATES TRACE AMOUNT.




$$
