000
CDUS41 KALY 140626
CLIPSF


CLIMATE REPORT
NATIONAL WEATHER SERVICE ALBANY NY
225 AM EDT TUE OCT 14 2014


...................................

...THE PITTSFIELD MA CLIMATE SUMMARY FOR OCTOBER 13 2014...

CLIMATE NORMAL PERIOD 1981 TO 2010
CLIMATE RECORD PERIOD 9999 TO 9999


WEATHER ITEM   OBSERVED TIME   NORMAL DEPARTURE LAST
                VALUE   (LST)  VALUE  FROM      YEAR
                                      NORMAL
......................................................
TEMPERATURE (F)
 YESTERDAY
  MAXIMUM         57   1159 PM  59     -2       65
  MINIMUM         30    502 AM  38     -8       43
  AVERAGE         44            48     -4       54

PRECIPITATION (IN)
  YESTERDAY        0.01          0.16  -0.15     0.00
  MONTH TO DATE    1.66          2.22  -0.56     1.04
  SINCE SEP 1      3.07          6.18  -3.11     4.73
  SINCE JAN 1     33.99         35.96  -1.97    32.83

DEGREE DAYS
 HEATING
  YESTERDAY       21            17      4       11
  MONTH TO DATE  172           191    -19      122
  SINCE SEP 1    376           405    -29      375
  SINCE JUL 1    449           483    -34      431

 COOLING
  YESTERDAY        0             0      0        0
  MONTH TO DATE    0             0      0        0
  SINCE SEP 1     34            19     15       33
  SINCE JAN 1    233           289    -56      433
......................................................


WIND (MPH)
  HIGHEST WIND SPEED    14   HIGHEST WIND DIRECTION     S (170)
  HIGHEST GUST SPEED    18   HIGHEST GUST DIRECTION     S (170)
  AVERAGE WIND SPEED     3.4


SKY COVER
  AVERAGE SKY COVER 0.9



RELATIVE HUMIDITY (PERCENT)
 HIGHEST   100
 LOWEST     71
 AVERAGE    86

..........................................................


THE PITTSFIELD MA CLIMATE NORMALS FOR TODAY
                         NORMAL
 MAXIMUM TEMPERATURE (F)   58
 MINIMUM TEMPERATURE (F)   38


SUNRISE AND SUNSET
OCTOBER 14 2014.......SUNRISE   705 AM EDT   SUNSET   613 PM EDT
OCTOBER 15 2014.......SUNRISE   706 AM EDT   SUNSET   611 PM EDT


-  INDICATES NEGATIVE NUMBERS.
R  INDICATES RECORD WAS SET OR TIED.
MM INDICATES DATA IS MISSING.
T  INDICATES TRACE AMOUNT.




$$
