000
CDUS41 KALY 150631
CLIPSF


CLIMATE REPORT
NATIONAL WEATHER SERVICE ALBANY NY
130 AM EST SAT NOV 15 2014


...................................

...THE PITTSFIELD MA CLIMATE SUMMARY FOR NOVEMBER 14 2014...

CLIMATE NORMAL PERIOD 1981 TO 2010
CLIMATE RECORD PERIOD 9999 TO 9999


WEATHER ITEM   OBSERVED TIME   NORMAL DEPARTURE LAST
                VALUE   (LST)  VALUE  FROM      YEAR
                                      NORMAL
......................................................
TEMPERATURE (F)
 YESTERDAY
  MAXIMUM         33    213 PM  48    -15       47
  MINIMUM         25   1159 PM  29     -4       20
  AVERAGE         29            38     -9       34

PRECIPITATION (IN)
  YESTERDAY        0.05          0.12  -0.07     0.00
  MONTH TO DATE    0.47          1.76  -1.29     0.86
  SINCE SEP 1      7.11         10.43  -3.32     6.28
  SINCE JAN 1     38.03         40.21  -2.18    34.38

DEGREE DAYS
 HEATING
  YESTERDAY       36            27      9       31
  MONTH TO DATE  345           343      2      372
  SINCE SEP 1   1004          1101    -97     1089
  SINCE JUL 1   1077          1179   -102     1145

 COOLING
  YESTERDAY        0             0      0        0
  MONTH TO DATE    0             0      0        0
  SINCE SEP 1     39            20     19       33
  SINCE JAN 1    238           290    -52      433
......................................................


WIND (MPH)
  HIGHEST WIND SPEED    20   HIGHEST WIND DIRECTION     W (290)
  HIGHEST GUST SPEED    25   HIGHEST GUST DIRECTION     W (280)
  AVERAGE WIND SPEED    11.5


SKY COVER
  AVERAGE SKY COVER 0.9



RELATIVE HUMIDITY (PERCENT)
 HIGHEST   100
 LOWEST     63
 AVERAGE    82

..........................................................


THE PITTSFIELD MA CLIMATE NORMALS FOR TODAY
                         NORMAL
 MAXIMUM TEMPERATURE (F)   47
 MINIMUM TEMPERATURE (F)   29


SUNRISE AND SUNSET
NOVEMBER 15 2014......SUNRISE   644 AM EST   SUNSET   431 PM EST
NOVEMBER 16 2014......SUNRISE   645 AM EST   SUNSET   430 PM EST


-  INDICATES NEGATIVE NUMBERS.
R  INDICATES RECORD WAS SET OR TIED.
MM INDICATES DATA IS MISSING.
T  INDICATES TRACE AMOUNT.




$$
