000
CDUS41 KALY 110623
CLIPSF


CLIMATE REPORT
NATIONAL WEATHER SERVICE ALBANY NY
222 AM EDT THU SEP 11 2014


...................................

...THE PITTSFIELD MA CLIMATE SUMMARY FOR SEPTEMBER 10 2014...

CLIMATE NORMAL PERIOD 1981 TO 2010
CLIMATE RECORD PERIOD 9999 TO 9999


WEATHER ITEM   OBSERVED TIME   NORMAL DEPARTURE LAST
                VALUE   (LST)  VALUE  FROM      YEAR
                                      NORMAL
......................................................
TEMPERATURE (F)
 YESTERDAY
  MAXIMUM         72    118 PM  71      1       76
  MINIMUM         47    257 AM  50     -3       52
  AVERAGE         60            61     -1       64

PRECIPITATION (IN)
  YESTERDAY        0.00          0.12  -0.12     0.17
  MONTH TO DATE    0.82          1.10  -0.28     1.15
  SINCE SEP 1      0.82          1.10  -0.28     1.15
  SINCE JAN 1     31.74         30.88   0.86    29.25

DEGREE DAYS
 HEATING
  YESTERDAY        5             5      0        1
  MONTH TO DATE   20            40    -20       52
  SINCE SEP 1     20            40    -20       52
  SINCE JUL 1     93           118    -25      108

 COOLING
  YESTERDAY        0             1     -1        0
  MONTH TO DATE   33            13     20       14
  SINCE SEP 1     33            13     20       14
  SINCE JAN 1    232           283    -51      414
......................................................


WIND (MPH)
  HIGHEST WIND SPEED    12   HIGHEST WIND DIRECTION    SE (140)
  HIGHEST GUST SPEED    16   HIGHEST GUST DIRECTION    SE (150)
  AVERAGE WIND SPEED     4.1


SKY COVER
  AVERAGE SKY COVER 0.3



RELATIVE HUMIDITY (PERCENT)
 HIGHEST   100
 LOWEST     57
 AVERAGE    79

..........................................................


THE PITTSFIELD MA CLIMATE NORMALS FOR TODAY
                         NORMAL
 MAXIMUM TEMPERATURE (F)   71
 MINIMUM TEMPERATURE (F)   50


SUNRISE AND SUNSET
SEPTEMBER 11 2014.....SUNRISE   629 AM EDT   SUNSET   710 PM EDT
SEPTEMBER 12 2014.....SUNRISE   630 AM EDT   SUNSET   708 PM EDT


-  INDICATES NEGATIVE NUMBERS.
R  INDICATES RECORD WAS SET OR TIED.
MM INDICATES DATA IS MISSING.
T  INDICATES TRACE AMOUNT.




$$
