000
CDUS41 KALY 212047
CLIPSF


CLIMATE REPORT
NATIONAL WEATHER SERVICE ALBANY NY
446 PM EDT WED JUN 21 2017


...................................

...THE PITTSFIELD MA CLIMATE SUMMARY FOR JUNE 21 2017...
VALID TODAY AS OF 0400 PM LOCAL TIME.

CLIMATE NORMAL PERIOD 1981 TO 2010
CLIMATE RECORD PERIOD 9999 TO 9999


WEATHER ITEM   OBSERVED TIME   NORMAL DEPARTURE LAST
                VALUE   (LST)  VALUE  FROM      YEAR
                                      NORMAL
......................................................
TEMPERATURE (F)
 TODAY
  MAXIMUM         75    259 PM  76     -1       77
  MINIMUM         54    423 AM  55     -1       53
  AVERAGE         65            65      0       65

PRECIPITATION (IN)
  TODAY            0.00          0.11  -0.11     0.08
  MONTH TO DATE    2.86          3.36  -0.50     2.09
  SINCE JUN 1      2.86          3.36  -0.50     2.09
  SINCE JAN 1     21.64         20.40   1.24    16.19

DEGREE DAYS
 HEATING
  TODAY            0             2     -2        0
  MONTH TO DATE   91            87      4       66
  SINCE JUN 1     91            87      4       66
  SINCE JUL 1   6765          7447   -682     6195

 COOLING
  TODAY            0             2     -2        0
  MONTH TO DATE   55            35     20       19
  SINCE JUN 1     55            35     20       19
  SINCE JAN 1     69            48     21       60
......................................................


WIND (MPH)
  HIGHEST WIND SPEED    20   HIGHEST WIND DIRECTION     W (260)
  HIGHEST GUST SPEED    27   HIGHEST GUST DIRECTION     W (280)
  AVERAGE WIND SPEED     7.5


SKY COVER
  AVERAGE SKY COVER 0.3



RELATIVE HUMIDITY (PERCENT)
 HIGHEST    93
 LOWEST     46
 AVERAGE    70

..........................................................


THE PITTSFIELD MA CLIMATE NORMALS FOR TOMORROW
                         NORMAL
 MAXIMUM TEMPERATURE (F)   76
 MINIMUM TEMPERATURE (F)   55


SUNRISE AND SUNSET
JUNE 21 2017..........SUNRISE   516 AM EDT   SUNSET   834 PM EDT
JUNE 22 2017..........SUNRISE   516 AM EDT   SUNSET   834 PM EDT


-  INDICATES NEGATIVE NUMBERS.
R  INDICATES RECORD WAS SET OR TIED.
MM INDICATES DATA IS MISSING.
T  INDICATES TRACE AMOUNT.




$$
