000
CDUS41 KALY 142045
CLIPSF


CLIMATE REPORT
NATIONAL WEATHER SERVICE ALBANY NY
445 PM EDT SAT OCT 14 2017


...................................

...THE PITTSFIELD MA CLIMATE SUMMARY FOR OCTOBER 14 2017...
VALID TODAY AS OF 0400 PM LOCAL TIME.

CLIMATE NORMAL PERIOD 1981 TO 2010
CLIMATE RECORD PERIOD 9999 TO 9999


WEATHER ITEM   OBSERVED TIME   NORMAL DEPARTURE LAST
                VALUE   (LST)  VALUE  FROM      YEAR
                                      NORMAL
......................................................
TEMPERATURE (F)
 TODAY
  MAXIMUM         69    329 PM  58     11       54
  MINIMUM         51   1210 AM  38     13       30
  AVERAGE         60            48     12       42

PRECIPITATION (IN)
  TODAY            0.00          0.16  -0.16     0.00
  MONTH TO DATE    1.14          2.38  -1.24     0.20
  SINCE SEP 1      3.92          6.34  -2.42     2.07
  SINCE JAN 1     34.71         36.12  -1.41    25.44

DEGREE DAYS
 HEATING
  TODAY            5            17    -12       23
  MONTH TO DATE  114           208    -94      180
  SINCE SEP 1    250           422   -172      308
  SINCE JUL 1    336           500   -164      332

 COOLING
  TODAY            0             0      0        0
  MONTH TO DATE    6             0      6        0
  SINCE SEP 1     79            19     60       50
  SINCE JAN 1    349           289     60      431
......................................................


WIND (MPH)
  HIGHEST WIND SPEED     8   HIGHEST WIND DIRECTION     W (260)
  HIGHEST GUST SPEED    10   HIGHEST GUST DIRECTION     W (260)
  AVERAGE WIND SPEED     1.2


SKY COVER
  AVERAGE SKY COVER 1.0



RELATIVE HUMIDITY (PERCENT)
 HIGHEST    93
 LOWEST     63
 AVERAGE    78

..........................................................


THE PITTSFIELD MA CLIMATE NORMALS FOR TOMORROW
                         NORMAL
 MAXIMUM TEMPERATURE (F)   58
 MINIMUM TEMPERATURE (F)   37


SUNRISE AND SUNSET
OCTOBER 14 2017.......SUNRISE   705 AM EDT   SUNSET   612 PM EDT
OCTOBER 15 2017.......SUNRISE   706 AM EDT   SUNSET   611 PM EDT


-  INDICATES NEGATIVE NUMBERS.
R  INDICATES RECORD WAS SET OR TIED.
MM INDICATES DATA IS MISSING.
T  INDICATES TRACE AMOUNT.




$$
