000
CDUS41 KALY 290653
CLIPSF


CLIMATE REPORT
NATIONAL WEATHER SERVICE ALBANY NY
252 AM EDT SUN MAR 29 2015


...................................

...THE PITTSFIELD MA CLIMATE SUMMARY FOR MARCH 28 2015...

CLIMATE NORMAL PERIOD 1981 TO 2010
CLIMATE RECORD PERIOD 9999 TO 9999


WEATHER ITEM   OBSERVED TIME   NORMAL DEPARTURE LAST
                VALUE   (LST)  VALUE  FROM      YEAR
                                      NORMAL
......................................................
TEMPERATURE (F)
 YESTERDAY
  MAXIMUM         31   1242 AM  47    -16       49
  MINIMUM         20   1159 PM  26     -6       31
  AVERAGE         26            36    -10       40

PRECIPITATION (IN)
  YESTERDAY        T             0.13  -0.13     0.66
  MONTH TO DATE    1.56          2.95  -1.39     1.72
  SINCE MAR 1      1.56          2.95  -1.39     1.72
  SINCE JAN 1      6.65          8.55  -1.90     8.10

DEGREE DAYS
 HEATING
  YESTERDAY       39            29     10       25
  MONTH TO DATE 1096           943    153     1149
  SINCE MAR 1   1096           943    153     1149
  SINCE JUL 1   6759          6323    436     6701

 COOLING
  YESTERDAY        0             0      0        0
  MONTH TO DATE    0             0      0        0
  SINCE MAR 1      0             0      0        0
  SINCE JAN 1      0             0      0        0
......................................................


WIND (MPH)
  HIGHEST WIND SPEED    18   HIGHEST WIND DIRECTION     N (350)
  HIGHEST GUST SPEED    25   HIGHEST GUST DIRECTION    NW (330)
  AVERAGE WIND SPEED    10.3


SKY COVER
  AVERAGE SKY COVER 1.0



RELATIVE HUMIDITY (PERCENT)
 HIGHEST    92
 LOWEST     58
 AVERAGE    75

..........................................................


THE PITTSFIELD MA CLIMATE NORMALS FOR TODAY
                         NORMAL
 MAXIMUM TEMPERATURE (F)   47
 MINIMUM TEMPERATURE (F)   26


SUNRISE AND SUNSET
MARCH 29 2015.........SUNRISE   641 AM EDT   SUNSET   715 PM EDT
MARCH 30 2015.........SUNRISE   640 AM EDT   SUNSET   717 PM EDT


-  INDICATES NEGATIVE NUMBERS.
R  INDICATES RECORD WAS SET OR TIED.
MM INDICATES DATA IS MISSING.
T  INDICATES TRACE AMOUNT.




$$
