000
CDUS41 KALY 242149
CLIPSF


CLIMATE REPORT
NATIONAL WEATHER SERVICE ALBANY NY
442 PM EST FRI FEB 24 2017


...................................

...THE PITTSFIELD MA CLIMATE SUMMARY FOR FEBRUARY 24 2017...
VALID TODAY AS OF 0400 PM LOCAL TIME.

CLIMATE NORMAL PERIOD 1981 TO 2010
CLIMATE RECORD PERIOD 9999 TO 9999


WEATHER ITEM   OBSERVED TIME   NORMAL DEPARTURE LAST
                VALUE   (LST)  VALUE  FROM      YEAR
                                      NORMAL
......................................................
TEMPERATURE (F)
 TODAY
  MAXIMUM         69    347 PM  35     34       57
  MINIMUM         38    234 AM  17     21       30
  AVERAGE         54            26     28       44

PRECIPITATION (IN)
  TODAY            0.13          0.10   0.03     1.00
  MONTH TO DATE    1.89          2.30  -0.41     3.37
  SINCE DEC 1      7.63          8.22  -0.59     8.14
  SINCE JAN 1      4.61          5.22  -0.61     4.46

DEGREE DAYS
 HEATING
  TODAY           11            39    -28       21
  MONTH TO DATE  865          1002   -137      868
  SINCE DEC 1   3190          3576   -386     2842
  SINCE JUL 1   4597          5227   -630     4215

 COOLING
  TODAY            0             0      0        0
  MONTH TO DATE    0             0      0        0
  SINCE DEC 1      0             0      0        0
  SINCE JAN 1      0             0      0        0
......................................................


WIND (MPH)
  HIGHEST WIND SPEED    17   HIGHEST WIND DIRECTION    SW (210)
  HIGHEST GUST SPEED    25   HIGHEST GUST DIRECTION    SW (230)
  AVERAGE WIND SPEED     3.8


SKY COVER
  AVERAGE SKY COVER 0.7



RELATIVE HUMIDITY (PERCENT)
 HIGHEST   100
 LOWEST     47
 AVERAGE    74

..........................................................


THE PITTSFIELD MA CLIMATE NORMALS FOR TOMORROW
                         NORMAL
 MAXIMUM TEMPERATURE (F)   35
 MINIMUM TEMPERATURE (F)   17


SUNRISE AND SUNSET
FEBRUARY 24 2017......SUNRISE   636 AM EST   SUNSET   537 PM EST
FEBRUARY 25 2017......SUNRISE   635 AM EST   SUNSET   538 PM EST


-  INDICATES NEGATIVE NUMBERS.
R  INDICATES RECORD WAS SET OR TIED.
MM INDICATES DATA IS MISSING.
T  INDICATES TRACE AMOUNT.




$$
