000
CDUS41 KALY 300640
CLIPSF


CLIMATE REPORT
NATIONAL WEATHER SERVICE ALBANY NY
240 AM EDT TUE AUG 30 2016


...................................

...THE PITTSFIELD MA CLIMATE SUMMARY FOR AUGUST 29 2016...

CLIMATE NORMAL PERIOD 1981 TO 2010
CLIMATE RECORD PERIOD 9999 TO 9999


WEATHER ITEM   OBSERVED TIME   NORMAL DEPARTURE LAST
                VALUE   (LST)  VALUE  FROM      YEAR
                                      NORMAL
......................................................
TEMPERATURE (F)
 YESTERDAY
  MAXIMUM         80    255 PM  75      5       76
  MINIMUM         55   1150 PM  54      1       48
  AVERAGE         68            64      4       62

PRECIPITATION (IN)
  YESTERDAY        0.00          0.12  -0.12     0.00
  MONTH TO DATE    2.62          3.86  -1.24     2.97
  SINCE JUN 1      9.27         12.51  -3.24    16.10
  SINCE JAN 1     23.37         29.55  -6.18    27.24

DEGREE DAYS
 HEATING
  YESTERDAY        0             2     -2        3
  MONTH TO DATE   11            37    -26        9
  SINCE JUN 1     98           169    -71      139
  SINCE JUL 1     22            68    -46       28

 COOLING
  YESTERDAY        3             2      1        0
  MONTH TO DATE  145            92     53      102
  SINCE JUN 1    339           256     83      256
  SINCE JAN 1    380           269    111      300
......................................................


WIND (MPH)
  HIGHEST WIND SPEED    17   HIGHEST WIND DIRECTION     W (290)
  HIGHEST GUST SPEED    25   HIGHEST GUST DIRECTION    NW (320)
  AVERAGE WIND SPEED     6.2


SKY COVER
  AVERAGE SKY COVER 0.4



RELATIVE HUMIDITY (PERCENT)
 HIGHEST    93
 LOWEST     42
 AVERAGE    68

..........................................................


THE PITTSFIELD MA CLIMATE NORMALS FOR TODAY
                         NORMAL
 MAXIMUM TEMPERATURE (F)   75
 MINIMUM TEMPERATURE (F)   54


SUNRISE AND SUNSET
AUGUST 30 2016........SUNRISE   617 AM EDT   SUNSET   730 PM EDT
AUGUST 31 2016........SUNRISE   618 AM EDT   SUNSET   728 PM EDT


-  INDICATES NEGATIVE NUMBERS.
R  INDICATES RECORD WAS SET OR TIED.
MM INDICATES DATA IS MISSING.
T  INDICATES TRACE AMOUNT.




$$
