000
CDUS41 KALY 290623
CLIPSF


CLIMATE REPORT
NATIONAL WEATHER SERVICE ALBANY NY
222 AM EDT FRI MAY 29 2015


...................................

...THE PITTSFIELD MA CLIMATE SUMMARY FOR MAY 28 2015...

CLIMATE NORMAL PERIOD 1981 TO 2010
CLIMATE RECORD PERIOD 9999 TO 9999


WEATHER ITEM   OBSERVED TIME   NORMAL DEPARTURE LAST
                VALUE   (LST)  VALUE  FROM      YEAR
                                      NORMAL
......................................................
TEMPERATURE (F)
 YESTERDAY
  MAXIMUM         80   1256 PM  70     10       54
  MINIMUM         58   1139 PM  47     11       46
  AVERAGE         69            58     11       50

PRECIPITATION (IN)
  YESTERDAY        0.26          0.16   0.10     0.01
  MONTH TO DATE    1.28          3.73  -2.45     1.05
  SINCE MAR 1      5.75         10.96  -5.21     7.62
  SINCE JAN 1     10.84         16.56  -5.72    14.00

DEGREE DAYS
 HEATING
  YESTERDAY        0             7     -7       15
  MONTH TO DATE  166           305   -139      234
  SINCE MAR 1   1995          1960     35     2098
  SINCE JUL 1   7658          7340    318     7650

 COOLING
  YESTERDAY        4             1      3        0
  MONTH TO DATE   41             2     39        5
  SINCE MAR 1     41             4     37        6
  SINCE JAN 1     41             4     37        6
......................................................


WIND (MPH)
  HIGHEST WIND SPEED    24   HIGHEST WIND DIRECTION    NW (300)
  HIGHEST GUST SPEED    34   HIGHEST GUST DIRECTION     W (290)
  AVERAGE WIND SPEED     7.4


SKY COVER
  AVERAGE SKY COVER 0.4



RELATIVE HUMIDITY (PERCENT)
 HIGHEST    93
 LOWEST     57
 AVERAGE    75

..........................................................


THE PITTSFIELD MA CLIMATE NORMALS FOR TODAY
                         NORMAL
 MAXIMUM TEMPERATURE (F)   70
 MINIMUM TEMPERATURE (F)   47


SUNRISE AND SUNSET
MAY 29 2015...........SUNRISE   521 AM EDT   SUNSET   821 PM EDT
MAY 30 2015...........SUNRISE   520 AM EDT   SUNSET   822 PM EDT


-  INDICATES NEGATIVE NUMBERS.
R  INDICATES RECORD WAS SET OR TIED.
MM INDICATES DATA IS MISSING.
T  INDICATES TRACE AMOUNT.




$$
