000
CDUS41 KALY 240629
CLIPSF


CLIMATE REPORT
NATIONAL WEATHER SERVICE ALBANY NY
227 AM EDT SAT SEP 24 2016


...................................

...THE PITTSFIELD MA CLIMATE SUMMARY FOR SEPTEMBER 23 2016...

CLIMATE NORMAL PERIOD 1981 TO 2010
CLIMATE RECORD PERIOD 9999 TO 9999


WEATHER ITEM   OBSERVED TIME   NORMAL DEPARTURE LAST
                VALUE   (LST)  VALUE  FROM      YEAR
                                      NORMAL
......................................................
TEMPERATURE (F)
 YESTERDAY
  MAXIMUM         77    200 PM  66     11       73
  MINIMUM         53   1136 PM  45      8       41
  AVERAGE         65            56      9       57

PRECIPITATION (IN)
  YESTERDAY        T             0.13  -0.13     0.00
  MONTH TO DATE    1.42          2.82  -1.40     2.07
  SINCE SEP 1      1.42          2.82  -1.40     2.07
  SINCE JAN 1     24.79         32.60  -7.81    29.31

DEGREE DAYS
 HEATING
  YESTERDAY        0            10    -10        8
  MONTH TO DATE   44           136    -92       50
  SINCE SEP 1     44           136    -92       50
  SINCE JUL 1     68           214   -146       78

 COOLING
  YESTERDAY        0             0      0        0
  MONTH TO DATE   50            16     34       50
  SINCE SEP 1     50            16     34       50
  SINCE JAN 1    431           286    145      358
......................................................


WIND (MPH)
  HIGHEST WIND SPEED    13   HIGHEST WIND DIRECTION    NE (40)
  HIGHEST GUST SPEED    20   HIGHEST GUST DIRECTION     W (280)
  AVERAGE WIND SPEED     4.0


SKY COVER
  AVERAGE SKY COVER 0.4



RELATIVE HUMIDITY (PERCENT)
 HIGHEST    93
 LOWEST     50
 AVERAGE    72

..........................................................


THE PITTSFIELD MA CLIMATE NORMALS FOR TODAY
                         NORMAL
 MAXIMUM TEMPERATURE (F)   66
 MINIMUM TEMPERATURE (F)   45


SUNRISE AND SUNSET
SEPTEMBER 24 2016.....SUNRISE   643 AM EDT   SUNSET   646 PM EDT
SEPTEMBER 25 2016.....SUNRISE   644 AM EDT   SUNSET   644 PM EDT


-  INDICATES NEGATIVE NUMBERS.
R  INDICATES RECORD WAS SET OR TIED.
MM INDICATES DATA IS MISSING.
T  INDICATES TRACE AMOUNT.




$$
