000
CDUS41 KALY 110622
CLIPSF


CLIMATE REPORT
NATIONAL WEATHER SERVICE ALBANY NY
221 AM EDT TUE JUL 11 2017


...................................

...THE PITTSFIELD MA CLIMATE SUMMARY FOR JULY 10 2017...

CLIMATE NORMAL PERIOD 1981 TO 2010
CLIMATE RECORD PERIOD 9999 TO 9999


WEATHER ITEM   OBSERVED TIME   NORMAL DEPARTURE LAST
                VALUE   (LST)  VALUE  FROM      YEAR
                                      NORMAL
......................................................
TEMPERATURE (F)
 YESTERDAY
  MAXIMUM         79    121 PM  79      0       75
  MINIMUM         53    455 AM  56     -3       59
  AVERAGE         66            67     -1       67

PRECIPITATION (IN)
  YESTERDAY        0.01          0.13  -0.12     0.16
  MONTH TO DATE    1.56          1.16   0.40     1.94
  SINCE JUN 1      5.56          5.56   0.00     4.44
  SINCE JAN 1     24.34         22.60   1.74    18.54

DEGREE DAYS
 HEATING
  YESTERDAY        0             1     -1        0
  MONTH TO DATE    0            10    -10        7
  SINCE JUN 1    106           111     -5       83
  SINCE JUL 1      0            10    -10        7

 COOLING
  YESTERDAY        1             4     -3        2
  MONTH TO DATE   30            33     -3       35
  SINCE JUN 1    108            89     19       74
  SINCE JAN 1    122           102     20      115
......................................................


WIND (MPH)
  HIGHEST WIND SPEED    17   HIGHEST WIND DIRECTION    SW (230)
  HIGHEST GUST SPEED    24   HIGHEST GUST DIRECTION    SW (230)
  AVERAGE WIND SPEED     5.1


SKY COVER
  AVERAGE SKY COVER 0.1



RELATIVE HUMIDITY (PERCENT)
 HIGHEST    93
 LOWEST     42
 AVERAGE    68

..........................................................


THE PITTSFIELD MA CLIMATE NORMALS FOR TODAY
                         NORMAL
 MAXIMUM TEMPERATURE (F)   79
 MINIMUM TEMPERATURE (F)   56


SUNRISE AND SUNSET
JULY 11 2017..........SUNRISE   527 AM EDT   SUNSET   831 PM EDT
JULY 12 2017..........SUNRISE   527 AM EDT   SUNSET   830 PM EDT


-  INDICATES NEGATIVE NUMBERS.
R  INDICATES RECORD WAS SET OR TIED.
MM INDICATES DATA IS MISSING.
T  INDICATES TRACE AMOUNT.




$$
