973
CDUS41 KALY 160623
CLIPSF


CLIMATE REPORT
NATIONAL WEATHER SERVICE ALBANY NY
122 AM EST FRI FEB 16 2018


...................................

...THE PITTSFIELD MA CLIMATE SUMMARY FOR FEBRUARY 15 2018...

CLIMATE NORMAL PERIOD 1981 TO 2010
CLIMATE RECORD PERIOD 9999 TO 9999


WEATHER ITEM   OBSERVED TIME   NORMAL DEPARTURE LAST
                VALUE   (LST)  VALUE  FROM      YEAR
                                      NORMAL
......................................................
TEMPERATURE (F)
 YESTERDAY
  MAXIMUM         52    223 PM  32     20       36
  MINIMUM         28    116 AM  15     13       22
  AVERAGE         40            24     16       29

PRECIPITATION (IN)
  YESTERDAY        T             0.10  -0.10     0.03
  MONTH TO DATE    2.31          1.39   0.92     1.74
  SINCE DEC 1      9.12          7.31   1.81     7.48
  SINCE JAN 1      6.97          4.31   2.66     4.46

DEGREE DAYS
 HEATING
  YESTERDAY       25            41    -16       36
  MONTH TO DATE  575           641    -66      611
  SINCE DEC 1   3153          3215    -62     2936
  SINCE JUL 1   4478          4866   -388     4343

 COOLING
  YESTERDAY        0             0      0        0
  MONTH TO DATE    0             0      0        0
  SINCE DEC 1      0             0      0        0
  SINCE JAN 1      0             0      0        0
......................................................


WIND (MPH)
  HIGHEST WIND SPEED    15   HIGHEST WIND DIRECTION     W (250)
  HIGHEST GUST SPEED    18   HIGHEST GUST DIRECTION    SW (240)
  AVERAGE WIND SPEED     2.6


SKY COVER
  AVERAGE SKY COVER 0.6



RELATIVE HUMIDITY (PERCENT)
 HIGHEST    96
 LOWEST     77
 AVERAGE    87

..........................................................


THE PITTSFIELD MA CLIMATE NORMALS FOR TODAY
                         NORMAL
 MAXIMUM TEMPERATURE (F)   32
 MINIMUM TEMPERATURE (F)   16


SUNRISE AND SUNSET
FEBRUARY 16 2018......SUNRISE   648 AM EST   SUNSET   527 PM EST
FEBRUARY 17 2018......SUNRISE   647 AM EST   SUNSET   528 PM EST


-  INDICATES NEGATIVE NUMBERS.
R  INDICATES RECORD WAS SET OR TIED.
MM INDICATES DATA IS MISSING.
T  INDICATES TRACE AMOUNT.




$$
