000
CDUS41 KALY 102042
CLIPSF


CLIMATE REPORT
NATIONAL WEATHER SERVICE ALBANY NY
442 PM EDT WED AUG 10 2016


...................................

...THE PITTSFIELD MA CLIMATE SUMMARY FOR AUGUST 10 2016...
VALID TODAY AS OF 0400 PM LOCAL TIME.

CLIMATE NORMAL PERIOD 1981 TO 2010
CLIMATE RECORD PERIOD 9999 TO 9999


WEATHER ITEM   OBSERVED TIME   NORMAL DEPARTURE LAST
                VALUE   (LST)  VALUE  FROM      YEAR
                                      NORMAL
......................................................
TEMPERATURE (F)
 TODAY
  MAXIMUM         81    324 PM  78      3       78
  MINIMUM         64    145 AM  57      7       54
  AVERAGE         73            67      6       66

PRECIPITATION (IN)
  TODAY            0.33          0.13   0.20      T
  MONTH TO DATE    1.08          1.44  -0.36     0.57
  SINCE JUN 1      7.73         10.09  -2.36    13.70
  SINCE JAN 1     21.83         27.13  -5.30    24.84

DEGREE DAYS
 HEATING
  TODAY            0             1     -1        0
  MONTH TO DATE    0            10    -10        1
  SINCE JUN 1     87           142    -55      131
  SINCE JUL 1     11            41    -30       20

 COOLING
  TODAY            8             4      4        1
  MONTH TO DATE   30            40    -10       18
  SINCE JUN 1    224           204     20      172
  SINCE JAN 1    265           217     48      216
......................................................


WIND (MPH)
  HIGHEST WIND SPEED    14   HIGHEST WIND DIRECTION    SW (210)
  HIGHEST GUST SPEED    20   HIGHEST GUST DIRECTION    SW (230)
  AVERAGE WIND SPEED     4.8


SKY COVER
  AVERAGE SKY COVER 0.9



RELATIVE HUMIDITY (PERCENT)
 HIGHEST    93
 LOWEST     73
 AVERAGE    83

..........................................................


THE PITTSFIELD MA CLIMATE NORMALS FOR TOMORROW
                         NORMAL
 MAXIMUM TEMPERATURE (F)   78
 MINIMUM TEMPERATURE (F)   57


SUNRISE AND SUNSET
AUGUST 10 2016........SUNRISE   555 AM EDT   SUNSET   801 PM EDT
AUGUST 11 2016........SUNRISE   556 AM EDT   SUNSET   759 PM EDT


-  INDICATES NEGATIVE NUMBERS.
R  INDICATES RECORD WAS SET OR TIED.
MM INDICATES DATA IS MISSING.
T  INDICATES TRACE AMOUNT.




$$
