000
CDUS41 KALY 142207
CLIPSF


CLIMATE REPORT
NATIONAL WEATHER SERVICE ALBANY NY
506 PM EST TUE NOV 14 2017


...................................

...THE PITTSFIELD MA CLIMATE SUMMARY FOR NOVEMBER 14 2017...
VALID TODAY AS OF 0400 PM LOCAL TIME.

CLIMATE NORMAL PERIOD 1981 TO 2010
CLIMATE RECORD PERIOD 9999 TO 9999


WEATHER ITEM   OBSERVED TIME   NORMAL DEPARTURE LAST
                VALUE   (LST)  VALUE  FROM      YEAR
                                      NORMAL
......................................................
TEMPERATURE (F)
 TODAY
  MAXIMUM         37    143 PM  48    -11       58
  MINIMUM         29   1255 AM  29      0       22
  AVERAGE         33            38     -5       40

PRECIPITATION (IN)
  TODAY            0.00          0.12  -0.12     0.00
  MONTH TO DATE    0.42          1.76  -1.34     0.11
  SINCE SEP 1      7.71         10.43  -2.72     5.83
  SINCE JAN 1     38.50         40.21  -1.71    29.20

DEGREE DAYS
 HEATING
  TODAY           32            27      5       25
  MONTH TO DATE  329           343    -14      317
  SINCE SEP 1    788          1101   -313      935
  SINCE JUL 1    874          1179   -305      959

 COOLING
  TODAY            0             0      0        0
  MONTH TO DATE    0             0      0        0
  SINCE SEP 1     81            20     61       51
  SINCE JAN 1    351           290     61      432
......................................................


WIND (MPH)
  HIGHEST WIND SPEED     6   HIGHEST WIND DIRECTION    NE (40)
  HIGHEST GUST SPEED     7   HIGHEST GUST DIRECTION    NE (30)
  AVERAGE WIND SPEED     1.5


SKY COVER
  AVERAGE SKY COVER 1.0



RELATIVE HUMIDITY (PERCENT)
 HIGHEST    85
 LOWEST     70
 AVERAGE    78

..........................................................


THE PITTSFIELD MA CLIMATE NORMALS FOR TOMORROW
                         NORMAL
 MAXIMUM TEMPERATURE (F)   47
 MINIMUM TEMPERATURE (F)   29


SUNRISE AND SUNSET
NOVEMBER 14 2017......SUNRISE   643 AM EST   SUNSET   432 PM EST
NOVEMBER 15 2017......SUNRISE   644 AM EST   SUNSET   431 PM EST


-  INDICATES NEGATIVE NUMBERS.
R  INDICATES RECORD WAS SET OR TIED.
MM INDICATES DATA IS MISSING.
T  INDICATES TRACE AMOUNT.




$$
