000
CDUS41 KALY 090624
CLIPSF


CLIMATE REPORT
NATIONAL WEATHER SERVICE ALBANY NY
124 AM EST TUE JAN 9 2018


...................................

...THE PITTSFIELD MA CLIMATE SUMMARY FOR JANUARY 8 2018...

CLIMATE NORMAL PERIOD 1981 TO 2010
CLIMATE RECORD PERIOD 9999 TO 9999


WEATHER ITEM   OBSERVED TIME   NORMAL DEPARTURE LAST
                VALUE   (LST)  VALUE  FROM      YEAR
                                      NORMAL
......................................................
TEMPERATURE (F)
 YESTERDAY
  MAXIMUM         29    216 PM  29      0       15
  MINIMUM         14   1221 AM  12      2        6
  AVERAGE         22            20      2       11

PRECIPITATION (IN)
  YESTERDAY        0.02          0.11  -0.09      T
  MONTH TO DATE    0.33          0.94  -0.61     0.47
  SINCE DEC 1      2.48          3.94  -1.46     3.49
  SINCE JAN 1      0.33          0.94  -0.61     0.47

DEGREE DAYS
 HEATING
  YESTERDAY       43            45     -2       54
  MONTH TO DATE  458           353    105      339
  SINCE DEC 1   1720          1540    180     1517
  SINCE JUL 1   3045          3191   -146     2924

 COOLING
  YESTERDAY        0             0      0        0
  MONTH TO DATE    0             0      0        0
  SINCE DEC 1      0             0      0        0
  SINCE JAN 1      0             0      0        0
......................................................


WIND (MPH)
  HIGHEST WIND SPEED    16   HIGHEST WIND DIRECTION    SW (240)
  HIGHEST GUST SPEED    23   HIGHEST GUST DIRECTION    SW (220)
  AVERAGE WIND SPEED     6.1


SKY COVER
  AVERAGE SKY COVER 1.0



RELATIVE HUMIDITY (PERCENT)
 HIGHEST    88
 LOWEST     33
 AVERAGE    61

..........................................................


THE PITTSFIELD MA CLIMATE NORMALS FOR TODAY
                         NORMAL
 MAXIMUM TEMPERATURE (F)   29
 MINIMUM TEMPERATURE (F)   12


SUNRISE AND SUNSET
JANUARY  9 2018.......SUNRISE   722 AM EST   SUNSET   439 PM EST
JANUARY 10 2018.......SUNRISE   722 AM EST   SUNSET   440 PM EST


-  INDICATES NEGATIVE NUMBERS.
R  INDICATES RECORD WAS SET OR TIED.
MM INDICATES DATA IS MISSING.
T  INDICATES TRACE AMOUNT.




$$
