000
CDUS41 KALY 140625
CLIPSF


CLIMATE REPORT
NATIONAL WEATHER SERVICE ALBANY NY
224 AM EDT SUN MAY 14 2017


...................................

...THE PITTSFIELD MA CLIMATE SUMMARY FOR MAY 13 2017...

CLIMATE NORMAL PERIOD 1981 TO 2010
CLIMATE RECORD PERIOD 9999 TO 9999


WEATHER ITEM   OBSERVED TIME   NORMAL DEPARTURE LAST
                VALUE   (LST)  VALUE  FROM      YEAR
                                      NORMAL
......................................................
TEMPERATURE (F)
 YESTERDAY
  MAXIMUM         52    133 PM  66    -14       63
  MINIMUM         38   1159 PM  42     -4       45
  AVERAGE         45            54     -9       54

PRECIPITATION (IN)
  YESTERDAY        1.18          0.12   1.06     0.42
  MONTH TO DATE    4.22          1.46   2.76     1.65
  SINCE MAR 1     10.62          8.69   1.93     6.40
  SINCE JAN 1     16.20         14.29   1.91    11.77

DEGREE DAYS
 HEATING
  YESTERDAY       20            11      9       11
  MONTH TO DATE  219           170     49      194
  SINCE MAR 1   1826          1825      1     1643
  SINCE JUL 1   6528          7205   -677     6010

 COOLING
  YESTERDAY        0             0      0        0
  MONTH TO DATE    0             0      0        0
  SINCE MAR 1      2             2      0        0
  SINCE JAN 1      2             2      0        0
......................................................


WIND (MPH)
  HIGHEST WIND SPEED    14   HIGHEST WIND DIRECTION    NE (60)
  HIGHEST GUST SPEED    19   HIGHEST GUST DIRECTION    NE (60)
  AVERAGE WIND SPEED     5.1


SKY COVER
  AVERAGE SKY COVER 0.9



RELATIVE HUMIDITY (PERCENT)
 HIGHEST    93
 LOWEST     71
 AVERAGE    82

..........................................................


THE PITTSFIELD MA CLIMATE NORMALS FOR TODAY
                         NORMAL
 MAXIMUM TEMPERATURE (F)   66
 MINIMUM TEMPERATURE (F)   43


SUNRISE AND SUNSET
MAY 14 2017...........SUNRISE   532 AM EDT   SUNSET   807 PM EDT
MAY 15 2017...........SUNRISE   531 AM EDT   SUNSET   808 PM EDT


-  INDICATES NEGATIVE NUMBERS.
R  INDICATES RECORD WAS SET OR TIED.
MM INDICATES DATA IS MISSING.
T  INDICATES TRACE AMOUNT.




$$
