000
CDUS41 KALY 242151
CLIPSF


CLIMATE REPORT
NATIONAL WEATHER SERVICE ALBANY NY
450 PM EST TUE FEB 24 2015


...................................

...THE PITTSFIELD MA CLIMATE SUMMARY FOR FEBRUARY 24 2015...
VALID TODAY AS OF 0400 PM LOCAL TIME.

CLIMATE NORMAL PERIOD 1981 TO 2010
CLIMATE RECORD PERIOD 9999 TO 9999


WEATHER ITEM   OBSERVED TIME   NORMAL DEPARTURE LAST
                VALUE   (LST)  VALUE  FROM      YEAR
                                      NORMAL
......................................................
TEMPERATURE (F)
 TODAY
  MAXIMUM         17    423 PM  35    -18       33
  MINIMUM        -10    711 AM  17    -27       15
  AVERAGE          4            26    -22       24

PRECIPITATION (IN)
  TODAY            0.00          0.10  -0.10      T
  MONTH TO DATE    1.73          2.30  -0.57     2.97
  SINCE DEC 1      8.84          8.22   0.62     9.11
  SINCE JAN 1      5.09          5.22  -0.13     6.32

DEGREE DAYS
 HEATING
  TODAY           61            39     22       41
  MONTH TO DATE 1292          1002    290     1055
  SINCE DEC 1   3834          3576    258     3654
  SINCE JUL 1   5456          5227    229     5334

 COOLING
  TODAY            0             0      0        0
  MONTH TO DATE    0             0      0        0
  SINCE DEC 1      0             0      0        0
  SINCE JAN 1      0             0      0        0
......................................................


WIND (MPH)
  HIGHEST WIND SPEED    18   HIGHEST WIND DIRECTION     S (200)
  HIGHEST GUST SPEED    26   HIGHEST GUST DIRECTION     S (200)
  AVERAGE WIND SPEED     7.9


SKY COVER
  AVERAGE SKY COVER 0.2



RELATIVE HUMIDITY (PERCENT)
 HIGHEST    79
 LOWEST     30
 AVERAGE    55

..........................................................


THE PITTSFIELD MA CLIMATE NORMALS FOR TOMORROW
                         NORMAL
 MAXIMUM TEMPERATURE (F)   35
 MINIMUM TEMPERATURE (F)   17


SUNRISE AND SUNSET
FEBRUARY 24 2015......SUNRISE   637 AM EST   SUNSET   536 PM EST
FEBRUARY 25 2015......SUNRISE   635 AM EST   SUNSET   538 PM EST


-  INDICATES NEGATIVE NUMBERS.
R  INDICATES RECORD WAS SET OR TIED.
MM INDICATES DATA IS MISSING.
T  INDICATES TRACE AMOUNT.




$$
