965
CDUS41 KALY 180622
CLIPSF


CLIMATE REPORT
NATIONAL WEATHER SERVICE ALBANY NY
221 AM EDT SAT MAR 18 2017


...................................

...THE PITTSFIELD MA CLIMATE SUMMARY FOR MARCH 17 2017...

CLIMATE NORMAL PERIOD 1981 TO 2010
CLIMATE RECORD PERIOD 9999 TO 9999


WEATHER ITEM   OBSERVED TIME   NORMAL DEPARTURE LAST
                VALUE   (LST)  VALUE  FROM      YEAR
                                      NORMAL
......................................................
TEMPERATURE (F)
 YESTERDAY
  MAXIMUM         35    408 PM  42     -7       58
  MINIMUM         16    551 AM  22     -6       36
  AVERAGE         26            32     -6       47

PRECIPITATION (IN)
  YESTERDAY        0.00          0.11  -0.11     0.07
  MONTH TO DATE    1.05          1.50  -0.45     1.53
  SINCE MAR 1      1.05          1.50  -0.45     1.53
  SINCE JAN 1      6.63          7.10  -0.47     6.90

DEGREE DAYS
 HEATING
  YESTERDAY       39            33      6       18
  MONTH TO DATE  676           604     72      440
  SINCE MAR 1    676           604     72      440
  SINCE JUL 1   5378          5984   -606     4807

 COOLING
  YESTERDAY        0             0      0        0
  MONTH TO DATE    0             0      0        0
  SINCE MAR 1      0             0      0        0
  SINCE JAN 1      0             0      0        0
......................................................


WIND (MPH)
  HIGHEST WIND SPEED    22   HIGHEST WIND DIRECTION     W (290)
  HIGHEST GUST SPEED    30   HIGHEST GUST DIRECTION     W (280)
  AVERAGE WIND SPEED     9.7


SKY COVER
  AVERAGE SKY COVER 0.0



RELATIVE HUMIDITY (PERCENT)
 HIGHEST    74
 LOWEST     23
 AVERAGE    49

..........................................................


THE PITTSFIELD MA CLIMATE NORMALS FOR TODAY
                         NORMAL
 MAXIMUM TEMPERATURE (F)   43
 MINIMUM TEMPERATURE (F)   22


SUNRISE AND SUNSET
MARCH 18 2017.........SUNRISE   700 AM EDT   SUNSET   703 PM EDT
MARCH 19 2017.........SUNRISE   658 AM EDT   SUNSET   705 PM EDT


-  INDICATES NEGATIVE NUMBERS.
R  INDICATES RECORD WAS SET OR TIED.
MM INDICATES DATA IS MISSING.
T  INDICATES TRACE AMOUNT.




$$
