000
CDUS41 KALY 042059
CLIPSF


CLIMATE REPORT
NATIONAL WEATHER SERVICE ALBANY NY
458 PM EDT TUE JUL 4 2017


...................................

...THE PITTSFIELD MA CLIMATE SUMMARY FOR JULY 4 2017...
VALID TODAY AS OF 0400 PM LOCAL TIME.

CLIMATE NORMAL PERIOD 1981 TO 2010
CLIMATE RECORD PERIOD 9999 TO 9999


WEATHER ITEM   OBSERVED TIME   NORMAL DEPARTURE LAST
                VALUE   (LST)  VALUE  FROM      YEAR
                                      NORMAL
......................................................
TEMPERATURE (F)
 TODAY
  MAXIMUM         78    234 PM  78      0       80
  MINIMUM         52    449 AM  56     -4       50
  AVERAGE         65            67     -2       65

PRECIPITATION (IN)
  TODAY            0.00          0.12  -0.12     0.00
  MONTH TO DATE    0.37          0.45  -0.08     0.37
  SINCE JUN 1      4.37          4.85  -0.48     2.87
  SINCE JAN 1     23.15         21.89   1.26    16.97

DEGREE DAYS
 HEATING
  TODAY            0             1     -1        0
  MONTH TO DATE    0             4     -4        2
  SINCE JUN 1    106           105      1       78
  SINCE JUL 1      0             4     -4        2

 COOLING
  TODAY            0             3     -3        0
  MONTH TO DATE   19            12      7        1
  SINCE JUN 1     97            68     29       40
  SINCE JAN 1    111            81     30       81
......................................................


WIND (MPH)
  HIGHEST WIND SPEED    13   HIGHEST WIND DIRECTION     W (280)
  HIGHEST GUST SPEED    19   HIGHEST GUST DIRECTION     W (290)
  AVERAGE WIND SPEED     3.9


SKY COVER
  AVERAGE SKY COVER 0.1



RELATIVE HUMIDITY (PERCENT)
 HIGHEST    93
 LOWEST     39
 AVERAGE    66

..........................................................


THE PITTSFIELD MA CLIMATE NORMALS FOR TOMORROW
                         NORMAL
 MAXIMUM TEMPERATURE (F)   78
 MINIMUM TEMPERATURE (F)   56


SUNRISE AND SUNSET
JULY  4 2017..........SUNRISE   522 AM EDT   SUNSET   833 PM EDT
JULY  5 2017..........SUNRISE   522 AM EDT   SUNSET   833 PM EDT


-  INDICATES NEGATIVE NUMBERS.
R  INDICATES RECORD WAS SET OR TIED.
MM INDICATES DATA IS MISSING.
T  INDICATES TRACE AMOUNT.




$$
