000
CDUS41 KALY 200644
CLIPSF


CLIMATE REPORT
NATIONAL WEATHER SERVICE ALBANY NY
140 AM EST THU NOV 20 2014


...................................

...THE PITTSFIELD MA CLIMATE SUMMARY FOR NOVEMBER 19 2014...

CLIMATE NORMAL PERIOD 1981 TO 2010
CLIMATE RECORD PERIOD 9999 TO 9999


WEATHER ITEM   OBSERVED TIME   NORMAL DEPARTURE LAST
                VALUE   (LST)  VALUE  FROM      YEAR
                                      NORMAL
......................................................
TEMPERATURE (F)
 YESTERDAY
  MAXIMUM         28    313 PM  45    -17       39
  MINIMUM         15    455 AM  28    -13       26
  AVERAGE         22            37    -15       33

PRECIPITATION (IN)
  YESTERDAY        T             0.14  -0.14     0.00
  MONTH TO DATE    1.22          2.43  -1.21     1.33
  SINCE SEP 1      7.86         11.10  -3.24     6.75
  SINCE JAN 1     38.78         40.88  -2.10    34.85

DEGREE DAYS
 HEATING
  YESTERDAY       43            28     15       32
  MONTH TO DATE  532           481     51      488
  SINCE SEP 1   1191          1239    -48     1205
  SINCE JUL 1   1264          1317    -53     1261

 COOLING
  YESTERDAY        0             0      0        0
  MONTH TO DATE    0             0      0        0
  SINCE SEP 1     39            20     19       33
  SINCE JAN 1    238           290    -52      433
......................................................


WIND (MPH)
  HIGHEST WIND SPEED    22   HIGHEST WIND DIRECTION     S (190)
  HIGHEST GUST SPEED    32   HIGHEST GUST DIRECTION    SW (220)
  AVERAGE WIND SPEED    10.0


SKY COVER
  AVERAGE SKY COVER 0.2



RELATIVE HUMIDITY (PERCENT)
 HIGHEST    61
 LOWEST     33
 AVERAGE    47

..........................................................


THE PITTSFIELD MA CLIMATE NORMALS FOR TODAY
                         NORMAL
 MAXIMUM TEMPERATURE (F)   45
 MINIMUM TEMPERATURE (F)   28


SUNRISE AND SUNSET
NOVEMBER 20 2014......SUNRISE   650 AM EST   SUNSET   427 PM EST
NOVEMBER 21 2014......SUNRISE   651 AM EST   SUNSET   426 PM EST


-  INDICATES NEGATIVE NUMBERS.
R  INDICATES RECORD WAS SET OR TIED.
MM INDICATES DATA IS MISSING.
T  INDICATES TRACE AMOUNT.




$$
