000
CDUS41 KALY 150622
CLIPSF


CLIMATE REPORT
NATIONAL WEATHER SERVICE ALBANY NY
221 AM EDT WED OCT 15 2014


...................................

...THE PITTSFIELD MA CLIMATE SUMMARY FOR OCTOBER 14 2014...

CLIMATE NORMAL PERIOD 1981 TO 2010
CLIMATE RECORD PERIOD 9999 TO 9999


WEATHER ITEM   OBSERVED TIME   NORMAL DEPARTURE LAST
                VALUE   (LST)  VALUE  FROM      YEAR
                                      NORMAL
......................................................
TEMPERATURE (F)
 YESTERDAY
  MAXIMUM         72    257 PM  58     14       68
  MINIMUM         55    228 AM  38     17       39
  AVERAGE         64            48     16       54

PRECIPITATION (IN)
  YESTERDAY        0.00          0.16  -0.16     0.00
  MONTH TO DATE    1.66          2.38  -0.72     1.04
  SINCE SEP 1      3.07          6.34  -3.27     4.73
  SINCE JAN 1     33.99         36.12  -2.13    32.83

DEGREE DAYS
 HEATING
  YESTERDAY        1            17    -16       11
  MONTH TO DATE  173           208    -35      133
  SINCE SEP 1    377           422    -45      386
  SINCE JUL 1    450           500    -50      442

 COOLING
  YESTERDAY        0             0      0        0
  MONTH TO DATE    0             0      0        0
  SINCE SEP 1     34            19     15       33
  SINCE JAN 1    233           289    -56      433
......................................................


WIND (MPH)
  HIGHEST WIND SPEED    18   HIGHEST WIND DIRECTION     S (200)
  HIGHEST GUST SPEED    26   HIGHEST GUST DIRECTION     S (170)
  AVERAGE WIND SPEED     6.6


SKY COVER
  AVERAGE SKY COVER 0.9



RELATIVE HUMIDITY (PERCENT)
 HIGHEST   100
 LOWEST     61
 AVERAGE    81

..........................................................


THE PITTSFIELD MA CLIMATE NORMALS FOR TODAY
                         NORMAL
 MAXIMUM TEMPERATURE (F)   58
 MINIMUM TEMPERATURE (F)   37


SUNRISE AND SUNSET
OCTOBER 15 2014.......SUNRISE   706 AM EDT   SUNSET   611 PM EDT
OCTOBER 16 2014.......SUNRISE   707 AM EDT   SUNSET   610 PM EDT


-  INDICATES NEGATIVE NUMBERS.
R  INDICATES RECORD WAS SET OR TIED.
MM INDICATES DATA IS MISSING.
T  INDICATES TRACE AMOUNT.




$$
