000
CDUS41 KALY 120627
CLIPSF


CLIMATE REPORT
NATIONAL WEATHER SERVICE ALBANY NY
226 AM EDT MON SEP 12 2016


...................................

...THE PITTSFIELD MA CLIMATE SUMMARY FOR SEPTEMBER 11 2016...

CLIMATE NORMAL PERIOD 1981 TO 2010
CLIMATE RECORD PERIOD 9999 TO 9999


WEATHER ITEM   OBSERVED TIME   NORMAL DEPARTURE LAST
                VALUE   (LST)  VALUE  FROM      YEAR
                                      NORMAL
......................................................
TEMPERATURE (F)
 YESTERDAY
  MAXIMUM         75    647 AM  71      4       75
  MINIMUM         53   1128 PM  50      3       55
  AVERAGE         64            60      4       65

PRECIPITATION (IN)
  YESTERDAY        0.19          0.13   0.06     0.05
  MONTH TO DATE    0.28          1.23  -0.95     0.74
  SINCE SEP 1      0.28          1.23  -0.95     0.74
  SINCE JAN 1     23.65         31.01  -7.36    27.98

DEGREE DAYS
 HEATING
  YESTERDAY        1             5     -4        0
  MONTH TO DATE    8            45    -37        0
  SINCE SEP 1      8            45    -37        0
  SINCE JUL 1     32           123    -91       28

 COOLING
  YESTERDAY        0             1     -1        0
  MONTH TO DATE   38            14     24       49
  SINCE SEP 1     38            14     24       49
  SINCE JAN 1    419           284    135      357
......................................................


WIND (MPH)
  HIGHEST WIND SPEED    37   HIGHEST WIND DIRECTION     W (290)
  HIGHEST GUST SPEED    52   HIGHEST GUST DIRECTION     W (280)
  AVERAGE WIND SPEED    11.9


SKY COVER
  AVERAGE SKY COVER 0.4



RELATIVE HUMIDITY (PERCENT)
 HIGHEST    90
 LOWEST     38
 AVERAGE    64

..........................................................


THE PITTSFIELD MA CLIMATE NORMALS FOR TODAY
                         NORMAL
 MAXIMUM TEMPERATURE (F)   71
 MINIMUM TEMPERATURE (F)   49


SUNRISE AND SUNSET
SEPTEMBER 12 2016.....SUNRISE   630 AM EDT   SUNSET   707 PM EDT
SEPTEMBER 13 2016.....SUNRISE   631 AM EDT   SUNSET   706 PM EDT


-  INDICATES NEGATIVE NUMBERS.
R  INDICATES RECORD WAS SET OR TIED.
MM INDICATES DATA IS MISSING.
T  INDICATES TRACE AMOUNT.




$$
