000
CDUS41 KALY 090623
CLIPSF


CLIMATE REPORT
NATIONAL WEATHER SERVICE ALBANY NY
222 AM EDT SUN APR 9 2017


...................................

...THE PITTSFIELD MA CLIMATE SUMMARY FOR APRIL 8 2017...

CLIMATE NORMAL PERIOD 1981 TO 2010
CLIMATE RECORD PERIOD 9999 TO 9999


WEATHER ITEM   OBSERVED TIME   NORMAL DEPARTURE LAST
                VALUE   (LST)  VALUE  FROM      YEAR
                                      NORMAL
......................................................
TEMPERATURE (F)
 YESTERDAY
  MAXIMUM         45    328 PM  51     -6       44
  MINIMUM         31    749 AM  31      0       29
  AVERAGE         38            41     -3       37

PRECIPITATION (IN)
  YESTERDAY        T             0.15  -0.15     0.08
  MONTH TO DATE    1.79          1.28   0.51     1.43
  SINCE MAR 1      4.90          4.65   0.25     3.69
  SINCE JAN 1     10.48         10.25   0.23     9.06

DEGREE DAYS
 HEATING
  YESTERDAY       27            24      3       28
  MONTH TO DATE  200           204     -4      243
  SINCE MAR 1   1331          1231    100     1040
  SINCE JUL 1   6033          6611   -578     5407

 COOLING
  YESTERDAY        0             0      0        0
  MONTH TO DATE    0             0      0        0
  SINCE MAR 1      0             0      0        0
  SINCE JAN 1      0             0      0        0
......................................................


WIND (MPH)
  HIGHEST WIND SPEED    26   HIGHEST WIND DIRECTION     W (290)
  HIGHEST GUST SPEED    37   HIGHEST GUST DIRECTION     W (290)
  AVERAGE WIND SPEED    15.3


SKY COVER
  AVERAGE SKY COVER 0.7



RELATIVE HUMIDITY (PERCENT)
 HIGHEST    78
 LOWEST     46
 AVERAGE    62

..........................................................


THE PITTSFIELD MA CLIMATE NORMALS FOR TODAY
                         NORMAL
 MAXIMUM TEMPERATURE (F)   52
 MINIMUM TEMPERATURE (F)   31


SUNRISE AND SUNSET
APRIL  9 2017.........SUNRISE   622 AM EDT   SUNSET   728 PM EDT
APRIL 10 2017.........SUNRISE   620 AM EDT   SUNSET   730 PM EDT


-  INDICATES NEGATIVE NUMBERS.
R  INDICATES RECORD WAS SET OR TIED.
MM INDICATES DATA IS MISSING.
T  INDICATES TRACE AMOUNT.




$$
