000
CDUS41 KALY 172146
CLIPSF


CLIMATE REPORT
NATIONAL WEATHER SERVICE ALBANY NY
446 PM EST MON NOV 17 2014


...................................

...THE PITTSFIELD MA CLIMATE SUMMARY FOR NOVEMBER 17 2014...
VALID TODAY AS OF 0400 PM LOCAL TIME.

CLIMATE NORMAL PERIOD 1981 TO 2010
CLIMATE RECORD PERIOD 9999 TO 9999


WEATHER ITEM   OBSERVED TIME   NORMAL DEPARTURE LAST
                VALUE   (LST)  VALUE  FROM      YEAR
                                      NORMAL
......................................................
TEMPERATURE (F)
 TODAY
  MAXIMUM         37    443 PM  46     -9       58
  MINIMUM         31    353 AM  29      2       31
  AVERAGE         34            38     -4       45

PRECIPITATION (IN)
  TODAY            0.63          0.13   0.50     0.02
  MONTH TO DATE    1.10          2.15  -1.05     0.88
  SINCE SEP 1      7.74         10.82  -3.08     6.30
  SINCE JAN 1     38.66         40.60  -1.94    34.40

DEGREE DAYS
 HEATING
  TODAY           31            28      3       20
  MONTH TO DATE  454           425     29      440
  SINCE SEP 1   1113          1183    -70     1157
  SINCE JUL 1   1186          1261    -75     1213

 COOLING
  TODAY            0             0      0        0
  MONTH TO DATE    0             0      0        0
  SINCE SEP 1     39            20     19       33
  SINCE JAN 1    238           290    -52      433
......................................................


WIND (MPH)
  HIGHEST WIND SPEED     8   HIGHEST WIND DIRECTION    NE (50)
  HIGHEST GUST SPEED    13   HIGHEST GUST DIRECTION     S (170)
  AVERAGE WIND SPEED     3.8


SKY COVER
  AVERAGE SKY COVER 1.0



RELATIVE HUMIDITY (PERCENT)
 HIGHEST   100
 LOWEST     64
 AVERAGE    82

..........................................................


THE PITTSFIELD MA CLIMATE NORMALS FOR TOMORROW
                         NORMAL
 MAXIMUM TEMPERATURE (F)   46
 MINIMUM TEMPERATURE (F)   28


SUNRISE AND SUNSET
NOVEMBER 17 2014......SUNRISE   647 AM EST   SUNSET   429 PM EST
NOVEMBER 18 2014......SUNRISE   648 AM EST   SUNSET   429 PM EST


-  INDICATES NEGATIVE NUMBERS.
R  INDICATES RECORD WAS SET OR TIED.
MM INDICATES DATA IS MISSING.
T  INDICATES TRACE AMOUNT.




$$
