000
CDUS41 KALY 010631
CLIPSF


CLIMATE REPORT
NATIONAL WEATHER SERVICE ALBANY NY
230 AM EDT TUE APR 1 2014


...................................

...THE PITTSFIELD MA CLIMATE SUMMARY FOR MARCH 31 2014...

CLIMATE NORMAL PERIOD 1981 TO 2010
CLIMATE RECORD PERIOD 9999 TO 9999


WEATHER ITEM   OBSERVED TIME   NORMAL DEPARTURE LAST
                VALUE   (LST)  VALUE  FROM      YEAR
                                      NORMAL
......................................................
TEMPERATURE (F)
 YESTERDAY
  MAXIMUM         39    354 PM  48     -9       52
  MINIMUM         28    908 AM  27      1       24
  AVERAGE         34            38     -4       38

PRECIPITATION (IN)
  YESTERDAY        0.08          0.14  -0.06     0.12
  MONTH TO DATE    3.13          3.37  -0.24     1.79
  SINCE MAR 1      3.13          3.37  -0.24     1.79
  SINCE JAN 1      9.51          8.97   0.54     5.42

DEGREE DAYS
 HEATING
  YESTERDAY       31            28      3       27
  MONTH TO DATE 1231          1027    204     1055
  SINCE MAR 1   1231          1027    204     1055
  SINCE JUL 1   6783          6407    376     5994

 COOLING
  YESTERDAY        0             0      0        0
  MONTH TO DATE    0             0      0        0
  SINCE MAR 1      0             0      0        0
  SINCE JAN 1      0             0      0        0
......................................................


WIND (MPH)
  HIGHEST WIND SPEED    23   HIGHEST WIND DIRECTION    NW (320)
  HIGHEST GUST SPEED    34   HIGHEST GUST DIRECTION    NW (330)
  AVERAGE WIND SPEED    11.5


SKY COVER
  AVERAGE SKY COVER 0.8



RELATIVE HUMIDITY (PERCENT)
 HIGHEST    92
 LOWEST     64
 AVERAGE    78

..........................................................


THE PITTSFIELD MA CLIMATE NORMALS FOR TODAY
                         NORMAL
 MAXIMUM TEMPERATURE (F)   48
 MINIMUM TEMPERATURE (F)   28


SUNRISE AND SUNSET
APRIL  1 2014.........SUNRISE   636 AM EDT   SUNSET   719 PM EDT
APRIL  2 2014.........SUNRISE   634 AM EDT   SUNSET   720 PM EDT


-  INDICATES NEGATIVE NUMBERS.
R  INDICATES RECORD WAS SET OR TIED.
MM INDICATES DATA IS MISSING.
T  INDICATES TRACE AMOUNT.




$$
