000
CDUS41 KALY 240625
CLIPSF


CLIMATE REPORT
NATIONAL WEATHER SERVICE ALBANY NY
225 AM EDT WED SEP 24 2014


...................................

...THE PITTSFIELD MA CLIMATE SUMMARY FOR SEPTEMBER 23 2014...

CLIMATE NORMAL PERIOD 1981 TO 2010
CLIMATE RECORD PERIOD 9999 TO 9999


WEATHER ITEM   OBSERVED TIME   NORMAL DEPARTURE LAST
                VALUE   (LST)  VALUE  FROM      YEAR
                                      NORMAL
......................................................
TEMPERATURE (F)
 YESTERDAY
  MAXIMUM         65    336 PM  66     -1       57
  MINIMUM         41    448 AM  45     -4       39
  AVERAGE         53            56     -3       48

PRECIPITATION (IN)
  YESTERDAY        0.00          0.13  -0.13     0.00
  MONTH TO DATE    1.41          2.82  -1.41     3.69
  SINCE SEP 1      1.41          2.82  -1.41     3.69
  SINCE JAN 1     32.33         32.60  -0.27    31.79

DEGREE DAYS
 HEATING
  YESTERDAY       12            10      2       17
  MONTH TO DATE  168           136     32      176
  SINCE SEP 1    168           136     32      176
  SINCE JUL 1    241           214     27      232

 COOLING
  YESTERDAY        0             0      0        0
  MONTH TO DATE   34            16     18       33
  SINCE SEP 1     34            16     18       33
  SINCE JAN 1    233           286    -53      433
......................................................


WIND (MPH)
  HIGHEST WIND SPEED    15   HIGHEST WIND DIRECTION     W (280)
  HIGHEST GUST SPEED    26   HIGHEST GUST DIRECTION     W (280)
  AVERAGE WIND SPEED     5.5


SKY COVER
  AVERAGE SKY COVER 0.2



RELATIVE HUMIDITY (PERCENT)
 HIGHEST    96
 LOWEST     55
 AVERAGE    76

..........................................................


THE PITTSFIELD MA CLIMATE NORMALS FOR TODAY
                         NORMAL
 MAXIMUM TEMPERATURE (F)   66
 MINIMUM TEMPERATURE (F)   45


SUNRISE AND SUNSET
SEPTEMBER 24 2014.....SUNRISE   643 AM EDT   SUNSET   647 PM EDT
SEPTEMBER 25 2014.....SUNRISE   644 AM EDT   SUNSET   645 PM EDT


-  INDICATES NEGATIVE NUMBERS.
R  INDICATES RECORD WAS SET OR TIED.
MM INDICATES DATA IS MISSING.
T  INDICATES TRACE AMOUNT.




$$
