000
CDUS41 KALY 042057
CLIPSF


CLIMATE REPORT
NATIONAL WEATHER SERVICE ALBANY NY
456 PM EDT WED OCT 4 2017


...................................

...THE PITTSFIELD MA CLIMATE SUMMARY FOR OCTOBER 4 2017...
VALID TODAY AS OF 0400 PM LOCAL TIME.

CLIMATE NORMAL PERIOD 1981 TO 2010
CLIMATE RECORD PERIOD 9999 TO 9999


WEATHER ITEM   OBSERVED TIME   NORMAL DEPARTURE LAST
                VALUE   (LST)  VALUE  FROM      YEAR
                                      NORMAL
......................................................
TEMPERATURE (F)
 TODAY
  MAXIMUM         72    348 PM  62     10       64
  MINIMUM         40    617 AM  41     -1       48
  AVERAGE         56            51      5       56

PRECIPITATION (IN)
  TODAY            0.00          0.17  -0.17     0.00
  MONTH TO DATE    0.00          0.71  -0.71     0.01
  SINCE SEP 1      2.78          4.67  -1.89     1.88
  SINCE JAN 1     33.57         34.45  -0.88    25.25

DEGREE DAYS
 HEATING
  TODAY            9            14     -5        9
  MONTH TO DATE   53            53      0       35
  SINCE SEP 1    189           267    -78      163
  SINCE JUL 1    275           345    -70      187

 COOLING
  TODAY            0             0      0        0
  MONTH TO DATE    0             0      0        0
  SINCE SEP 1     73            19     54       50
  SINCE JAN 1    343           289     54      431
......................................................


WIND (MPH)
  HIGHEST WIND SPEED    10   HIGHEST WIND DIRECTION     S (160)
  HIGHEST GUST SPEED    15   HIGHEST GUST DIRECTION    SW (210)
  AVERAGE WIND SPEED     2.2


SKY COVER
  AVERAGE SKY COVER 0.2



RELATIVE HUMIDITY (PERCENT)
 HIGHEST   100
 LOWEST     53
 AVERAGE    77

..........................................................


THE PITTSFIELD MA CLIMATE NORMALS FOR TOMORROW
                         NORMAL
 MAXIMUM TEMPERATURE (F)   61
 MINIMUM TEMPERATURE (F)   41


SUNRISE AND SUNSET
OCTOBER  4 2017.......SUNRISE   654 AM EDT   SUNSET   629 PM EDT
OCTOBER  5 2017.......SUNRISE   655 AM EDT   SUNSET   627 PM EDT


-  INDICATES NEGATIVE NUMBERS.
R  INDICATES RECORD WAS SET OR TIED.
MM INDICATES DATA IS MISSING.
T  INDICATES TRACE AMOUNT.




$$
