000
CDUS41 KALY 040632
CLIPSF


CLIMATE REPORT
NATIONAL WEATHER SERVICE ALBANY NY
232 AM EDT FRI AUG 4 2017


...................................

...THE PITTSFIELD MA CLIMATE SUMMARY FOR AUGUST 3 2017...

CLIMATE NORMAL PERIOD 1981 TO 2010
CLIMATE RECORD PERIOD 9999 TO 9999


WEATHER ITEM   OBSERVED TIME   NORMAL DEPARTURE LAST
                VALUE   (LST)  VALUE  FROM      YEAR
                                      NORMAL
......................................................
TEMPERATURE (F)
 YESTERDAY
  MAXIMUM         82    212 PM  79      3       79
  MINIMUM         58    553 AM  57      1       51
  AVERAGE         70            68      2       65

PRECIPITATION (IN)
  YESTERDAY        0.00          0.15  -0.15     0.00
  MONTH TO DATE    0.78          0.45   0.33     0.67
  SINCE JUN 1      8.20          9.10  -0.90     7.32
  SINCE JAN 1     26.98         26.14   0.84    21.42

DEGREE DAYS
 HEATING
  YESTERDAY        0             1     -1        0
  MONTH TO DATE    0             3     -3        0
  SINCE JUN 1    129           135     -6       87
  SINCE JUL 1     23            34    -11       11

 COOLING
  YESTERDAY        5             4      1        0
  MONTH TO DATE   16            12      4        3
  SINCE JUN 1    204           176     28      197
  SINCE JAN 1    218           189     29      238
......................................................


WIND (MPH)
  HIGHEST WIND SPEED    13   HIGHEST WIND DIRECTION     S (170)
  HIGHEST GUST SPEED    16   HIGHEST GUST DIRECTION    SW (240)
  AVERAGE WIND SPEED     2.6


SKY COVER
  AVERAGE SKY COVER 0.6



RELATIVE HUMIDITY (PERCENT)
 HIGHEST   100
 LOWEST     51
 AVERAGE    76

..........................................................


THE PITTSFIELD MA CLIMATE NORMALS FOR TODAY
                         NORMAL
 MAXIMUM TEMPERATURE (F)   79
 MINIMUM TEMPERATURE (F)   57


SUNRISE AND SUNSET
AUGUST  4 2017........SUNRISE   549 AM EDT   SUNSET   809 PM EDT
AUGUST  5 2017........SUNRISE   550 AM EDT   SUNSET   808 PM EDT


-  INDICATES NEGATIVE NUMBERS.
R  INDICATES RECORD WAS SET OR TIED.
MM INDICATES DATA IS MISSING.
T  INDICATES TRACE AMOUNT.




$$
