000
CDUS41 KALY 200624
CLIPSF


CLIMATE REPORT
NATIONAL WEATHER SERVICE ALBANY NY
224 AM EDT WED MAY 20 2015


...................................

...THE PITTSFIELD MA CLIMATE SUMMARY FOR MAY 19 2015...

CLIMATE NORMAL PERIOD 1981 TO 2010
CLIMATE RECORD PERIOD 9999 TO 9999


WEATHER ITEM   OBSERVED TIME   NORMAL DEPARTURE LAST
                VALUE   (LST)  VALUE  FROM      YEAR
                                      NORMAL
......................................................
TEMPERATURE (F)
 YESTERDAY
  MAXIMUM         78    300 PM  68     10       64
  MINIMUM         49   1159 PM  44      5       38
  AVERAGE         64            56      8       51

PRECIPITATION (IN)
  YESTERDAY        0.12          0.15  -0.03      T
  MONTH TO DATE    0.25          2.23  -1.98     0.69
  SINCE MAR 1      4.72          9.46  -4.74     7.26
  SINCE JAN 1      9.81         15.06  -5.25    13.64

DEGREE DAYS
 HEATING
  YESTERDAY        1            10     -9       14
  MONTH TO DATE   95           232   -137      174
  SINCE MAR 1   1924          1887     37     2038
  SINCE JUL 1   7587          7267    320     7590

 COOLING
  YESTERDAY        0             0      0        0
  MONTH TO DATE   20             0     20        3
  SINCE MAR 1     20             2     18        4
  SINCE JAN 1     20             2     18        4
......................................................


WIND (MPH)
  HIGHEST WIND SPEED    26   HIGHEST WIND DIRECTION     W (290)
  HIGHEST GUST SPEED    35   HIGHEST GUST DIRECTION    NW (300)
  AVERAGE WIND SPEED     5.5


SKY COVER
  AVERAGE SKY COVER 0.8



RELATIVE HUMIDITY (PERCENT)
 HIGHEST    93
 LOWEST     57
 AVERAGE    75

..........................................................


THE PITTSFIELD MA CLIMATE NORMALS FOR TODAY
                         NORMAL
 MAXIMUM TEMPERATURE (F)   68
 MINIMUM TEMPERATURE (F)   44


SUNRISE AND SUNSET
MAY 20 2015...........SUNRISE   527 AM EDT   SUNSET   813 PM EDT
MAY 21 2015...........SUNRISE   526 AM EDT   SUNSET   814 PM EDT


-  INDICATES NEGATIVE NUMBERS.
R  INDICATES RECORD WAS SET OR TIED.
MM INDICATES DATA IS MISSING.
T  INDICATES TRACE AMOUNT.




$$
