000
CDUS41 KALY 140623
CLIPSF


CLIMATE REPORT
NATIONAL WEATHER SERVICE ALBANY NY
222 AM EDT THU APR 14 2016


...................................

...THE PITTSFIELD MA CLIMATE SUMMARY FOR APRIL 13 2016...

CLIMATE NORMAL PERIOD 1981 TO 2010
CLIMATE RECORD PERIOD 9999 TO 9999


WEATHER ITEM   OBSERVED TIME   NORMAL DEPARTURE LAST
                VALUE   (LST)  VALUE  FROM      YEAR
                                      NORMAL
......................................................
TEMPERATURE (F)
 YESTERDAY
  MAXIMUM         52    235 PM  54     -2       70
  MINIMUM         27    520 AM  33     -6       30
  AVERAGE         40            43     -3       50

PRECIPITATION (IN)
  YESTERDAY        0.00          0.13  -0.13     0.00
  MONTH TO DATE    2.14          2.04   0.10     1.11
  SINCE MAR 1      4.40          5.41  -1.01     2.68
  SINCE JAN 1      9.77         11.01  -1.24     7.77

DEGREE DAYS
 HEATING
  YESTERDAY       25            22      3       15
  MONTH TO DATE  377           318     59      318
  SINCE MAR 1   1174          1345   -171     1519
  SINCE JUL 1   5541          6725  -1184     7182

 COOLING
  YESTERDAY        0             0      0        0
  MONTH TO DATE    0             0      0        0
  SINCE MAR 1      0             0      0        0
  SINCE JAN 1      0             0      0        0
......................................................


WIND (MPH)
  HIGHEST WIND SPEED    16   HIGHEST WIND DIRECTION     W (270)
  HIGHEST GUST SPEED    20   HIGHEST GUST DIRECTION     W (270)
  AVERAGE WIND SPEED     5.1


SKY COVER
  AVERAGE SKY COVER 0.1



RELATIVE HUMIDITY (PERCENT)
 HIGHEST    85
 LOWEST     26
 AVERAGE    56

..........................................................


THE PITTSFIELD MA CLIMATE NORMALS FOR TODAY
                         NORMAL
 MAXIMUM TEMPERATURE (F)   54
 MINIMUM TEMPERATURE (F)   33


SUNRISE AND SUNSET
APRIL 14 2016.........SUNRISE   613 AM EDT   SUNSET   734 PM EDT
APRIL 15 2016.........SUNRISE   611 AM EDT   SUNSET   735 PM EDT


-  INDICATES NEGATIVE NUMBERS.
R  INDICATES RECORD WAS SET OR TIED.
MM INDICATES DATA IS MISSING.
T  INDICATES TRACE AMOUNT.




$$
