000
CDUS41 KALY 152048
CLIPSF


CLIMATE REPORT
NATIONAL WEATHER SERVICE ALBANY NY
448 PM EDT FRI MAY 15 2015


...................................

...THE PITTSFIELD MA CLIMATE SUMMARY FOR MAY 15 2015...
VALID TODAY AS OF 0400 PM LOCAL TIME.

CLIMATE NORMAL PERIOD 1981 TO 2010
CLIMATE RECORD PERIOD 9999 TO 9999


WEATHER ITEM   OBSERVED TIME   NORMAL DEPARTURE LAST
                VALUE   (LST)  VALUE  FROM      YEAR
                                      NORMAL
......................................................
TEMPERATURE (F)
 TODAY
  MAXIMUM         70    234 PM  66      4       70
  MINIMUM         35    437 AM  43     -8       59
  AVERAGE         53            55     -2       65

PRECIPITATION (IN)
  TODAY            0.00          0.13  -0.13     0.00
  MONTH TO DATE    0.07          1.71  -1.64     0.69
  SINCE MAR 1      4.54          8.94  -4.40     7.26
  SINCE JAN 1      9.63         14.54  -4.91    13.64

DEGREE DAYS
 HEATING
  TODAY           12            11      1        0
  MONTH TO DATE   90           192   -102      135
  SINCE MAR 1   1919          1847     72     1999
  SINCE JUL 1   7582          7227    355     7551

 COOLING
  TODAY            0             0      0        0
  MONTH TO DATE   18             0     18        3
  SINCE MAR 1     18             2     16        4
  SINCE JAN 1     18             2     16        4
......................................................


WIND (MPH)
  HIGHEST WIND SPEED    12   HIGHEST WIND DIRECTION    SW (240)
  HIGHEST GUST SPEED    16   HIGHEST GUST DIRECTION    SW (240)
  AVERAGE WIND SPEED     1.4


SKY COVER
  AVERAGE SKY COVER 0.0



RELATIVE HUMIDITY (PERCENT)
 HIGHEST    92
 LOWEST     22
 AVERAGE    57

..........................................................


THE PITTSFIELD MA CLIMATE NORMALS FOR TOMORROW
                         NORMAL
 MAXIMUM TEMPERATURE (F)   67
 MINIMUM TEMPERATURE (F)   43


SUNRISE AND SUNSET
MAY 15 2015...........SUNRISE   532 AM EDT   SUNSET   808 PM EDT
MAY 16 2015...........SUNRISE   531 AM EDT   SUNSET   809 PM EDT


-  INDICATES NEGATIVE NUMBERS.
R  INDICATES RECORD WAS SET OR TIED.
MM INDICATES DATA IS MISSING.
T  INDICATES TRACE AMOUNT.




$$
