000
CDUS41 KALY 210623
CLIPSF


CLIMATE REPORT
NATIONAL WEATHER SERVICE ALBANY NY
123 AM EST SAT FEB 21 2015


...................................

...THE PITTSFIELD MA CLIMATE SUMMARY FOR FEBRUARY 20 2015...

CLIMATE NORMAL PERIOD 1981 TO 2010
CLIMATE RECORD PERIOD 9999 TO 9999


WEATHER ITEM   OBSERVED TIME   NORMAL DEPARTURE LAST
                VALUE   (LST)  VALUE  FROM      YEAR
                                      NORMAL
......................................................
TEMPERATURE (F)
 YESTERDAY
  MAXIMUM         10    359 PM  34    -24       42
  MINIMUM         -7   1128 PM  16    -23       24
  AVERAGE          2            25    -23       33

PRECIPITATION (IN)
  YESTERDAY       MM             0.10  MM        0.25
  MONTH TO DATE    1.10          1.91  -0.81     2.64
  SINCE DEC 1      8.21          7.83   0.38     8.78
  SINCE JAN 1      4.46          4.83  -0.37     5.99

DEGREE DAYS
 HEATING
  YESTERDAY       63            40     23       32
  MONTH TO DATE 1081           844    237      926
  SINCE DEC 1   3623          3418    205     3525
  SINCE JUL 1   5245          5069    176     5205

 COOLING
  YESTERDAY        0             0      0        0
  MONTH TO DATE    0             0      0        0
  SINCE DEC 1      0             0      0        0
  SINCE JAN 1      0             0      0        0
......................................................


WIND (MPH)
  HIGHEST WIND SPEED    32   HIGHEST WIND DIRECTION     W (280)
  HIGHEST GUST SPEED    43   HIGHEST GUST DIRECTION     W (280)
  AVERAGE WIND SPEED    13.3


SKY COVER
  AVERAGE SKY COVER 0.5



RELATIVE HUMIDITY (PERCENT)
 HIGHEST    75
 LOWEST     50
 AVERAGE    63

..........................................................


THE PITTSFIELD MA CLIMATE NORMALS FOR TODAY
                         NORMAL
 MAXIMUM TEMPERATURE (F)   34
 MINIMUM TEMPERATURE (F)   17


SUNRISE AND SUNSET
FEBRUARY 21 2015......SUNRISE   642 AM EST   SUNSET   533 PM EST
FEBRUARY 22 2015......SUNRISE   640 AM EST   SUNSET   534 PM EST


-  INDICATES NEGATIVE NUMBERS.
R  INDICATES RECORD WAS SET OR TIED.
MM INDICATES DATA IS MISSING.
T  INDICATES TRACE AMOUNT.




$$
