000
CDUS41 KALY 070622
CLIPSF


CLIMATE REPORT
NATIONAL WEATHER SERVICE ALBANY NY
122 AM EST FRI NOV 7 2014


...................................

...THE PITTSFIELD MA CLIMATE SUMMARY FOR NOVEMBER 6 2014...

CLIMATE NORMAL PERIOD 1981 TO 2010
CLIMATE RECORD PERIOD 9999 TO 9999


WEATHER ITEM   OBSERVED TIME   NORMAL DEPARTURE LAST
                VALUE   (LST)  VALUE  FROM      YEAR
                                      NORMAL
......................................................
TEMPERATURE (F)
 YESTERDAY
  MAXIMUM         46   1251 PM  51     -5       55
  MINIMUM         37    606 AM  31      6       38
  AVERAGE         42            41      1       47

PRECIPITATION (IN)
  YESTERDAY        0.14          0.14   0.00     0.00
  MONTH TO DATE    0.15          0.80  -0.65     0.41
  SINCE SEP 1      6.79          9.47  -2.68     5.83
  SINCE JAN 1     37.71         39.25  -1.54    33.93

DEGREE DAYS
 HEATING
  YESTERDAY       23            24     -1       18
  MONTH TO DATE  134           139     -5      137
  SINCE SEP 1    793           897   -104      854
  SINCE JUL 1    866           975   -109      910

 COOLING
  YESTERDAY        0             0      0        0
  MONTH TO DATE    0             0      0        0
  SINCE SEP 1     39            20     19       33
  SINCE JAN 1    238           290    -52      433
......................................................


WIND (MPH)
  HIGHEST WIND SPEED    10   HIGHEST WIND DIRECTION    NE (40)
  HIGHEST GUST SPEED    14   HIGHEST GUST DIRECTION    NE (60)
  AVERAGE WIND SPEED     2.3


SKY COVER
  AVERAGE SKY COVER 0.7



RELATIVE HUMIDITY (PERCENT)
 HIGHEST    96
 LOWEST     65
 AVERAGE    81

..........................................................


THE PITTSFIELD MA CLIMATE NORMALS FOR TODAY
                         NORMAL
 MAXIMUM TEMPERATURE (F)   51
 MINIMUM TEMPERATURE (F)   31


SUNRISE AND SUNSET
NOVEMBER  7 2014......SUNRISE   634 AM EST   SUNSET   439 PM EST
NOVEMBER  8 2014......SUNRISE   635 AM EST   SUNSET   438 PM EST


-  INDICATES NEGATIVE NUMBERS.
R  INDICATES RECORD WAS SET OR TIED.
MM INDICATES DATA IS MISSING.
T  INDICATES TRACE AMOUNT.




$$
