000
CDUS41 KALY 020623
CLIPSF


CLIMATE REPORT
NATIONAL WEATHER SERVICE ALBANY NY
222 AM EDT WED AUG 2 2017


...................................

...THE PITTSFIELD MA CLIMATE SUMMARY FOR AUGUST 1 2017...

CLIMATE NORMAL PERIOD 1981 TO 2010
CLIMATE RECORD PERIOD 9999 TO 9999


WEATHER ITEM   OBSERVED TIME   NORMAL DEPARTURE LAST
                VALUE   (LST)  VALUE  FROM      YEAR
                                      NORMAL
......................................................
TEMPERATURE (F)
 YESTERDAY
  MAXIMUM         83    418 PM  79      4       72
  MINIMUM         57    529 AM  57      0       63
  AVERAGE         70            68      2       68

PRECIPITATION (IN)
  YESTERDAY        0.00          0.15  -0.15     0.16
  MONTH TO DATE    0.00          0.15  -0.15     0.16
  SINCE JUN 1      7.42          8.80  -1.38     6.81
  SINCE JAN 1     26.20         25.84   0.36    20.91

DEGREE DAYS
 HEATING
  YESTERDAY        0             1     -1        0
  MONTH TO DATE    0             1     -1        0
  SINCE JUN 1    129           133     -4       87
  SINCE JUL 1     23            32     -9       11

 COOLING
  YESTERDAY        5             4      1        3
  MONTH TO DATE    5             4      1        3
  SINCE JUN 1    193           168     25      197
  SINCE JAN 1    207           181     26      238
......................................................


WIND (MPH)
  HIGHEST WIND SPEED    12   HIGHEST WIND DIRECTION     N (340)
  HIGHEST GUST SPEED    16   HIGHEST GUST DIRECTION     N (340)
  AVERAGE WIND SPEED     2.0


SKY COVER
  AVERAGE SKY COVER 0.1



RELATIVE HUMIDITY (PERCENT)
 HIGHEST    93
 LOWEST     45
 AVERAGE    69

..........................................................


THE PITTSFIELD MA CLIMATE NORMALS FOR TODAY
                         NORMAL
 MAXIMUM TEMPERATURE (F)   79
 MINIMUM TEMPERATURE (F)   57


SUNRISE AND SUNSET
AUGUST  2 2017........SUNRISE   547 AM EDT   SUNSET   811 PM EDT
AUGUST  3 2017........SUNRISE   548 AM EDT   SUNSET   810 PM EDT


-  INDICATES NEGATIVE NUMBERS.
R  INDICATES RECORD WAS SET OR TIED.
MM INDICATES DATA IS MISSING.
T  INDICATES TRACE AMOUNT.




$$
