000
CDUS41 KALY 150622
CLIPSF


CLIMATE REPORT
NATIONAL WEATHER SERVICE ALBANY NY
221 AM EDT THU SEP 15 2016


...................................

...THE PITTSFIELD MA CLIMATE SUMMARY FOR SEPTEMBER 14 2016...

CLIMATE NORMAL PERIOD 1981 TO 2010
CLIMATE RECORD PERIOD 9999 TO 9999


WEATHER ITEM   OBSERVED TIME   NORMAL DEPARTURE LAST
                VALUE   (LST)  VALUE  FROM      YEAR
                                      NORMAL
......................................................
TEMPERATURE (F)
 YESTERDAY
  MAXIMUM         80    105 PM  70     10       66
  MINIMUM         49   1050 PM  49      0       51
  AVERAGE         65            59      6       59

PRECIPITATION (IN)
  YESTERDAY        T             0.14  -0.14     0.04
  MONTH TO DATE    0.28          1.63  -1.35     2.05
  SINCE SEP 1      0.28          1.63  -1.35     2.05
  SINCE JAN 1     23.65         31.41  -7.76    29.29

DEGREE DAYS
 HEATING
  YESTERDAY        0             6     -6        6
  MONTH TO DATE   18            63    -45       10
  SINCE SEP 1     18            63    -45       10
  SINCE JUL 1     42           141    -99       38

 COOLING
  YESTERDAY        0             0      0        0
  MONTH TO DATE   38            16     22       49
  SINCE SEP 1     38            16     22       49
  SINCE JAN 1    419           286    133      357
......................................................


WIND (MPH)
  HIGHEST WIND SPEED    18   HIGHEST WIND DIRECTION    NW (300)
  HIGHEST GUST SPEED    25   HIGHEST GUST DIRECTION    NW (300)
  AVERAGE WIND SPEED     5.8


SKY COVER
  AVERAGE SKY COVER 0.4



RELATIVE HUMIDITY (PERCENT)
 HIGHEST   100
 LOWEST     50
 AVERAGE    75

..........................................................


THE PITTSFIELD MA CLIMATE NORMALS FOR TODAY
                         NORMAL
 MAXIMUM TEMPERATURE (F)   70
 MINIMUM TEMPERATURE (F)   48


SUNRISE AND SUNSET
SEPTEMBER 15 2016.....SUNRISE   634 AM EDT   SUNSET   702 PM EDT
SEPTEMBER 16 2016.....SUNRISE   635 AM EDT   SUNSET   700 PM EDT


-  INDICATES NEGATIVE NUMBERS.
R  INDICATES RECORD WAS SET OR TIED.
MM INDICATES DATA IS MISSING.
T  INDICATES TRACE AMOUNT.




$$
