100
CDUS41 KALY 120637
CLIPSF


CLIMATE REPORT
NATIONAL WEATHER SERVICE ALBANY NY
137 AM EST SUN NOV 12 2017


...................................

...THE PITTSFIELD MA CLIMATE SUMMARY FOR NOVEMBER 11 2017...

CLIMATE NORMAL PERIOD 1981 TO 2010
CLIMATE RECORD PERIOD 9999 TO 9999


WEATHER ITEM   OBSERVED TIME   NORMAL DEPARTURE LAST
                VALUE   (LST)  VALUE  FROM      YEAR
                                      NORMAL
......................................................
TEMPERATURE (F)
 YESTERDAY
  MAXIMUM         33    233 PM  49    -16       52
  MINIMUM         15    530 AM  30    -15       31
  AVERAGE         24            40    -16       42

PRECIPITATION (IN)
  YESTERDAY        0.00          0.12  -0.12     0.01
  MONTH TO DATE    0.42          1.42  -1.00     0.11
  SINCE SEP 1      7.71         10.09  -2.38     5.83
  SINCE JAN 1     38.50         39.87  -1.37    29.20

DEGREE DAYS
 HEATING
  YESTERDAY       41            26     15       23
  MONTH TO DATE  234           264    -30      238
  SINCE SEP 1    693          1022   -329      856
  SINCE JUL 1    779          1100   -321      880

 COOLING
  YESTERDAY        0             0      0        0
  MONTH TO DATE    0             0      0        0
  SINCE SEP 1     81            20     61       51
  SINCE JAN 1    351           290     61      432
......................................................


WIND (MPH)
  HIGHEST WIND SPEED    20   HIGHEST WIND DIRECTION    NW (300)
  HIGHEST GUST SPEED    37   HIGHEST GUST DIRECTION     W (280)
  AVERAGE WIND SPEED     8.2


SKY COVER
  AVERAGE SKY COVER 0.0



RELATIVE HUMIDITY (PERCENT)
 HIGHEST    67
 LOWEST     30
 AVERAGE    49

..........................................................


THE PITTSFIELD MA CLIMATE NORMALS FOR TODAY
                         NORMAL
 MAXIMUM TEMPERATURE (F)   49
 MINIMUM TEMPERATURE (F)   30


SUNRISE AND SUNSET
NOVEMBER 12 2017......SUNRISE   641 AM EST   SUNSET   434 PM EST
NOVEMBER 13 2017......SUNRISE   642 AM EST   SUNSET   433 PM EST


-  INDICATES NEGATIVE NUMBERS.
R  INDICATES RECORD WAS SET OR TIED.
MM INDICATES DATA IS MISSING.
T  INDICATES TRACE AMOUNT.




$$
