000
CDUS41 KALY 060624
CLIPSF


CLIMATE REPORT
NATIONAL WEATHER SERVICE ALBANY NY
223 AM EDT WED JUL 6 2016


...................................

...THE PITTSFIELD MA CLIMATE SUMMARY FOR JULY 5 2016...

CLIMATE NORMAL PERIOD 1981 TO 2010
CLIMATE RECORD PERIOD 9999 TO 9999


WEATHER ITEM   OBSERVED TIME   NORMAL DEPARTURE LAST
                VALUE   (LST)  VALUE  FROM      YEAR
                                      NORMAL
......................................................
TEMPERATURE (F)
 YESTERDAY
  MAXIMUM         83    421 PM  78      5       78
  MINIMUM         63    436 AM  56      7       51
  AVERAGE         73            67      6       65

PRECIPITATION (IN)
  YESTERDAY        0.49          0.12   0.37     0.00
  MONTH TO DATE    0.86          0.57   0.29     2.24
  SINCE JUN 1      3.36          4.97  -1.61    10.37
  SINCE JAN 1     17.46         22.01  -4.55    21.51

DEGREE DAYS
 HEATING
  YESTERDAY        0             1     -1        0
  MONTH TO DATE    2             5     -3       10
  SINCE JUN 1     78           106    -28      121
  SINCE JUL 1      2             5     -3       10

 COOLING
  YESTERDAY        8             3      5        0
  MONTH TO DATE    9            15     -6        2
  SINCE JUN 1     48            71    -23       35
  SINCE JAN 1     89            84      5       79
......................................................


WIND (MPH)
  HIGHEST WIND SPEED    14   HIGHEST WIND DIRECTION     W (260)
  HIGHEST GUST SPEED    20   HIGHEST GUST DIRECTION     W (280)
  AVERAGE WIND SPEED     4.4


SKY COVER
  AVERAGE SKY COVER 0.6



RELATIVE HUMIDITY (PERCENT)
 HIGHEST    93
 LOWEST     47
 AVERAGE    70

..........................................................


THE PITTSFIELD MA CLIMATE NORMALS FOR TODAY
                         NORMAL
 MAXIMUM TEMPERATURE (F)   78
 MINIMUM TEMPERATURE (F)   56


SUNRISE AND SUNSET
JULY  6 2016..........SUNRISE   523 AM EDT   SUNSET   833 PM EDT
JULY  7 2016..........SUNRISE   524 AM EDT   SUNSET   832 PM EDT


-  INDICATES NEGATIVE NUMBERS.
R  INDICATES RECORD WAS SET OR TIED.
MM INDICATES DATA IS MISSING.
T  INDICATES TRACE AMOUNT.




$$
