000
CDUS41 KALY 020625
CLIPSF


CLIMATE REPORT
NATIONAL WEATHER SERVICE ALBANY NY
125 AM EST FRI FEB 2 2018


...................................

...THE PITTSFIELD MA CLIMATE SUMMARY FOR FEBRUARY 1 2018...

CLIMATE NORMAL PERIOD 1981 TO 2010
CLIMATE RECORD PERIOD 9999 TO 9999


WEATHER ITEM   OBSERVED TIME   NORMAL DEPARTURE LAST
                VALUE   (LST)  VALUE  FROM      YEAR
                                      NORMAL
......................................................
TEMPERATURE (F)
 YESTERDAY
  MAXIMUM         40    804 PM  29     11       36
  MINIMUM         24    345 AM  13     11       21
  AVERAGE         32            21     11       29

PRECIPITATION (IN)
  YESTERDAY        0.09          0.08   0.01     0.08
  MONTH TO DATE    0.09          0.08   0.01     0.08
  SINCE DEC 1      6.90          6.00   0.90     5.82
  SINCE JAN 1      4.75          3.00   1.75     2.80

DEGREE DAYS
 HEATING
  YESTERDAY       33            44    -11       36
  MONTH TO DATE   33            44    -11       36
  SINCE DEC 1   2611          2618     -7     2361
  SINCE JUL 1   3936          4269   -333     3768

 COOLING
  YESTERDAY        0             0      0        0
  MONTH TO DATE    0             0      0        0
  SINCE DEC 1      0             0      0        0
  SINCE JAN 1      0             0      0        0
......................................................


WIND (MPH)
  HIGHEST WIND SPEED    17   HIGHEST WIND DIRECTION    SW (220)
  HIGHEST GUST SPEED    26   HIGHEST GUST DIRECTION    SW (210)
  AVERAGE WIND SPEED     5.0


SKY COVER
  AVERAGE SKY COVER 0.9



RELATIVE HUMIDITY (PERCENT)
 HIGHEST    82
 LOWEST     48
 AVERAGE    65

..........................................................


THE PITTSFIELD MA CLIMATE NORMALS FOR TODAY
                         NORMAL
 MAXIMUM TEMPERATURE (F)   30
 MINIMUM TEMPERATURE (F)   13


SUNRISE AND SUNSET
FEBRUARY  2 2018......SUNRISE   706 AM EST   SUNSET   508 PM EST
FEBRUARY  3 2018......SUNRISE   705 AM EST   SUNSET   510 PM EST


-  INDICATES NEGATIVE NUMBERS.
R  INDICATES RECORD WAS SET OR TIED.
MM INDICATES DATA IS MISSING.
T  INDICATES TRACE AMOUNT.




$$
