000
CDUS41 KALY 172043
CLIPSF


CLIMATE REPORT
NATIONAL WEATHER SERVICE ALBANY NY
442 PM EDT SUN APR 17 2016


...................................

...THE PITTSFIELD MA CLIMATE SUMMARY FOR APRIL 17 2016...
VALID TODAY AS OF 0400 PM LOCAL TIME.

CLIMATE NORMAL PERIOD 1981 TO 2010
CLIMATE RECORD PERIOD 9999 TO 9999


WEATHER ITEM   OBSERVED TIME   NORMAL DEPARTURE LAST
                VALUE   (LST)  VALUE  FROM      YEAR
                                      NORMAL
......................................................
TEMPERATURE (F)
 TODAY
  MAXIMUM         71    340 PM  55     16       58
  MINIMUM         31    529 AM  35     -4       43
  AVERAGE         51            45      6       51

PRECIPITATION (IN)
  TODAY            0.00          0.11  -0.11     0.18
  MONTH TO DATE    2.14          2.52  -0.38     1.36
  SINCE MAR 1      4.40          5.89  -1.49     2.93
  SINCE JAN 1      9.77         11.49  -1.72     8.02

DEGREE DAYS
 HEATING
  TODAY           14            20     -6       14
  MONTH TO DATE  450           401     49      379
  SINCE MAR 1   1247          1428   -181     1580
  SINCE JUL 1   5614          6808  -1194     7243

 COOLING
  TODAY            0             0      0        0
  MONTH TO DATE    0             0      0        0
  SINCE MAR 1      0             0      0        0
  SINCE JAN 1      0             0      0        0
......................................................


WIND (MPH)
  HIGHEST WIND SPEED    10   HIGHEST WIND DIRECTION    NW (330)
  HIGHEST GUST SPEED    20   HIGHEST GUST DIRECTION    NW (300)
  AVERAGE WIND SPEED     1.9


SKY COVER
  AVERAGE SKY COVER 0.0



RELATIVE HUMIDITY (PERCENT)
 HIGHEST    78
 LOWEST     18
 AVERAGE    48

..........................................................


THE PITTSFIELD MA CLIMATE NORMALS FOR TOMORROW
                         NORMAL
 MAXIMUM TEMPERATURE (F)   56
 MINIMUM TEMPERATURE (F)   35


SUNRISE AND SUNSET
APRIL 17 2016.........SUNRISE   608 AM EDT   SUNSET   738 PM EDT
APRIL 18 2016.........SUNRISE   607 AM EDT   SUNSET   739 PM EDT


-  INDICATES NEGATIVE NUMBERS.
R  INDICATES RECORD WAS SET OR TIED.
MM INDICATES DATA IS MISSING.
T  INDICATES TRACE AMOUNT.




$$
