000
CDUS41 KALY 180631
CLIPSF


CLIMATE REPORT
NATIONAL WEATHER SERVICE ALBANY NY
230 AM EDT SAT OCT 18 2014


...................................

...THE PITTSFIELD MA CLIMATE SUMMARY FOR OCTOBER 17 2014...

CLIMATE NORMAL PERIOD 1981 TO 2010
CLIMATE RECORD PERIOD 9999 TO 9999


WEATHER ITEM   OBSERVED TIME   NORMAL DEPARTURE LAST
                VALUE   (LST)  VALUE  FROM      YEAR
                                      NORMAL
......................................................
TEMPERATURE (F)
 YESTERDAY
  MAXIMUM         66    342 PM  57      9       68
  MINIMUM         53    510 AM  37     16       55
  AVERAGE         60            47     13       62

PRECIPITATION (IN)
  YESTERDAY        0.00          0.17  -0.17     0.07
  MONTH TO DATE    2.75          2.88  -0.13     1.11
  SINCE SEP 1      4.16          6.84  -2.68     4.80
  SINCE JAN 1     35.08         36.62  -1.54    32.90

DEGREE DAYS
 HEATING
  YESTERDAY        5            18    -13        3
  MONTH TO DATE  181           261    -80      155
  SINCE SEP 1    385           475    -90      408
  SINCE JUL 1    458           553    -95      464

 COOLING
  YESTERDAY        0             0      0        0
  MONTH TO DATE    5             0      5        0
  SINCE SEP 1     39            19     20       33
  SINCE JAN 1    238           289    -51      433
......................................................


WIND (MPH)
  HIGHEST WIND SPEED    17   HIGHEST WIND DIRECTION    SW (240)
  HIGHEST GUST SPEED    23   HIGHEST GUST DIRECTION     S (170)
  AVERAGE WIND SPEED     7.0


SKY COVER
  AVERAGE SKY COVER 0.5



RELATIVE HUMIDITY (PERCENT)
 HIGHEST   100
 LOWEST     52
 AVERAGE    76

..........................................................


THE PITTSFIELD MA CLIMATE NORMALS FOR TODAY
                         NORMAL
 MAXIMUM TEMPERATURE (F)   57
 MINIMUM TEMPERATURE (F)   37


SUNRISE AND SUNSET
OCTOBER 18 2014.......SUNRISE   710 AM EDT   SUNSET   606 PM EDT
OCTOBER 19 2014.......SUNRISE   711 AM EDT   SUNSET   605 PM EDT


-  INDICATES NEGATIVE NUMBERS.
R  INDICATES RECORD WAS SET OR TIED.
MM INDICATES DATA IS MISSING.
T  INDICATES TRACE AMOUNT.




$$
