000
CDUS41 KALY 220624
CLIPSF


CLIMATE REPORT
NATIONAL WEATHER SERVICE ALBANY NY
223 AM EDT MON SEP 22 2014


...................................

...THE PITTSFIELD MA CLIMATE SUMMARY FOR SEPTEMBER 21 2014...

CLIMATE NORMAL PERIOD 1981 TO 2010
CLIMATE RECORD PERIOD 9999 TO 9999


WEATHER ITEM   OBSERVED TIME   NORMAL DEPARTURE LAST
                VALUE   (LST)  VALUE  FROM      YEAR
                                      NORMAL
......................................................
TEMPERATURE (F)
 YESTERDAY
  MAXIMUM         73    349 PM  67      6       70
  MINIMUM         58   1159 PM  46     12       48
  AVERAGE         66            56     10       59

PRECIPITATION (IN)
  YESTERDAY        0.02          0.13  -0.11     0.67
  MONTH TO DATE    1.41          2.56  -1.15     3.18
  SINCE SEP 1      1.41          2.56  -1.15     3.18
  SINCE JAN 1     32.33         32.34  -0.01    31.28

DEGREE DAYS
 HEATING
  YESTERDAY        0             9     -9        6
  MONTH TO DATE  143           117     26      147
  SINCE SEP 1    143           117     26      147
  SINCE JUL 1    216           195     21      203

 COOLING
  YESTERDAY        1             0      1        0
  MONTH TO DATE   34            16     18       33
  SINCE SEP 1     34            16     18       33
  SINCE JAN 1    233           286    -53      433
......................................................


WIND (MPH)
  HIGHEST WIND SPEED    23   HIGHEST WIND DIRECTION    NW (300)
  HIGHEST GUST SPEED    32   HIGHEST GUST DIRECTION     W (290)
  AVERAGE WIND SPEED     7.5


SKY COVER
  AVERAGE SKY COVER 0.7



RELATIVE HUMIDITY (PERCENT)
 HIGHEST    97
 LOWEST     68
 AVERAGE    83

..........................................................


THE PITTSFIELD MA CLIMATE NORMALS FOR TODAY
                         NORMAL
 MAXIMUM TEMPERATURE (F)   67
 MINIMUM TEMPERATURE (F)   46


SUNRISE AND SUNSET
SEPTEMBER 22 2014.....SUNRISE   640 AM EDT   SUNSET   651 PM EDT
SEPTEMBER 23 2014.....SUNRISE   642 AM EDT   SUNSET   649 PM EDT


-  INDICATES NEGATIVE NUMBERS.
R  INDICATES RECORD WAS SET OR TIED.
MM INDICATES DATA IS MISSING.
T  INDICATES TRACE AMOUNT.




$$
