332
CDUS41 KALY 252147
CLIPSF


CLIMATE REPORT
NATIONAL WEATHER SERVICE ALBANY NY
446 PM EST FRI NOV 25 2016


...................................

...THE PITTSFIELD MA CLIMATE SUMMARY FOR NOVEMBER 25 2016...
VALID TODAY AS OF 0400 PM LOCAL TIME.

CLIMATE NORMAL PERIOD 1981 TO 2010
CLIMATE RECORD PERIOD 9999 TO 9999


WEATHER ITEM   OBSERVED TIME   NORMAL DEPARTURE LAST
                VALUE   (LST)  VALUE  FROM      YEAR
                                      NORMAL
......................................................
TEMPERATURE (F)
 TODAY
  MAXIMUM         40    258 PM  43     -3       43
  MINIMUM         32    525 AM  27      5       19
  AVERAGE         36            34      2       31

PRECIPITATION (IN)
  TODAY            0.00          0.14  -0.14     0.00
  MONTH TO DATE    1.63          3.24  -1.61     2.76
  SINCE SEP 1      7.35         11.91  -4.56     9.60
  SINCE JAN 1     30.72         41.69 -10.97    36.84

DEGREE DAYS
 HEATING
  TODAY           29            30     -1       34
  MONTH TO DATE  630           658    -28      542
  SINCE SEP 1   1248          1416   -168     1206
  SINCE JUL 1   1272          1494   -222     1234

 COOLING
  TODAY            0             0      0        0
  MONTH TO DATE    0             0      0        0
  SINCE SEP 1     51            20     31       53
  SINCE JAN 1    432           290    142      361
......................................................


WIND (MPH)
  HIGHEST WIND SPEED     5   HIGHEST WIND DIRECTION     N (20)
  HIGHEST GUST SPEED     6   HIGHEST GUST DIRECTION     N (20)
  AVERAGE WIND SPEED     0.0


SKY COVER
  AVERAGE SKY COVER 1.0



RELATIVE HUMIDITY (PERCENT)
 HIGHEST   100
 LOWEST     89
 AVERAGE    95

..........................................................


THE PITTSFIELD MA CLIMATE NORMALS FOR TOMORROW
                         NORMAL
 MAXIMUM TEMPERATURE (F)   42
 MINIMUM TEMPERATURE (F)   26


SUNRISE AND SUNSET
NOVEMBER 25 2016......SUNRISE   657 AM EST   SUNSET   424 PM EST
NOVEMBER 26 2016......SUNRISE   658 AM EST   SUNSET   423 PM EST


-  INDICATES NEGATIVE NUMBERS.
R  INDICATES RECORD WAS SET OR TIED.
MM INDICATES DATA IS MISSING.
T  INDICATES TRACE AMOUNT.




$$
