852
CDUS41 KALY 110633
CLIPSF


CLIMATE REPORT
NATIONAL WEATHER SERVICE ALBANY NY
131 AM EST SAT FEB 11 2017


...................................

...THE PITTSFIELD MA CLIMATE SUMMARY FOR FEBRUARY 10 2017...

CLIMATE NORMAL PERIOD 1981 TO 2010
CLIMATE RECORD PERIOD 9999 TO 9999


WEATHER ITEM   OBSERVED TIME   NORMAL DEPARTURE LAST
                VALUE   (LST)  VALUE  FROM      YEAR
                                      NORMAL
......................................................
TEMPERATURE (F)
 YESTERDAY
  MAXIMUM         19    425 PM  31    -12       32
  MINIMUM          4   1254 AM  14    -10       21
  AVERAGE         12            23    -11       27

PRECIPITATION (IN)
  YESTERDAY        0.15          0.10   0.05     0.03
  MONTH TO DATE    1.12          0.87   0.25     0.91
  SINCE DEC 1      6.86          6.79   0.07     5.68
  SINCE JAN 1      3.84          3.79   0.05     2.00

DEGREE DAYS
 HEATING
  YESTERDAY       53            42     11       38
  MONTH TO DATE  415           433    -18      327
  SINCE DEC 1   2740          3007   -267     2301
  SINCE JUL 1   4147          4658   -511     3674

 COOLING
  YESTERDAY        0             0      0        0
  MONTH TO DATE    0             0      0        0
  SINCE DEC 1      0             0      0        0
  SINCE JAN 1      0             0      0        0
......................................................


WIND (MPH)
  HIGHEST WIND SPEED    37   HIGHEST WIND DIRECTION     W (290)
  HIGHEST GUST SPEED    49   HIGHEST GUST DIRECTION     W (280)
  AVERAGE WIND SPEED    14.6


SKY COVER
  AVERAGE SKY COVER 0.4



RELATIVE HUMIDITY (PERCENT)
 HIGHEST    88
 LOWEST     51
 AVERAGE    70

..........................................................


THE PITTSFIELD MA CLIMATE NORMALS FOR TODAY
                         NORMAL
 MAXIMUM TEMPERATURE (F)   31
 MINIMUM TEMPERATURE (F)   15


SUNRISE AND SUNSET
FEBRUARY 11 2017......SUNRISE   655 AM EST   SUNSET   521 PM EST
FEBRUARY 12 2017......SUNRISE   654 AM EST   SUNSET   522 PM EST


-  INDICATES NEGATIVE NUMBERS.
R  INDICATES RECORD WAS SET OR TIED.
MM INDICATES DATA IS MISSING.
T  INDICATES TRACE AMOUNT.




$$
