000
CDUS41 KALY 140622
CLIPSF


CLIMATE REPORT
NATIONAL WEATHER SERVICE ALBANY NY
221 AM EDT THU MAY 14 2015


...................................

...THE PITTSFIELD MA CLIMATE SUMMARY FOR MAY 13 2015...

CLIMATE NORMAL PERIOD 1981 TO 2010
CLIMATE RECORD PERIOD 9999 TO 9999


WEATHER ITEM   OBSERVED TIME   NORMAL DEPARTURE LAST
                VALUE   (LST)  VALUE  FROM      YEAR
                                      NORMAL
......................................................
TEMPERATURE (F)
 YESTERDAY
  MAXIMUM         57    342 PM  66     -9       68
  MINIMUM         38   1157 PM  42     -4       48
  AVERAGE         48            54     -6       58

PRECIPITATION (IN)
  YESTERDAY        0.00          0.12  -0.12     0.00
  MONTH TO DATE    0.07          1.46  -1.39     0.69
  SINCE MAR 1      4.54          8.69  -4.15     7.26
  SINCE JAN 1      9.63         14.29  -4.66    13.64

DEGREE DAYS
 HEATING
  YESTERDAY       17            11      6        7
  MONTH TO DATE   62           170   -108      131
  SINCE MAR 1   1891          1825     66     1995
  SINCE JUL 1   7554          7205    349     7547

 COOLING
  YESTERDAY        0             0      0        0
  MONTH TO DATE   18             0     18        3
  SINCE MAR 1     18             2     16        4
  SINCE JAN 1     18             2     16        4
......................................................


WIND (MPH)
  HIGHEST WIND SPEED    30   HIGHEST WIND DIRECTION     W (290)
  HIGHEST GUST SPEED    44   HIGHEST GUST DIRECTION     W (270)
  AVERAGE WIND SPEED    11.5


SKY COVER
  AVERAGE SKY COVER 0.7



RELATIVE HUMIDITY (PERCENT)
 HIGHEST    85
 LOWEST     47
 AVERAGE    66

..........................................................


THE PITTSFIELD MA CLIMATE NORMALS FOR TODAY
                         NORMAL
 MAXIMUM TEMPERATURE (F)   66
 MINIMUM TEMPERATURE (F)   43


SUNRISE AND SUNSET
MAY 14 2015...........SUNRISE   533 AM EDT   SUNSET   807 PM EDT
MAY 15 2015...........SUNRISE   532 AM EDT   SUNSET   808 PM EDT


-  INDICATES NEGATIVE NUMBERS.
R  INDICATES RECORD WAS SET OR TIED.
MM INDICATES DATA IS MISSING.
T  INDICATES TRACE AMOUNT.




$$
