000
CDUS41 KALY 230622
CLIPSF


CLIMATE REPORT
NATIONAL WEATHER SERVICE ALBANY NY
221 AM EDT WED JUL 23 2014


...................................

...THE PITTSFIELD MA CLIMATE SUMMARY FOR JULY 22 2014...

CLIMATE NORMAL PERIOD 1981 TO 2010
CLIMATE RECORD PERIOD 9999 TO 9999


WEATHER ITEM   OBSERVED TIME   NORMAL DEPARTURE LAST
                VALUE   (LST)  VALUE  FROM      YEAR
                                      NORMAL
......................................................
TEMPERATURE (F)
 YESTERDAY
  MAXIMUM         84    209 PM  79      5       82
  MINIMUM         58    514 AM  57      1       59
  AVERAGE         71            68      3       71

PRECIPITATION (IN)
  YESTERDAY        0.00          0.16  -0.16     0.28
  MONTH TO DATE    5.07          2.83   2.24     0.79
  SINCE JUN 1     10.42          7.23   3.19     8.16
  SINCE JAN 1     24.42         24.27   0.15    22.75

DEGREE DAYS
 HEATING
  YESTERDAY        0             1     -1        0
  MONTH TO DATE    9            22    -13        0
  SINCE JUN 1     67           123    -56      108
  SINCE JUL 1      9            22    -13        0

 COOLING
  YESTERDAY        6             4      2        6
  MONTH TO DATE   93            77     16      212
  SINCE JUN 1    136           133      3      298
  SINCE JAN 1    142           146     -4      323
......................................................


WIND (MPH)
  HIGHEST WIND SPEED    13   HIGHEST WIND DIRECTION    SW (240)
  HIGHEST GUST SPEED    18   HIGHEST GUST DIRECTION    SW (230)
  AVERAGE WIND SPEED     5.2


SKY COVER
  AVERAGE SKY COVER 0.1



RELATIVE HUMIDITY (PERCENT)
 HIGHEST   100
 LOWEST     51
 AVERAGE    76

..........................................................


THE PITTSFIELD MA CLIMATE NORMALS FOR TODAY
                         NORMAL
 MAXIMUM TEMPERATURE (F)   79
 MINIMUM TEMPERATURE (F)   57


SUNRISE AND SUNSET
JULY 23 2014..........SUNRISE   537 AM EDT   SUNSET   822 PM EDT
JULY 24 2014..........SUNRISE   538 AM EDT   SUNSET   821 PM EDT


-  INDICATES NEGATIVE NUMBERS.
R  INDICATES RECORD WAS SET OR TIED.
MM INDICATES DATA IS MISSING.
T  INDICATES TRACE AMOUNT.




$$
