000
CDUS41 KALY 170624
CLIPSF


CLIMATE REPORT
NATIONAL WEATHER SERVICE ALBANY NY
123 AM EST TUE FEB 17 2015


...................................

...THE PITTSFIELD MA CLIMATE SUMMARY FOR FEBRUARY 16 2015...

CLIMATE NORMAL PERIOD 1981 TO 2010
CLIMATE RECORD PERIOD 9999 TO 9999


WEATHER ITEM   OBSERVED TIME   NORMAL DEPARTURE LAST
                VALUE   (LST)  VALUE  FROM      YEAR
                                      NORMAL
......................................................
TEMPERATURE (F)
 YESTERDAY
  MAXIMUM          7    333 PM  32    -25       20
  MINIMUM        -12    736 AM  16    -28       10
  AVERAGE         -2            24    -26       15

PRECIPITATION (IN)
  YESTERDAY        T             0.10  -0.10     0.18
  MONTH TO DATE    1.09          1.49  -0.40     2.08
  SINCE DEC 1      8.20          7.41   0.79     8.22
  SINCE JAN 1      4.45          4.41   0.04     5.43

DEGREE DAYS
 HEATING
  YESTERDAY       67            41     26       50
  MONTH TO DATE  855           682    173      743
  SINCE DEC 1   3397          3256    141     3342
  SINCE JUL 1   5019          4907    112     5022

 COOLING
  YESTERDAY        0             0      0        0
  MONTH TO DATE    0             0      0        0
  SINCE DEC 1      0             0      0        0
  SINCE JAN 1      0             0      0        0
......................................................


WIND (MPH)
  HIGHEST WIND SPEED    22   HIGHEST WIND DIRECTION     W (290)
  HIGHEST GUST SPEED    32   HIGHEST GUST DIRECTION    NW (310)
  AVERAGE WIND SPEED    11.2


SKY COVER
  AVERAGE SKY COVER 0.0



RELATIVE HUMIDITY (PERCENT)
 HIGHEST    70
 LOWEST     44
 AVERAGE    57

..........................................................


THE PITTSFIELD MA CLIMATE NORMALS FOR TODAY
                         NORMAL
 MAXIMUM TEMPERATURE (F)   33
 MINIMUM TEMPERATURE (F)   16


SUNRISE AND SUNSET
FEBRUARY 17 2015......SUNRISE   647 AM EST   SUNSET   528 PM EST
FEBRUARY 18 2015......SUNRISE   646 AM EST   SUNSET   529 PM EST


-  INDICATES NEGATIVE NUMBERS.
R  INDICATES RECORD WAS SET OR TIED.
MM INDICATES DATA IS MISSING.
T  INDICATES TRACE AMOUNT.




$$
