000
CDUS41 KALY 150627
CLIPSF


CLIMATE REPORT
NATIONAL WEATHER SERVICE ALBANY NY
126 AM EST MON DEC 15 2014


...................................

...THE PITTSFIELD MA CLIMATE SUMMARY FOR DECEMBER 14 2014...

CLIMATE NORMAL PERIOD 1981 TO 2010
CLIMATE RECORD PERIOD 9999 TO 9999


WEATHER ITEM   OBSERVED TIME   NORMAL DEPARTURE LAST
                VALUE   (LST)  VALUE  FROM      YEAR
                                      NORMAL
......................................................
TEMPERATURE (F)
 YESTERDAY
  MAXIMUM         34    852 PM  34      0       16
  MINIMUM         31    138 AM  20     11        9
  AVERAGE         33            27      6       13

PRECIPITATION (IN)
  YESTERDAY        0.00          0.10  -0.10     0.29
  MONTH TO DATE    2.24          1.42   0.82     0.73
  SINCE DEC 1      2.24          1.42   0.82     0.73
  SINCE JAN 1     42.66         43.80  -1.14    37.54

DEGREE DAYS
 HEATING
  YESTERDAY       32            38     -6       52
  MONTH TO DATE  502           494      8      521
  SINCE DEC 1    502           494      8      521
  SINCE JUL 1   2124          2145    -21     2201

 COOLING
  YESTERDAY        0             0      0        0
  MONTH TO DATE    0             0      0        0
  SINCE DEC 1      0             0      0        0
  SINCE JAN 1    238           290    -52      433
......................................................


WIND (MPH)
  HIGHEST WIND SPEED    15   HIGHEST WIND DIRECTION    NW (320)
  HIGHEST GUST SPEED    22   HIGHEST GUST DIRECTION    NW (310)
  AVERAGE WIND SPEED     7.7


SKY COVER
  AVERAGE SKY COVER 1.0



RELATIVE HUMIDITY (PERCENT)
 HIGHEST    92
 LOWEST     82
 AVERAGE    87

..........................................................


THE PITTSFIELD MA CLIMATE NORMALS FOR TODAY
                         NORMAL
 MAXIMUM TEMPERATURE (F)   34
 MINIMUM TEMPERATURE (F)   20


SUNRISE AND SUNSET
DECEMBER 15 2014......SUNRISE   716 AM EST   SUNSET   421 PM EST
DECEMBER 16 2014......SUNRISE   716 AM EST   SUNSET   421 PM EST


-  INDICATES NEGATIVE NUMBERS.
R  INDICATES RECORD WAS SET OR TIED.
MM INDICATES DATA IS MISSING.
T  INDICATES TRACE AMOUNT.




$$
