000
CDUS41 KALY 200623
CLIPSF


CLIMATE REPORT
NATIONAL WEATHER SERVICE ALBANY NY
221 AM EDT FRI MAR 20 2015


...................................

...THE PITTSFIELD MA CLIMATE SUMMARY FOR MARCH 19 2015...

CLIMATE NORMAL PERIOD 1981 TO 2010
CLIMATE RECORD PERIOD 9999 TO 9999


WEATHER ITEM   OBSERVED TIME   NORMAL DEPARTURE LAST
                VALUE   (LST)  VALUE  FROM      YEAR
                                      NORMAL
......................................................
TEMPERATURE (F)
 YESTERDAY
  MAXIMUM         30    433 PM  43    -13       38
  MINIMUM         13    613 AM  22     -9       18
  AVERAGE         22            33    -11       28

PRECIPITATION (IN)
  YESTERDAY        0.00          0.12  -0.12     0.55
  MONTH TO DATE    0.80          1.75  -0.95     1.02
  SINCE MAR 1      0.80          1.75  -0.95     1.02
  SINCE JAN 1      5.89          7.35  -1.46     7.40

DEGREE DAYS
 HEATING
  YESTERDAY       43            32     11       37
  MONTH TO DATE  755           669     86      811
  SINCE MAR 1    755           669     86      811
  SINCE JUL 1   6418          6049    369     6363

 COOLING
  YESTERDAY        0             0      0        0
  MONTH TO DATE    0             0      0        0
  SINCE MAR 1      0             0      0        0
  SINCE JAN 1      0             0      0        0
......................................................


WIND (MPH)
  HIGHEST WIND SPEED    23   HIGHEST WIND DIRECTION     W (290)
  HIGHEST GUST SPEED    34   HIGHEST GUST DIRECTION    NW (300)
  AVERAGE WIND SPEED    11.1


SKY COVER
  AVERAGE SKY COVER 0.0



RELATIVE HUMIDITY (PERCENT)
 HIGHEST    59
 LOWEST     31
 AVERAGE    45

..........................................................


THE PITTSFIELD MA CLIMATE NORMALS FOR TODAY
                         NORMAL
 MAXIMUM TEMPERATURE (F)   43
 MINIMUM TEMPERATURE (F)   23


SUNRISE AND SUNSET
MARCH 20 2015.........SUNRISE   657 AM EDT   SUNSET   705 PM EDT
MARCH 21 2015.........SUNRISE   655 AM EDT   SUNSET   706 PM EDT


-  INDICATES NEGATIVE NUMBERS.
R  INDICATES RECORD WAS SET OR TIED.
MM INDICATES DATA IS MISSING.
T  INDICATES TRACE AMOUNT.




$$
