742
CDUS41 KALY 250626
CLIPSF


CLIMATE REPORT
NATIONAL WEATHER SERVICE ALBANY NY
125 AM EST FRI NOV 25 2016


...................................

...THE PITTSFIELD MA CLIMATE SUMMARY FOR NOVEMBER 24 2016...

CLIMATE NORMAL PERIOD 1981 TO 2010
CLIMATE RECORD PERIOD 9999 TO 9999


WEATHER ITEM   OBSERVED TIME   NORMAL DEPARTURE LAST
                VALUE   (LST)  VALUE  FROM      YEAR
                                      NORMAL
......................................................
TEMPERATURE (F)
 YESTERDAY
  MAXIMUM         36    115 PM  43     -7       39
  MINIMUM         24    103 AM  27     -3       16
  AVERAGE         30            35     -5       28

PRECIPITATION (IN)
  YESTERDAY        0.15          0.13   0.02     0.00
  MONTH TO DATE    1.63          3.10  -1.47     2.76
  SINCE SEP 1      7.35         11.77  -4.42     9.60
  SINCE JAN 1     30.72         41.55 -10.83    36.84

DEGREE DAYS
 HEATING
  YESTERDAY       35            30      5       37
  MONTH TO DATE  601           628    -27      508
  SINCE SEP 1   1219          1386   -167     1172
  SINCE JUL 1   1243          1464   -221     1200

 COOLING
  YESTERDAY        0             0      0        0
  MONTH TO DATE    0             0      0        0
  SINCE SEP 1     51            20     31       53
  SINCE JAN 1    432           290    142      361
......................................................


WIND (MPH)
  HIGHEST WIND SPEED    13   HIGHEST WIND DIRECTION    SE (140)
  HIGHEST GUST SPEED    16   HIGHEST GUST DIRECTION    SE (140)
  AVERAGE WIND SPEED     2.4


SKY COVER
  AVERAGE SKY COVER 0.8



RELATIVE HUMIDITY (PERCENT)
 HIGHEST    96
 LOWEST     69
 AVERAGE    83

..........................................................


THE PITTSFIELD MA CLIMATE NORMALS FOR TODAY
                         NORMAL
 MAXIMUM TEMPERATURE (F)   43
 MINIMUM TEMPERATURE (F)   27


SUNRISE AND SUNSET
NOVEMBER 25 2016......SUNRISE   657 AM EST   SUNSET   424 PM EST
NOVEMBER 26 2016......SUNRISE   658 AM EST   SUNSET   423 PM EST


-  INDICATES NEGATIVE NUMBERS.
R  INDICATES RECORD WAS SET OR TIED.
MM INDICATES DATA IS MISSING.
T  INDICATES TRACE AMOUNT.




$$
