865
CDUS41 KALY 272152
CLIPSF


CLIMATE REPORT
NATIONAL WEATHER SERVICE ALBANY NY
451 PM EST MON FEB 27 2017


...................................

...THE PITTSFIELD MA CLIMATE SUMMARY FOR FEBRUARY 27 2017...
VALID TODAY AS OF 0400 PM LOCAL TIME.

CLIMATE NORMAL PERIOD 1981 TO 2010
CLIMATE RECORD PERIOD 9999 TO 9999


WEATHER ITEM   OBSERVED TIME   NORMAL DEPARTURE LAST
                VALUE   (LST)  VALUE  FROM      YEAR
                                      NORMAL
......................................................
TEMPERATURE (F)
 TODAY
  MAXIMUM         49    325 PM  36     13       33
  MINIMUM         19    635 AM  18      1       15
  AVERAGE         34            27      7       24

PRECIPITATION (IN)
  TODAY            0.00          0.10  -0.10      T
  MONTH TO DATE    2.85          2.59   0.26     4.11
  SINCE DEC 1      8.59          8.51   0.08     8.88
  SINCE JAN 1      5.57          5.51   0.06     5.20

DEGREE DAYS
 HEATING
  TODAY           31            38     -7       41
  MONTH TO DATE  949          1118   -169      970
  SINCE DEC 1   3274          3692   -418     2944
  SINCE JUL 1   4681          5343   -662     4317

 COOLING
  TODAY            0             0      0        0
  MONTH TO DATE    0             0      0        0
  SINCE DEC 1      0             0      0        0
  SINCE JAN 1      0             0      0        0
......................................................


WIND (MPH)
  HIGHEST WIND SPEED    23   HIGHEST WIND DIRECTION     W (250)
  HIGHEST GUST SPEED    31   HIGHEST GUST DIRECTION     W (250)
  AVERAGE WIND SPEED     7.2


SKY COVER
  AVERAGE SKY COVER 0.1



RELATIVE HUMIDITY (PERCENT)
 HIGHEST    91
 LOWEST     29
 AVERAGE    60

..........................................................


THE PITTSFIELD MA CLIMATE NORMALS FOR TOMORROW
                         NORMAL
 MAXIMUM TEMPERATURE (F)   36
 MINIMUM TEMPERATURE (F)   18


SUNRISE AND SUNSET
FEBRUARY 27 2017......SUNRISE   631 AM EST   SUNSET   541 PM EST
FEBRUARY 28 2017......SUNRISE   630 AM EST   SUNSET   542 PM EST


-  INDICATES NEGATIVE NUMBERS.
R  INDICATES RECORD WAS SET OR TIED.
MM INDICATES DATA IS MISSING.
T  INDICATES TRACE AMOUNT.




$$
