800
CDUS41 KALY 190625
CLIPSF


CLIMATE REPORT
NATIONAL WEATHER SERVICE ALBANY NY
124 AM EST SUN NOV 19 2017


...................................

...THE PITTSFIELD MA CLIMATE SUMMARY FOR NOVEMBER 18 2017...

CLIMATE NORMAL PERIOD 1981 TO 2010
CLIMATE RECORD PERIOD 9999 TO 9999


WEATHER ITEM   OBSERVED TIME   NORMAL DEPARTURE LAST
                VALUE   (LST)  VALUE  FROM      YEAR
                                      NORMAL
......................................................
TEMPERATURE (F)
 YESTERDAY
  MAXIMUM         46   1159 PM  46      0       61
  MINIMUM         20    517 AM  28     -8       33
  AVERAGE         33            37     -4       47

PRECIPITATION (IN)
  YESTERDAY        0.15          0.14   0.01     0.00
  MONTH TO DATE    0.91          2.29  -1.38     0.94
  SINCE SEP 1      8.20         10.96  -2.76     6.66
  SINCE JAN 1     38.99         40.74  -1.75    30.03

DEGREE DAYS
 HEATING
  YESTERDAY       32            28      4       18
  MONTH TO DATE  443           453    -10      402
  SINCE SEP 1    902          1211   -309     1020
  SINCE JUL 1    988          1289   -301     1044

 COOLING
  YESTERDAY        0             0      0        0
  MONTH TO DATE    0             0      0        0
  SINCE SEP 1     81            20     61       51
  SINCE JAN 1    351           290     61      432
......................................................


WIND (MPH)
  HIGHEST WIND SPEED    18   HIGHEST WIND DIRECTION     S (170)
  HIGHEST GUST SPEED    24   HIGHEST GUST DIRECTION     S (190)
  AVERAGE WIND SPEED     6.0


SKY COVER
  AVERAGE SKY COVER 0.5



RELATIVE HUMIDITY (PERCENT)
 HIGHEST    84
 LOWEST     52
 AVERAGE    68

..........................................................


THE PITTSFIELD MA CLIMATE NORMALS FOR TODAY
                         NORMAL
 MAXIMUM TEMPERATURE (F)   45
 MINIMUM TEMPERATURE (F)   28


SUNRISE AND SUNSET
NOVEMBER 19 2017......SUNRISE   649 AM EST   SUNSET   428 PM EST
NOVEMBER 20 2017......SUNRISE   651 AM EST   SUNSET   427 PM EST


-  INDICATES NEGATIVE NUMBERS.
R  INDICATES RECORD WAS SET OR TIED.
MM INDICATES DATA IS MISSING.
T  INDICATES TRACE AMOUNT.




$$
