000
CDUS41 KALY 280626
CLIPSF


CLIMATE REPORT
NATIONAL WEATHER SERVICE ALBANY NY
225 AM EDT SUN MAY 28 2017


...................................

...THE PITTSFIELD MA CLIMATE SUMMARY FOR MAY 27 2017...

CLIMATE NORMAL PERIOD 1981 TO 2010
CLIMATE RECORD PERIOD 9999 TO 9999


WEATHER ITEM   OBSERVED TIME   NORMAL DEPARTURE LAST
                VALUE   (LST)  VALUE  FROM      YEAR
                                      NORMAL
......................................................
TEMPERATURE (F)
 YESTERDAY
  MAXIMUM         67    516 PM  70     -3       84
  MINIMUM         47    438 AM  47      0       61
  AVERAGE         57            58     -1       73

PRECIPITATION (IN)
  YESTERDAY        0.00          0.17  -0.17     0.00
  MONTH TO DATE    6.11          3.57   2.54     1.99
  SINCE MAR 1     12.51         10.80   1.71     6.74
  SINCE JAN 1     18.09         16.40   1.69    12.11

DEGREE DAYS
 HEATING
  YESTERDAY        8             7      1        0
  MONTH TO DATE  334           298     36      313
  SINCE MAR 1   1941          1953    -12     1762
  SINCE JUL 1   6643          7333   -690     6129

 COOLING
  YESTERDAY        0             1     -1        8
  MONTH TO DATE   12             1     11       13
  SINCE MAR 1     14             3     11       13
  SINCE JAN 1     14             3     11       13
......................................................


WIND (MPH)
  HIGHEST WIND SPEED    10   HIGHEST WIND DIRECTION     W (260)
  HIGHEST GUST SPEED    14   HIGHEST GUST DIRECTION    NW (330)
  AVERAGE WIND SPEED     3.5


SKY COVER
  AVERAGE SKY COVER  MM



RELATIVE HUMIDITY (PERCENT)
 HIGHEST    MM
 LOWEST     MM
 AVERAGE    MM

..........................................................


THE PITTSFIELD MA CLIMATE NORMALS FOR TODAY
                         NORMAL
 MAXIMUM TEMPERATURE (F)   70
 MINIMUM TEMPERATURE (F)   47


SUNRISE AND SUNSET
MAY 28 2017...........SUNRISE   521 AM EDT   SUNSET   821 PM EDT
MAY 29 2017...........SUNRISE   520 AM EDT   SUNSET   822 PM EDT


-  INDICATES NEGATIVE NUMBERS.
R  INDICATES RECORD WAS SET OR TIED.
MM INDICATES DATA IS MISSING.
T  INDICATES TRACE AMOUNT.




$$
