735
CDUS41 KALY 160625
CLIPSF


CLIMATE REPORT
NATIONAL WEATHER SERVICE ALBANY NY
122 AM EST TUE JAN 16 2018


...................................

...THE PITTSFIELD MA CLIMATE SUMMARY FOR JANUARY 15 2018...

CLIMATE NORMAL PERIOD 1981 TO 2010
CLIMATE RECORD PERIOD 9999 TO 9999


WEATHER ITEM   OBSERVED TIME   NORMAL DEPARTURE LAST
                VALUE   (LST)  VALUE  FROM      YEAR
                                      NORMAL
......................................................
TEMPERATURE (F)
 YESTERDAY
  MAXIMUM         23    345 PM  29     -6       32
  MINIMUM          3    107 AM  11     -8       19
  AVERAGE         13            20     -7       26

PRECIPITATION (IN)
  YESTERDAY        0.00          0.08  -0.08     0.00
  MONTH TO DATE    3.04          1.59   1.45     1.45
  SINCE DEC 1      5.19          4.59   0.60     4.47
  SINCE JAN 1      3.04          1.59   1.45     1.45

DEGREE DAYS
 HEATING
  YESTERDAY       52            45      7       39
  MONTH TO DATE  709           668     41      605
  SINCE DEC 1   1971          1855    116     1783
  SINCE JUL 1   3296          3506   -210     3190

 COOLING
  YESTERDAY        0             0      0        0
  MONTH TO DATE    0             0      0        0
  SINCE DEC 1      0             0      0        0
  SINCE JAN 1      0             0      0        0
......................................................


WIND (MPH)
  HIGHEST WIND SPEED    12   HIGHEST WIND DIRECTION    NE (60)
  HIGHEST GUST SPEED    16   HIGHEST GUST DIRECTION    NE (60)
  AVERAGE WIND SPEED     3.3


SKY COVER
  AVERAGE SKY COVER 0.4



RELATIVE HUMIDITY (PERCENT)
 HIGHEST    79
 LOWEST     41
 AVERAGE    60

..........................................................


THE PITTSFIELD MA CLIMATE NORMALS FOR TODAY
                         NORMAL
 MAXIMUM TEMPERATURE (F)   29
 MINIMUM TEMPERATURE (F)   11


SUNRISE AND SUNSET
JANUARY 16 2018.......SUNRISE   719 AM EST   SUNSET   447 PM EST
JANUARY 17 2018.......SUNRISE   719 AM EST   SUNSET   448 PM EST


-  INDICATES NEGATIVE NUMBERS.
R  INDICATES RECORD WAS SET OR TIED.
MM INDICATES DATA IS MISSING.
T  INDICATES TRACE AMOUNT.




$$
