000
CDUS41 KALY 170627
CLIPSF


CLIMATE REPORT
NATIONAL WEATHER SERVICE ALBANY NY
226 AM EDT SUN MAY 17 2015


...................................

...THE PITTSFIELD MA CLIMATE SUMMARY FOR MAY 16 2015...

CLIMATE NORMAL PERIOD 1981 TO 2010
CLIMATE RECORD PERIOD 9999 TO 9999


WEATHER ITEM   OBSERVED TIME   NORMAL DEPARTURE LAST
                VALUE   (LST)  VALUE  FROM      YEAR
                                      NORMAL
......................................................
TEMPERATURE (F)
 YESTERDAY
  MAXIMUM         73    324 PM  67      6       67
  MINIMUM         51    551 AM  43      8       63
  AVERAGE         62            55      7       65

PRECIPITATION (IN)
  YESTERDAY        0.06          0.12  -0.06    MM
  MONTH TO DATE    0.13          1.83  -1.70     0.69
  SINCE MAR 1      4.60          9.06  -4.46     7.26
  SINCE JAN 1      9.69         14.66  -4.97    13.64

DEGREE DAYS
 HEATING
  YESTERDAY        3            10     -7        0
  MONTH TO DATE   93           202   -109      135
  SINCE MAR 1   1922          1857     65     1999
  SINCE JUL 1   7585          7237    348     7551

 COOLING
  YESTERDAY        0             0      0        0
  MONTH TO DATE   18             0     18        3
  SINCE MAR 1     18             2     16        4
  SINCE JAN 1     18             2     16        4
......................................................


WIND (MPH)
  HIGHEST WIND SPEED    12   HIGHEST WIND DIRECTION    SW (230)
  HIGHEST GUST SPEED    18   HIGHEST GUST DIRECTION    SW (230)
  AVERAGE WIND SPEED     3.8


SKY COVER
  AVERAGE SKY COVER 0.7



RELATIVE HUMIDITY (PERCENT)
 HIGHEST    93
 LOWEST     51
 AVERAGE    72

..........................................................


THE PITTSFIELD MA CLIMATE NORMALS FOR TODAY
                         NORMAL
 MAXIMUM TEMPERATURE (F)   67
 MINIMUM TEMPERATURE (F)   43


SUNRISE AND SUNSET
MAY 17 2015...........SUNRISE   530 AM EDT   SUNSET   810 PM EDT
MAY 18 2015...........SUNRISE   529 AM EDT   SUNSET   811 PM EDT


-  INDICATES NEGATIVE NUMBERS.
R  INDICATES RECORD WAS SET OR TIED.
MM INDICATES DATA IS MISSING.
T  INDICATES TRACE AMOUNT.




$$
