000
CDUS41 KALY 110627
CLIPSF


CLIMATE REPORT
NATIONAL WEATHER SERVICE ALBANY NY
227 AM EDT SAT OCT 11 2014


...................................

...THE PITTSFIELD MA CLIMATE SUMMARY FOR OCTOBER 10 2014...

CLIMATE NORMAL PERIOD 1981 TO 2010
CLIMATE RECORD PERIOD 9999 TO 9999


WEATHER ITEM   OBSERVED TIME   NORMAL DEPARTURE LAST
                VALUE   (LST)  VALUE  FROM      YEAR
                                      NORMAL
......................................................
TEMPERATURE (F)
 YESTERDAY
  MAXIMUM         57    339 PM  60     -3       57
  MINIMUM         39   1250 AM  39      0       37
  AVERAGE         48            49     -1       47

PRECIPITATION (IN)
  YESTERDAY        0.00          0.17  -0.17     0.00
  MONTH TO DATE    1.60          1.71  -0.11     1.04
  SINCE SEP 1      3.01          5.67  -2.66     4.73
  SINCE JAN 1     33.93         35.45  -1.52    32.83

DEGREE DAYS
 HEATING
  YESTERDAY       17            16      1       18
  MONTH TO DATE  114           142    -28       91
  SINCE SEP 1    318           356    -38      344
  SINCE JUL 1    391           434    -43      400

 COOLING
  YESTERDAY        0             0      0        0
  MONTH TO DATE    0             0      0        0
  SINCE SEP 1     34            19     15       33
  SINCE JAN 1    233           289    -56      433
......................................................


WIND (MPH)
  HIGHEST WIND SPEED    16   HIGHEST WIND DIRECTION     W (270)
  HIGHEST GUST SPEED    20   HIGHEST GUST DIRECTION    NW (300)
  AVERAGE WIND SPEED     4.6


SKY COVER
  AVERAGE SKY COVER 0.4



RELATIVE HUMIDITY (PERCENT)
 HIGHEST    89
 LOWEST     47
 AVERAGE    68

..........................................................


THE PITTSFIELD MA CLIMATE NORMALS FOR TODAY
                         NORMAL
 MAXIMUM TEMPERATURE (F)   59
 MINIMUM TEMPERATURE (F)   39


SUNRISE AND SUNSET
OCTOBER 11 2014.......SUNRISE   701 AM EDT   SUNSET   618 PM EDT
OCTOBER 12 2014.......SUNRISE   703 AM EDT   SUNSET   616 PM EDT


-  INDICATES NEGATIVE NUMBERS.
R  INDICATES RECORD WAS SET OR TIED.
MM INDICATES DATA IS MISSING.
T  INDICATES TRACE AMOUNT.




$$
