502
CDUS41 KALY 100623
CLIPSF


CLIMATE REPORT
NATIONAL WEATHER SERVICE ALBANY NY
123 AM EST WED JAN 10 2018


...................................

...THE PITTSFIELD MA CLIMATE SUMMARY FOR JANUARY 9 2018...

CLIMATE NORMAL PERIOD 1981 TO 2010
CLIMATE RECORD PERIOD 9999 TO 9999


WEATHER ITEM   OBSERVED TIME   NORMAL DEPARTURE LAST
                VALUE   (LST)  VALUE  FROM      YEAR
                                      NORMAL
......................................................
TEMPERATURE (F)
 YESTERDAY
  MAXIMUM         33    108 PM  29      4       16
  MINIMUM         25   1159 PM  12     13       -4
  AVERAGE         29            20      9        6

PRECIPITATION (IN)
  YESTERDAY        T             0.09  -0.09     0.00
  MONTH TO DATE    0.33          1.03  -0.70     0.47
  SINCE DEC 1      2.48          4.03  -1.55     3.49
  SINCE JAN 1      0.33          1.03  -0.70     0.47

DEGREE DAYS
 HEATING
  YESTERDAY       36            45     -9       59
  MONTH TO DATE  494           398     96      398
  SINCE DEC 1   1756          1585    171     1576
  SINCE JUL 1   3081          3236   -155     2983

 COOLING
  YESTERDAY        0             0      0        0
  MONTH TO DATE    0             0      0        0
  SINCE DEC 1      0             0      0        0
  SINCE JAN 1      0             0      0        0
......................................................


WIND (MPH)
  HIGHEST WIND SPEED    25   HIGHEST WIND DIRECTION     W (280)
  HIGHEST GUST SPEED    36   HIGHEST GUST DIRECTION     W (290)
  AVERAGE WIND SPEED    11.2


SKY COVER
  AVERAGE SKY COVER 1.0



RELATIVE HUMIDITY (PERCENT)
 HIGHEST    88
 LOWEST     57
 AVERAGE    73

..........................................................


THE PITTSFIELD MA CLIMATE NORMALS FOR TODAY
                         NORMAL
 MAXIMUM TEMPERATURE (F)   29
 MINIMUM TEMPERATURE (F)   11


SUNRISE AND SUNSET
JANUARY 10 2018.......SUNRISE   722 AM EST   SUNSET   440 PM EST
JANUARY 11 2018.......SUNRISE   722 AM EST   SUNSET   441 PM EST


-  INDICATES NEGATIVE NUMBERS.
R  INDICATES RECORD WAS SET OR TIED.
MM INDICATES DATA IS MISSING.
T  INDICATES TRACE AMOUNT.




$$
