000
CDUS41 KALY 042143
CLIPSF


CLIMATE REPORT
NATIONAL WEATHER SERVICE ALBANY NY
442 PM EST WED JAN 4 2017


...................................

...THE PITTSFIELD MA CLIMATE SUMMARY FOR JANUARY 4 2017...
VALID TODAY AS OF 0400 PM LOCAL TIME.

CLIMATE NORMAL PERIOD 1981 TO 2010
CLIMATE RECORD PERIOD 9999 TO 9999


WEATHER ITEM   OBSERVED TIME   NORMAL DEPARTURE LAST
                VALUE   (LST)  VALUE  FROM      YEAR
                                      NORMAL
......................................................
TEMPERATURE (F)
 TODAY
  MAXIMUM         40    139 PM  29     11       29
  MINIMUM         33    530 AM  13     20        1
  AVERAGE         37            21     16       15

PRECIPITATION (IN)
  TODAY            0.12          0.12   0.00      T
  MONTH TO DATE    0.42          0.48  -0.06      T
  SINCE DEC 1      3.44          3.48  -0.04     3.68
  SINCE JAN 1      0.42          0.48  -0.06      T

DEGREE DAYS
 HEATING
  TODAY           28            44    -16       50
  MONTH TO DATE  137           175    -38      156
  SINCE DEC 1   1315          1362    -47      933
  SINCE JUL 1   2722          3013   -291     2306

 COOLING
  TODAY            0             0      0        0
  MONTH TO DATE    0             0      0        0
  SINCE DEC 1      0             0      0        0
  SINCE JAN 1      0             0      0        0
......................................................


WIND (MPH)
  HIGHEST WIND SPEED    16   HIGHEST WIND DIRECTION     W (280)
  HIGHEST GUST SPEED    20   HIGHEST GUST DIRECTION    NW (300)
  AVERAGE WIND SPEED     6.4


SKY COVER
  AVERAGE SKY COVER 0.8



RELATIVE HUMIDITY (PERCENT)
 HIGHEST   100
 LOWEST     82
 AVERAGE    91

..........................................................


THE PITTSFIELD MA CLIMATE NORMALS FOR TOMORROW
                         NORMAL
 MAXIMUM TEMPERATURE (F)   29
 MINIMUM TEMPERATURE (F)   12


SUNRISE AND SUNSET
JANUARY  4 2017.......SUNRISE   723 AM EST   SUNSET   434 PM EST
JANUARY  5 2017.......SUNRISE   723 AM EST   SUNSET   435 PM EST


-  INDICATES NEGATIVE NUMBERS.
R  INDICATES RECORD WAS SET OR TIED.
MM INDICATES DATA IS MISSING.
T  INDICATES TRACE AMOUNT.




$$
