335
CDUS41 KALY 190629
CLIPSF


CLIMATE REPORT
NATIONAL WEATHER SERVICE ALBANY NY
229 AM EDT MON SEP 19 2016


...................................

...THE PITTSFIELD MA CLIMATE SUMMARY FOR SEPTEMBER 18 2016...

CLIMATE NORMAL PERIOD 1981 TO 2010
CLIMATE RECORD PERIOD 9999 TO 9999


WEATHER ITEM   OBSERVED TIME   NORMAL DEPARTURE LAST
                VALUE   (LST)  VALUE  FROM      YEAR
                                      NORMAL
......................................................
TEMPERATURE (F)
 YESTERDAY
  MAXIMUM         73    430 PM  68      5       80
  MINIMUM         62    121 AM  47     15       50
  AVERAGE         68            58     10       65

PRECIPITATION (IN)
  YESTERDAY        0.23          0.13   0.10     0.00
  MONTH TO DATE    0.53          2.17  -1.64     2.05
  SINCE SEP 1      0.53          2.17  -1.64     2.05
  SINCE JAN 1     23.90         31.95  -8.05    29.29

DEGREE DAYS
 HEATING
  YESTERDAY        0             8     -8        0
  MONTH TO DATE   43            92    -49       13
  SINCE SEP 1     43            92    -49       13
  SINCE JUL 1     67           170   -103       41

 COOLING
  YESTERDAY        3             0      3        0
  MONTH TO DATE   41            16     25       50
  SINCE SEP 1     41            16     25       50
  SINCE JAN 1    422           286    136      358
......................................................


WIND (MPH)
  HIGHEST WIND SPEED    14   HIGHEST WIND DIRECTION    SW (220)
  HIGHEST GUST SPEED    19   HIGHEST GUST DIRECTION     S (190)
  AVERAGE WIND SPEED     4.6


SKY COVER
  AVERAGE SKY COVER 0.9



RELATIVE HUMIDITY (PERCENT)
 HIGHEST    93
 LOWEST     73
 AVERAGE    83

..........................................................


THE PITTSFIELD MA CLIMATE NORMALS FOR TODAY
                         NORMAL
 MAXIMUM TEMPERATURE (F)   68
 MINIMUM TEMPERATURE (F)   47


SUNRISE AND SUNSET
SEPTEMBER 19 2016.....SUNRISE   638 AM EDT   SUNSET   655 PM EDT
SEPTEMBER 20 2016.....SUNRISE   639 AM EDT   SUNSET   653 PM EDT


-  INDICATES NEGATIVE NUMBERS.
R  INDICATES RECORD WAS SET OR TIED.
MM INDICATES DATA IS MISSING.
T  INDICATES TRACE AMOUNT.




$$
