000
CDUS41 KALY 050623
CLIPSF


CLIMATE REPORT
NATIONAL WEATHER SERVICE ALBANY NY
121 AM EST SUN FEB 5 2017


...................................

...THE PITTSFIELD MA CLIMATE SUMMARY FOR FEBRUARY 4 2017...

CLIMATE NORMAL PERIOD 1981 TO 2010
CLIMATE RECORD PERIOD 9999 TO 9999


WEATHER ITEM   OBSERVED TIME   NORMAL DEPARTURE LAST
                VALUE   (LST)  VALUE  FROM      YEAR
                                      NORMAL
......................................................
TEMPERATURE (F)
 YESTERDAY
  MAXIMUM         26    404 PM  30     -4       54
  MINIMUM         13    843 PM  13      0       33
  AVERAGE         20            22     -2       44

PRECIPITATION (IN)
  YESTERDAY        T             0.09  -0.09     0.10
  MONTH TO DATE    0.08          0.33  -0.25     0.61
  SINCE DEC 1      5.82          6.25  -0.43     5.38
  SINCE JAN 1      2.80          3.25  -0.45     1.70

DEGREE DAYS
 HEATING
  YESTERDAY       45            44      1       21
  MONTH TO DATE  169           176     -7       98
  SINCE DEC 1   2494          2750   -256     2072
  SINCE JUL 1   3901          4401   -500     3445

 COOLING
  YESTERDAY        0             0      0        0
  MONTH TO DATE    0             0      0        0
  SINCE DEC 1      0             0      0        0
  SINCE JAN 1      0             0      0        0
......................................................


WIND (MPH)
  HIGHEST WIND SPEED    21   HIGHEST WIND DIRECTION     W (290)
  HIGHEST GUST SPEED    29   HIGHEST GUST DIRECTION    NW (300)
  AVERAGE WIND SPEED    10.1


SKY COVER
  AVERAGE SKY COVER 0.6



RELATIVE HUMIDITY (PERCENT)
 HIGHEST    80
 LOWEST     45
 AVERAGE    63

..........................................................


THE PITTSFIELD MA CLIMATE NORMALS FOR TODAY
                         NORMAL
 MAXIMUM TEMPERATURE (F)   30
 MINIMUM TEMPERATURE (F)   13


SUNRISE AND SUNSET
FEBRUARY  5 2017......SUNRISE   702 AM EST   SUNSET   513 PM EST
FEBRUARY  6 2017......SUNRISE   701 AM EST   SUNSET   514 PM EST


-  INDICATES NEGATIVE NUMBERS.
R  INDICATES RECORD WAS SET OR TIED.
MM INDICATES DATA IS MISSING.
T  INDICATES TRACE AMOUNT.




$$
