000
CDUS41 KALY 170623
CLIPSF


CLIMATE REPORT
NATIONAL WEATHER SERVICE ALBANY NY
122 AM EST THU NOV 17 2016


...................................

...THE PITTSFIELD MA CLIMATE SUMMARY FOR NOVEMBER 16 2016...

CLIMATE NORMAL PERIOD 1981 TO 2010
CLIMATE RECORD PERIOD 9999 TO 9999


WEATHER ITEM   OBSERVED TIME   NORMAL DEPARTURE LAST
                VALUE   (LST)  VALUE  FROM      YEAR
                                      NORMAL
......................................................
TEMPERATURE (F)
 YESTERDAY
  MAXIMUM         49    415 PM  47      2       55
  MINIMUM         38   1036 PM  29      9       33
  AVERAGE         44            38      6       44

PRECIPITATION (IN)
  YESTERDAY        0.15          0.13   0.02     0.00
  MONTH TO DATE    0.94          2.02  -1.08     1.57
  SINCE SEP 1      6.66         10.69  -4.03     8.41
  SINCE JAN 1     30.03         40.47 -10.44    35.65

DEGREE DAYS
 HEATING
  YESTERDAY       21            27     -6       21
  MONTH TO DATE  363           397    -34      286
  SINCE SEP 1    981          1155   -174      950
  SINCE JUL 1   1005          1233   -228      978

 COOLING
  YESTERDAY        0             0      0        0
  MONTH TO DATE    0             0      0        0
  SINCE SEP 1     51            20     31       53
  SINCE JAN 1    432           290    142      361
......................................................


WIND (MPH)
  HIGHEST WIND SPEED    22   HIGHEST WIND DIRECTION     W (290)
  HIGHEST GUST SPEED    27   HIGHEST GUST DIRECTION     W (290)
  AVERAGE WIND SPEED     9.5


SKY COVER
  AVERAGE SKY COVER 0.6



RELATIVE HUMIDITY (PERCENT)
 HIGHEST   100
 LOWEST     65
 AVERAGE    83

..........................................................


THE PITTSFIELD MA CLIMATE NORMALS FOR TODAY
                         NORMAL
 MAXIMUM TEMPERATURE (F)   46
 MINIMUM TEMPERATURE (F)   29


SUNRISE AND SUNSET
NOVEMBER 17 2016......SUNRISE   647 AM EST   SUNSET   429 PM EST
NOVEMBER 18 2016......SUNRISE   648 AM EST   SUNSET   428 PM EST


-  INDICATES NEGATIVE NUMBERS.
R  INDICATES RECORD WAS SET OR TIED.
MM INDICATES DATA IS MISSING.
T  INDICATES TRACE AMOUNT.




$$
