000
CDUS41 KALY 040628
CLIPSF


CLIMATE REPORT
NATIONAL WEATHER SERVICE ALBANY NY
127 AM EST SUN FEB 4 2018


...................................

...THE PITTSFIELD MA CLIMATE SUMMARY FOR FEBRUARY 3 2018...

CLIMATE NORMAL PERIOD 1981 TO 2010
CLIMATE RECORD PERIOD 9999 TO 9999


WEATHER ITEM   OBSERVED TIME   NORMAL DEPARTURE LAST
                VALUE   (LST)  VALUE  FROM      YEAR
                                      NORMAL
......................................................
TEMPERATURE (F)
 YESTERDAY
  MAXIMUM         23   1159 PM  30     -7       26
  MINIMUM         -3    725 AM  13    -16       15
  AVERAGE         10            21    -11       21

PRECIPITATION (IN)
  YESTERDAY        0.00          0.08  -0.08     0.00
  MONTH TO DATE    0.18          0.24  -0.06     0.08
  SINCE DEC 1      6.99          6.16   0.83     5.82
  SINCE JAN 1      4.84          3.16   1.68     2.80

DEGREE DAYS
 HEATING
  YESTERDAY       55            44     11       44
  MONTH TO DATE  133           132      1      124
  SINCE DEC 1   2711          2706      5     2449
  SINCE JUL 1   4036          4357   -321     3856

 COOLING
  YESTERDAY        0             0      0        0
  MONTH TO DATE    0             0      0        0
  SINCE DEC 1      0             0      0        0
  SINCE JAN 1      0             0      0        0
......................................................


WIND (MPH)
  HIGHEST WIND SPEED    16   HIGHEST WIND DIRECTION     W (290)
  HIGHEST GUST SPEED    25   HIGHEST GUST DIRECTION     W (290)
  AVERAGE WIND SPEED     6.9


SKY COVER
  AVERAGE SKY COVER 0.1



RELATIVE HUMIDITY (PERCENT)
 HIGHEST    86
 LOWEST     45
 AVERAGE    66

..........................................................


THE PITTSFIELD MA CLIMATE NORMALS FOR TODAY
                         NORMAL
 MAXIMUM TEMPERATURE (F)   30
 MINIMUM TEMPERATURE (F)   13


SUNRISE AND SUNSET
FEBRUARY  4 2018......SUNRISE   704 AM EST   SUNSET   511 PM EST
FEBRUARY  5 2018......SUNRISE   703 AM EST   SUNSET   512 PM EST


-  INDICATES NEGATIVE NUMBERS.
R  INDICATES RECORD WAS SET OR TIED.
MM INDICATES DATA IS MISSING.
T  INDICATES TRACE AMOUNT.




$$
