000
CDUS41 KALY 060634
CLIPSF


CLIMATE REPORT
NATIONAL WEATHER SERVICE ALBANY NY
233 AM EDT TUE JUN 6 2017


...................................

...THE PITTSFIELD MA CLIMATE SUMMARY FOR JUNE 5 2017...

CLIMATE NORMAL PERIOD 1981 TO 2010
CLIMATE RECORD PERIOD 9999 TO 9999


WEATHER ITEM   OBSERVED TIME   NORMAL DEPARTURE LAST
                VALUE   (LST)  VALUE  FROM      YEAR
                                      NORMAL
......................................................
TEMPERATURE (F)
 YESTERDAY
  MAXIMUM         58   1032 AM  72    -14       67
  MINIMUM         51   1159 PM  50      1       60
  AVERAGE         55            61     -6       64

PRECIPITATION (IN)
  YESTERDAY        0.84          0.19   0.65     1.18
  MONTH TO DATE    0.88          0.90  -0.02     1.22
  SINCE JUN 1      0.88          0.90  -0.02     1.22
  SINCE JAN 1     19.66         17.94   1.72    15.32

DEGREE DAYS
 HEATING
  YESTERDAY       10             5      5        1
  MONTH TO DATE   49            29     20        1
  SINCE JUN 1     49            29     20        1
  SINCE JUL 1   6723          7389   -666     6130

 COOLING
  YESTERDAY        0             1     -1        0
  MONTH TO DATE    0             5     -5        5
  SINCE JUN 1      0             5     -5        5
  SINCE JAN 1     14            18     -4       46
......................................................


WIND (MPH)
  HIGHEST WIND SPEED    17   HIGHEST WIND DIRECTION    NE (50)
  HIGHEST GUST SPEED    23   HIGHEST GUST DIRECTION    NE (50)
  AVERAGE WIND SPEED     6.6


SKY COVER
  AVERAGE SKY COVER 1.0



RELATIVE HUMIDITY (PERCENT)
 HIGHEST   100
 LOWEST     80
 AVERAGE    90

..........................................................


THE PITTSFIELD MA CLIMATE NORMALS FOR TODAY
                         NORMAL
 MAXIMUM TEMPERATURE (F)   72
 MINIMUM TEMPERATURE (F)   50


SUNRISE AND SUNSET
JUNE  6 2017..........SUNRISE   517 AM EDT   SUNSET   827 PM EDT
JUNE  7 2017..........SUNRISE   516 AM EDT   SUNSET   828 PM EDT


-  INDICATES NEGATIVE NUMBERS.
R  INDICATES RECORD WAS SET OR TIED.
MM INDICATES DATA IS MISSING.
T  INDICATES TRACE AMOUNT.




$$
