000
CDUS41 KALY 180623
CLIPSF


CLIMATE REPORT
NATIONAL WEATHER SERVICE ALBANY NY
221 AM EDT WED MAR 18 2015


...................................

...THE PITTSFIELD MA CLIMATE SUMMARY FOR MARCH 17 2015...

CLIMATE NORMAL PERIOD 1981 TO 2010
CLIMATE RECORD PERIOD 9999 TO 9999


WEATHER ITEM   OBSERVED TIME   NORMAL DEPARTURE LAST
                VALUE   (LST)  VALUE  FROM      YEAR
                                      NORMAL
......................................................
TEMPERATURE (F)
 YESTERDAY
  MAXIMUM         40   1013 AM  42     -2       28
  MINIMUM         23   1159 PM  22      1       11
  AVERAGE         32            32      0       20

PRECIPITATION (IN)
  YESTERDAY        0.10          0.11  -0.01     0.00
  MONTH TO DATE    0.80          1.50  -0.70     0.47
  SINCE MAR 1      0.80          1.50  -0.70     0.47
  SINCE JAN 1      5.89          7.10  -1.21     6.85

DEGREE DAYS
 HEATING
  YESTERDAY       33            33      0       45
  MONTH TO DATE  667           604     63      733
  SINCE MAR 1    667           604     63      733
  SINCE JUL 1   6330          5984    346     6285

 COOLING
  YESTERDAY        0             0      0        0
  MONTH TO DATE    0             0      0        0
  SINCE MAR 1      0             0      0        0
  SINCE JAN 1      0             0      0        0
......................................................


WIND (MPH)
  HIGHEST WIND SPEED    38   HIGHEST WIND DIRECTION     W (290)
  HIGHEST GUST SPEED    57   HIGHEST GUST DIRECTION     W (290)
  AVERAGE WIND SPEED    11.5


SKY COVER
  AVERAGE SKY COVER 0.8



RELATIVE HUMIDITY (PERCENT)
 HIGHEST   100
 LOWEST     37
 AVERAGE    69

..........................................................


THE PITTSFIELD MA CLIMATE NORMALS FOR TODAY
                         NORMAL
 MAXIMUM TEMPERATURE (F)   43
 MINIMUM TEMPERATURE (F)   22


SUNRISE AND SUNSET
MARCH 18 2015.........SUNRISE   700 AM EDT   SUNSET   703 PM EDT
MARCH 19 2015.........SUNRISE   659 AM EDT   SUNSET   704 PM EDT


-  INDICATES NEGATIVE NUMBERS.
R  INDICATES RECORD WAS SET OR TIED.
MM INDICATES DATA IS MISSING.
T  INDICATES TRACE AMOUNT.




$$
