000
CDUS41 KALY 102050
CLIPSF


CLIMATE REPORT
NATIONAL WEATHER SERVICE ALBANY NY
450 PM EDT SUN APR 10 2016


...................................

...THE PITTSFIELD MA CLIMATE SUMMARY FOR APRIL 10 2016...
VALID TODAY AS OF 0400 PM LOCAL TIME.

CLIMATE NORMAL PERIOD 1981 TO 2010
CLIMATE RECORD PERIOD 9999 TO 9999


WEATHER ITEM   OBSERVED TIME   NORMAL DEPARTURE LAST
                VALUE   (LST)  VALUE  FROM      YEAR
                                      NORMAL
......................................................
TEMPERATURE (F)
 TODAY
  MAXIMUM         42    347 PM  52    -10       53
  MINIMUM         21    541 AM  32    -11       33
  AVERAGE         32            42    -10       43

PRECIPITATION (IN)
  TODAY            0.00          0.16  -0.16     0.35
  MONTH TO DATE    1.43          1.60  -0.17     1.11
  SINCE MAR 1      3.69          4.97  -1.28     2.68
  SINCE JAN 1      9.06         10.57  -1.51     7.77

DEGREE DAYS
 HEATING
  TODAY           33            23     10       22
  MONTH TO DATE  307           251     56      261
  SINCE MAR 1   1104          1278   -174     1462
  SINCE JUL 1   5471          6658  -1187     7125

 COOLING
  TODAY            0             0      0        0
  MONTH TO DATE    0             0      0        0
  SINCE MAR 1      0             0      0        0
  SINCE JAN 1      0             0      0        0
......................................................


WIND (MPH)
  HIGHEST WIND SPEED    20   HIGHEST WIND DIRECTION    NW (310)
  HIGHEST GUST SPEED    26   HIGHEST GUST DIRECTION     W (280)
  AVERAGE WIND SPEED     8.7


SKY COVER
  AVERAGE SKY COVER 0.0



RELATIVE HUMIDITY (PERCENT)
 HIGHEST    68
 LOWEST     27
 AVERAGE    48

..........................................................


THE PITTSFIELD MA CLIMATE NORMALS FOR TOMORROW
                         NORMAL
 MAXIMUM TEMPERATURE (F)   53
 MINIMUM TEMPERATURE (F)   32


SUNRISE AND SUNSET
APRIL 10 2016.........SUNRISE   620 AM EDT   SUNSET   730 PM EDT
APRIL 11 2016.........SUNRISE   618 AM EDT   SUNSET   731 PM EDT


-  INDICATES NEGATIVE NUMBERS.
R  INDICATES RECORD WAS SET OR TIED.
MM INDICATES DATA IS MISSING.
T  INDICATES TRACE AMOUNT.




$$
