000
CDUS41 KALY 190623
CLIPSF


CLIMATE REPORT
NATIONAL WEATHER SERVICE ALBANY NY
122 AM EST THU FEB 19 2015


...................................

...THE PITTSFIELD MA CLIMATE SUMMARY FOR FEBRUARY 18 2015...

CLIMATE NORMAL PERIOD 1981 TO 2010
CLIMATE RECORD PERIOD 9999 TO 9999


WEATHER ITEM   OBSERVED TIME   NORMAL DEPARTURE LAST
                VALUE   (LST)  VALUE  FROM      YEAR
                                      NORMAL
......................................................
TEMPERATURE (F)
 YESTERDAY
  MAXIMUM         29    334 PM  33     -4       26
  MINIMUM         -9    725 AM  16    -25        0
  AVERAGE         10            24    -14       13

PRECIPITATION (IN)
  YESTERDAY        0.01          0.10  -0.09     0.07
  MONTH TO DATE    1.10          1.70  -0.60     2.15
  SINCE DEC 1      8.21          7.62   0.59     8.29
  SINCE JAN 1      4.46          4.62  -0.16     5.50

DEGREE DAYS
 HEATING
  YESTERDAY       55            41     14       52
  MONTH TO DATE  962           764    198      851
  SINCE DEC 1   3504          3338    166     3450
  SINCE JUL 1   5126          4989    137     5130

 COOLING
  YESTERDAY        0             0      0        0
  MONTH TO DATE    0             0      0        0
  SINCE DEC 1      0             0      0        0
  SINCE JAN 1      0             0      0        0
......................................................


WIND (MPH)
  HIGHEST WIND SPEED    14   HIGHEST WIND DIRECTION    SE (130)
  HIGHEST GUST SPEED    19   HIGHEST GUST DIRECTION     E (110)
  AVERAGE WIND SPEED     2.3


SKY COVER
  AVERAGE SKY COVER 0.2



RELATIVE HUMIDITY (PERCENT)
 HIGHEST    92
 LOWEST     31
 AVERAGE    62

..........................................................


THE PITTSFIELD MA CLIMATE NORMALS FOR TODAY
                         NORMAL
 MAXIMUM TEMPERATURE (F)   33
 MINIMUM TEMPERATURE (F)   16


SUNRISE AND SUNSET
FEBRUARY 19 2015......SUNRISE   644 AM EST   SUNSET   530 PM EST
FEBRUARY 20 2015......SUNRISE   643 AM EST   SUNSET   531 PM EST


-  INDICATES NEGATIVE NUMBERS.
R  INDICATES RECORD WAS SET OR TIED.
MM INDICATES DATA IS MISSING.
T  INDICATES TRACE AMOUNT.




$$
