000
CDUS41 KALY 210624
CLIPSF


CLIMATE REPORT
NATIONAL WEATHER SERVICE ALBANY NY
224 AM EDT SUN JUN 21 2015


...................................

...THE PITTSFIELD MA CLIMATE SUMMARY FOR JUNE 20 2015...

CLIMATE NORMAL PERIOD 1981 TO 2010
CLIMATE RECORD PERIOD 9999 TO 9999


WEATHER ITEM   OBSERVED TIME   NORMAL DEPARTURE LAST
                VALUE   (LST)  VALUE  FROM      YEAR
                                      NORMAL
......................................................
TEMPERATURE (F)
 YESTERDAY
  MAXIMUM         72   1229 PM  75     -3       71
  MINIMUM         48    355 AM  54     -6       50
  AVERAGE         60            65     -5       61

PRECIPITATION (IN)
  YESTERDAY        0.08          0.12  -0.04     0.00
  MONTH TO DATE    5.05          3.25   1.80     1.35
  SINCE JUN 1      5.05          3.25   1.80     1.35
  SINCE JAN 1     16.19         20.29  -4.10    15.35

DEGREE DAYS
 HEATING
  YESTERDAY        5             2      3        4
  MONTH TO DATE   82            85     -3       45
  SINCE JUN 1     82            85     -3       45
  SINCE JUL 1   7746          7445    301     7722

 COOLING
  YESTERDAY        0             2     -2        0
  MONTH TO DATE   19            33    -14       19
  SINCE JUN 1     19            33    -14       19
  SINCE JAN 1     63            46     17       25
......................................................


WIND (MPH)
  HIGHEST WIND SPEED    21   HIGHEST WIND DIRECTION    SE (140)
  HIGHEST GUST SPEED    26   HIGHEST GUST DIRECTION    SE (140)
  AVERAGE WIND SPEED     7.0


SKY COVER
  AVERAGE SKY COVER 0.7



RELATIVE HUMIDITY (PERCENT)
 HIGHEST    90
 LOWEST     52
 AVERAGE    71

..........................................................


THE PITTSFIELD MA CLIMATE NORMALS FOR TODAY
                         NORMAL
 MAXIMUM TEMPERATURE (F)   76
 MINIMUM TEMPERATURE (F)   55


SUNRISE AND SUNSET
JUNE 21 2015..........SUNRISE   516 AM EDT   SUNSET   834 PM EDT
JUNE 22 2015..........SUNRISE   516 AM EDT   SUNSET   834 PM EDT


-  INDICATES NEGATIVE NUMBERS.
R  INDICATES RECORD WAS SET OR TIED.
MM INDICATES DATA IS MISSING.
T  INDICATES TRACE AMOUNT.




$$
