000
CDUS41 KALY 280623
CLIPSF


CLIMATE REPORT
NATIONAL WEATHER SERVICE ALBANY NY
222 AM EDT THU SEP 28 2017


...................................

...THE PITTSFIELD MA CLIMATE SUMMARY FOR SEPTEMBER 27 2017...

CLIMATE NORMAL PERIOD 1981 TO 2010
CLIMATE RECORD PERIOD 9999 TO 9999


WEATHER ITEM   OBSERVED TIME   NORMAL DEPARTURE LAST
                VALUE   (LST)  VALUE  FROM      YEAR
                                      NORMAL
......................................................
TEMPERATURE (F)
 YESTERDAY
  MAXIMUM         84    254 PM  65     19       69
  MINIMUM         59    625 AM  44     15       48
  AVERAGE         72            54     18       59

PRECIPITATION (IN)
  YESTERDAY        0.00          0.16  -0.16     0.41
  MONTH TO DATE    2.49          3.44  -0.95     1.83
  SINCE SEP 1      2.49          3.44  -0.95     1.83
  SINCE JAN 1     33.28         33.22   0.06    25.20

DEGREE DAYS
 HEATING
  YESTERDAY        0            11    -11        6
  MONTH TO DATE   97           178    -81       95
  SINCE SEP 1     97           178    -81       95
  SINCE JUL 1    183           256    -73      119

 COOLING
  YESTERDAY        7             0      7        0
  MONTH TO DATE   73            16     57       50
  SINCE SEP 1     73            16     57       50
  SINCE JAN 1    343           286     57      431
......................................................


WIND (MPH)
  HIGHEST WIND SPEED    10   HIGHEST WIND DIRECTION    SW (230)
  HIGHEST GUST SPEED    13   HIGHEST GUST DIRECTION     S (170)
  AVERAGE WIND SPEED     2.5


SKY COVER
  AVERAGE SKY COVER 0.4



RELATIVE HUMIDITY (PERCENT)
 HIGHEST   100
 LOWEST     43
 AVERAGE    72

..........................................................


THE PITTSFIELD MA CLIMATE NORMALS FOR TODAY
                         NORMAL
 MAXIMUM TEMPERATURE (F)   64
 MINIMUM TEMPERATURE (F)   43


SUNRISE AND SUNSET
SEPTEMBER 28 2017.....SUNRISE   647 AM EDT   SUNSET   639 PM EDT
SEPTEMBER 29 2017.....SUNRISE   648 AM EDT   SUNSET   638 PM EDT


-  INDICATES NEGATIVE NUMBERS.
R  INDICATES RECORD WAS SET OR TIED.
MM INDICATES DATA IS MISSING.
T  INDICATES TRACE AMOUNT.




$$
