000
CDUS41 KALY 212150
CLIPSF


CLIMATE REPORT
NATIONAL WEATHER SERVICE ALBANY NY
449 PM EST WED JAN 21 2015


...................................

...THE PITTSFIELD MA CLIMATE SUMMARY FOR JANUARY 21 2015...
VALID TODAY AS OF 0400 PM LOCAL TIME.

CLIMATE NORMAL PERIOD 1981 TO 2010
CLIMATE RECORD PERIOD 9999 TO 9999


WEATHER ITEM   OBSERVED TIME   NORMAL DEPARTURE LAST
                VALUE   (LST)  VALUE  FROM      YEAR
                                      NORMAL
......................................................
TEMPERATURE (F)
 TODAY
  MAXIMUM         27    433 PM  29     -2       13
  MINIMUM          6    750 AM  11     -5        3
  AVERAGE         17            20     -3        8

PRECIPITATION (IN)
  TODAY            0.00          0.07  -0.07     0.00
  MONTH TO DATE    2.93          2.07   0.86     3.27
  SINCE DEC 1      6.68          5.07   1.61     6.06
  SINCE JAN 1      2.93          2.07   0.86     3.27

DEGREE DAYS
 HEATING
  TODAY           48            45      3       57
  MONTH TO DATE  991           938     53      887
  SINCE DEC 1   2062          2125    -63     2055
  SINCE JUL 1   3684          3776    -92     3735

 COOLING
  TODAY            0             0      0        0
  MONTH TO DATE    0             0      0        0
  SINCE DEC 1      0             0      0        0
  SINCE JAN 1      0             0      0        0
......................................................


WIND (MPH)
  HIGHEST WIND SPEED    14   HIGHEST WIND DIRECTION     W (260)
  HIGHEST GUST SPEED    16   HIGHEST GUST DIRECTION     W (280)
  AVERAGE WIND SPEED     1.7


SKY COVER
  AVERAGE SKY COVER 0.0



RELATIVE HUMIDITY (PERCENT)
 HIGHEST    88
 LOWEST     42
 AVERAGE    65

..........................................................


THE PITTSFIELD MA CLIMATE NORMALS FOR TOMORROW
                         NORMAL
 MAXIMUM TEMPERATURE (F)   29
 MINIMUM TEMPERATURE (F)   11


SUNRISE AND SUNSET
JANUARY 21 2015.......SUNRISE   717 AM EST   SUNSET   453 PM EST
JANUARY 22 2015.......SUNRISE   716 AM EST   SUNSET   454 PM EST


-  INDICATES NEGATIVE NUMBERS.
R  INDICATES RECORD WAS SET OR TIED.
MM INDICATES DATA IS MISSING.
T  INDICATES TRACE AMOUNT.




$$
