000
CDUS41 KALY 132144
CLIPSF


CLIMATE REPORT
NATIONAL WEATHER SERVICE ALBANY NY
443 PM EST SAT DEC 13 2014


...................................

...THE PITTSFIELD MA CLIMATE SUMMARY FOR DECEMBER 13 2014...
VALID TODAY AS OF 0400 PM LOCAL TIME.

CLIMATE NORMAL PERIOD 1981 TO 2010
CLIMATE RECORD PERIOD 9999 TO 9999


WEATHER ITEM   OBSERVED TIME   NORMAL DEPARTURE LAST
                VALUE   (LST)  VALUE  FROM      YEAR
                                      NORMAL
......................................................
TEMPERATURE (F)
 TODAY
  MAXIMUM         29    441 PM  35     -6       25
  MINIMUM         25    910 AM  21      4       11
  AVERAGE         27            28     -1       18

PRECIPITATION (IN)
  TODAY            T             0.09  -0.09      T
  MONTH TO DATE    2.24          1.32   0.92     0.44
  SINCE DEC 1      2.24          1.32   0.92     0.44
  SINCE JAN 1     42.66         43.70  -1.04    37.25

DEGREE DAYS
 HEATING
  TODAY           38            37      1       47
  MONTH TO DATE  471           456     15      469
  SINCE DEC 1    471           456     15      469
  SINCE JUL 1   2093          2107    -14     2149

 COOLING
  TODAY            0             0      0        0
  MONTH TO DATE    0             0      0        0
  SINCE DEC 1      0             0      0        0
  SINCE JAN 1    238           290    -52      433
......................................................


WIND (MPH)
  HIGHEST WIND SPEED    23   HIGHEST WIND DIRECTION    NW (300)
  HIGHEST GUST SPEED    29   HIGHEST GUST DIRECTION     W (290)
  AVERAGE WIND SPEED    11.8


SKY COVER
  AVERAGE SKY COVER 0.9



RELATIVE HUMIDITY (PERCENT)
 HIGHEST    88
 LOWEST     81
 AVERAGE    85

..........................................................


THE PITTSFIELD MA CLIMATE NORMALS FOR TOMORROW
                         NORMAL
 MAXIMUM TEMPERATURE (F)   34
 MINIMUM TEMPERATURE (F)   20


SUNRISE AND SUNSET
DECEMBER 13 2014......SUNRISE   714 AM EST   SUNSET   421 PM EST
DECEMBER 14 2014......SUNRISE   715 AM EST   SUNSET   421 PM EST


-  INDICATES NEGATIVE NUMBERS.
R  INDICATES RECORD WAS SET OR TIED.
MM INDICATES DATA IS MISSING.
T  INDICATES TRACE AMOUNT.




$$
