000
CDUS41 KALY 170623
CLIPSF


CLIMATE REPORT
NATIONAL WEATHER SERVICE ALBANY NY
222 AM EDT FRI JUL 17 2015


...................................

...THE PITTSFIELD MA CLIMATE SUMMARY FOR JULY 16 2015...

CLIMATE NORMAL PERIOD 1981 TO 2010
CLIMATE RECORD PERIOD 9999 TO 9999


WEATHER ITEM   OBSERVED TIME   NORMAL DEPARTURE LAST
                VALUE   (LST)  VALUE  FROM      YEAR
                                      NORMAL
......................................................
TEMPERATURE (F)
 YESTERDAY
  MAXIMUM         73    316 PM  79     -6       75
  MINIMUM         48    433 AM  56     -8       60
  AVERAGE         61            68     -7       68

PRECIPITATION (IN)
  YESTERDAY        0.00          0.13  -0.13     1.43
  MONTH TO DATE    3.88          1.96   1.92     5.02
  SINCE JUN 1     12.01          6.36   5.65    10.37
  SINCE JAN 1     23.15         23.40  -0.25    24.37

DEGREE DAYS
 HEATING
  YESTERDAY        4             1      3        0
  MONTH TO DATE   14            16     -2        3
  SINCE JUN 1    125           117      8       61
  SINCE JUL 1     14            16     -2        3

 COOLING
  YESTERDAY        0             3     -3        3
  MONTH TO DATE   43            56    -13       84
  SINCE JUN 1     76           112    -36      127
  SINCE JAN 1    120           125     -5      133
......................................................


WIND (MPH)
  HIGHEST WIND SPEED    16   HIGHEST WIND DIRECTION     W (260)
  HIGHEST GUST SPEED    20   HIGHEST GUST DIRECTION     W (270)
  AVERAGE WIND SPEED     4.4


SKY COVER
  AVERAGE SKY COVER 0.0



RELATIVE HUMIDITY (PERCENT)
 HIGHEST    93
 LOWEST     44
 AVERAGE    69

..........................................................


THE PITTSFIELD MA CLIMATE NORMALS FOR TODAY
                         NORMAL
 MAXIMUM TEMPERATURE (F)   79
 MINIMUM TEMPERATURE (F)   57


SUNRISE AND SUNSET
JULY 17 2015..........SUNRISE   531 AM EDT   SUNSET   827 PM EDT
JULY 18 2015..........SUNRISE   532 AM EDT   SUNSET   827 PM EDT


-  INDICATES NEGATIVE NUMBERS.
R  INDICATES RECORD WAS SET OR TIED.
MM INDICATES DATA IS MISSING.
T  INDICATES TRACE AMOUNT.




$$
