000
CDUS41 KALY 040621
CLIPSF


CLIMATE REPORT
NATIONAL WEATHER SERVICE ALBANY NY
221 AM EDT TUE APR 4 2017


...................................

...THE PITTSFIELD MA CLIMATE SUMMARY FOR APRIL 3 2017...

CLIMATE NORMAL PERIOD 1981 TO 2010
CLIMATE RECORD PERIOD 9999 TO 9999


WEATHER ITEM   OBSERVED TIME   NORMAL DEPARTURE LAST
                VALUE   (LST)  VALUE  FROM      YEAR
                                      NORMAL
......................................................
TEMPERATURE (F)
 YESTERDAY
  MAXIMUM         59    312 PM  49     10       34
  MINIMUM         27    510 AM  29     -2       20
  AVERAGE         43            39      4       27

PRECIPITATION (IN)
  YESTERDAY        T             0.17  -0.17     0.15
  MONTH TO DATE    0.04          0.51  -0.47     0.34
  SINCE MAR 1      3.15          3.88  -0.73     2.60
  SINCE JAN 1      8.73          9.48  -0.75     7.97

DEGREE DAYS
 HEATING
  YESTERDAY       22            26     -4       38
  MONTH TO DATE   75            80     -5       70
  SINCE MAR 1   1206          1107     99      867
  SINCE JUL 1   5908          6487   -579     5234

 COOLING
  YESTERDAY        0             0      0        0
  MONTH TO DATE    0             0      0        0
  SINCE MAR 1      0             0      0        0
  SINCE JAN 1      0             0      0        0
......................................................


WIND (MPH)
  HIGHEST WIND SPEED    16   HIGHEST WIND DIRECTION    SE (150)
  HIGHEST GUST SPEED    21   HIGHEST GUST DIRECTION    SE (130)
  AVERAGE WIND SPEED     4.0


SKY COVER
  AVERAGE SKY COVER 0.1



RELATIVE HUMIDITY (PERCENT)
 HIGHEST    92
 LOWEST     36
 AVERAGE    64

..........................................................


THE PITTSFIELD MA CLIMATE NORMALS FOR TODAY
                         NORMAL
 MAXIMUM TEMPERATURE (F)   49
 MINIMUM TEMPERATURE (F)   29


SUNRISE AND SUNSET
APRIL  4 2017.........SUNRISE   630 AM EDT   SUNSET   723 PM EDT
APRIL  5 2017.........SUNRISE   628 AM EDT   SUNSET   724 PM EDT


-  INDICATES NEGATIVE NUMBERS.
R  INDICATES RECORD WAS SET OR TIED.
MM INDICATES DATA IS MISSING.
T  INDICATES TRACE AMOUNT.




$$
