000
CDUS41 KALY 282053
CLIPSF


CLIMATE REPORT
NATIONAL WEATHER SERVICE ALBANY NY
453 PM EDT THU SEP 28 2017


...................................

...THE PITTSFIELD MA CLIMATE SUMMARY FOR SEPTEMBER 28 2017...
VALID TODAY AS OF 0400 PM LOCAL TIME.

CLIMATE NORMAL PERIOD 1981 TO 2010
CLIMATE RECORD PERIOD 9999 TO 9999


WEATHER ITEM   OBSERVED TIME   NORMAL DEPARTURE LAST
                VALUE   (LST)  VALUE  FROM      YEAR
                                      NORMAL
......................................................
TEMPERATURE (F)
 TODAY
  MAXIMUM         70    156 AM  64      6       60
  MINIMUM         58    708 AM  43     15       43
  AVERAGE         64            54     10       52

PRECIPITATION (IN)
  TODAY            0.00          0.17  -0.17     0.00
  MONTH TO DATE    2.49          3.61  -1.12     1.83
  SINCE SEP 1      2.49          3.61  -1.12     1.83
  SINCE JAN 1     33.28         33.39  -0.11    25.20

DEGREE DAYS
 HEATING
  TODAY            1            12    -11       13
  MONTH TO DATE   98           190    -92      108
  SINCE SEP 1     98           190    -92      108
  SINCE JUL 1    184           268    -84      132

 COOLING
  TODAY            0             0      0        0
  MONTH TO DATE   73            16     57       50
  SINCE SEP 1     73            16     57       50
  SINCE JAN 1    343           286     57      431
......................................................


WIND (MPH)
  HIGHEST WIND SPEED    21   HIGHEST WIND DIRECTION    NW (300)
  HIGHEST GUST SPEED    29   HIGHEST GUST DIRECTION    NW (310)
  AVERAGE WIND SPEED    13.1


SKY COVER
  AVERAGE SKY COVER 0.2



RELATIVE HUMIDITY (PERCENT)
 HIGHEST    90
 LOWEST     42
 AVERAGE    66

..........................................................


THE PITTSFIELD MA CLIMATE NORMALS FOR TOMORROW
                         NORMAL
 MAXIMUM TEMPERATURE (F)   64
 MINIMUM TEMPERATURE (F)   43


SUNRISE AND SUNSET
SEPTEMBER 28 2017.....SUNRISE   647 AM EDT   SUNSET   639 PM EDT
SEPTEMBER 29 2017.....SUNRISE   648 AM EDT   SUNSET   638 PM EDT


-  INDICATES NEGATIVE NUMBERS.
R  INDICATES RECORD WAS SET OR TIED.
MM INDICATES DATA IS MISSING.
T  INDICATES TRACE AMOUNT.




$$
