000
CDUS41 KALY 042046
CLIPSF


CLIMATE REPORT
NATIONAL WEATHER SERVICE ALBANY NY
445 PM EDT THU SEP 4 2014


...................................

...THE PITTSFIELD MA CLIMATE SUMMARY FOR SEPTEMBER 4 2014...
VALID TODAY AS OF 0400 PM LOCAL TIME.

CLIMATE NORMAL PERIOD 1981 TO 2010
CLIMATE RECORD PERIOD 9999 TO 9999


WEATHER ITEM   OBSERVED TIME   NORMAL DEPARTURE LAST
                VALUE   (LST)  VALUE  FROM      YEAR
                                      NORMAL
......................................................
TEMPERATURE (F)
 TODAY
  MAXIMUM         80    243 PM  74      6       75
  MINIMUM         51    546 AM  52     -1       54
  AVERAGE         66            63      3       65

PRECIPITATION (IN)
  TODAY            0.00          0.11  -0.11     0.00
  MONTH TO DATE    0.77          0.40   0.37     0.98
  SINCE SEP 1      0.77          0.40   0.37     0.98
  SINCE JAN 1     31.69         30.18   1.51    29.08

DEGREE DAYS
 HEATING
  TODAY            0             4     -4        0
  MONTH TO DATE    0            13    -13        0
  SINCE SEP 1      0            13    -13        0
  SINCE JUL 1     73            91    -18       56

 COOLING
  TODAY            1             1      0        0
  MONTH TO DATE   20             7     13       14
  SINCE SEP 1     20             7     13       14
  SINCE JAN 1    219           277    -58      414
......................................................


WIND (MPH)
  HIGHEST WIND SPEED    12   HIGHEST WIND DIRECTION     S (160)
  HIGHEST GUST SPEED    17   HIGHEST GUST DIRECTION    SW (240)
  AVERAGE WIND SPEED     3.2


SKY COVER
  AVERAGE SKY COVER 0.2



RELATIVE HUMIDITY (PERCENT)
 HIGHEST   100
 LOWEST     48
 AVERAGE    74

..........................................................


THE PITTSFIELD MA CLIMATE NORMALS FOR TOMORROW
                         NORMAL
 MAXIMUM TEMPERATURE (F)   73
 MINIMUM TEMPERATURE (F)   52


SUNRISE AND SUNSET
SEPTEMBER  4 2014.....SUNRISE   621 AM EDT   SUNSET   722 PM EDT
SEPTEMBER  5 2014.....SUNRISE   622 AM EDT   SUNSET   720 PM EDT


-  INDICATES NEGATIVE NUMBERS.
R  INDICATES RECORD WAS SET OR TIED.
MM INDICATES DATA IS MISSING.
T  INDICATES TRACE AMOUNT.




$$
