000
CDUS41 KALY 080644
CLIPSF


CLIMATE REPORT
NATIONAL WEATHER SERVICE ALBANY NY
240 AM EDT SAT APR 8 2017


...................................

...THE PITTSFIELD MA CLIMATE SUMMARY FOR APRIL 7 2017...

CLIMATE NORMAL PERIOD 1981 TO 2010
CLIMATE RECORD PERIOD 9999 TO 9999


WEATHER ITEM   OBSERVED TIME   NORMAL DEPARTURE LAST
                VALUE   (LST)  VALUE  FROM      YEAR
                                      NORMAL
......................................................
TEMPERATURE (F)
 YESTERDAY
  MAXIMUM         46    255 AM  51     -5       54
  MINIMUM         32   1159 PM  30      2       39
  AVERAGE         39            41     -2       47

PRECIPITATION (IN)
  YESTERDAY        0.17          0.15   0.02     0.61
  MONTH TO DATE    1.79          1.13   0.66     1.35
  SINCE MAR 1      4.90          4.50   0.40     3.61
  SINCE JAN 1     10.48         10.10   0.38     8.98

DEGREE DAYS
 HEATING
  YESTERDAY       26            24      2       18
  MONTH TO DATE  173           180     -7      215
  SINCE MAR 1   1304          1207     97     1012
  SINCE JUL 1   6006          6587   -581     5379

 COOLING
  YESTERDAY        0             0      0        0
  MONTH TO DATE    0             0      0        0
  SINCE MAR 1      0             0      0        0
  SINCE JAN 1      0             0      0        0
......................................................


WIND (MPH)
  HIGHEST WIND SPEED    25   HIGHEST WIND DIRECTION     W (280)
  HIGHEST GUST SPEED    37   HIGHEST GUST DIRECTION     W (280)
  AVERAGE WIND SPEED    13.9


SKY COVER
  AVERAGE SKY COVER 1.0



RELATIVE HUMIDITY (PERCENT)
 HIGHEST    92
 LOWEST     76
 AVERAGE    84

..........................................................


THE PITTSFIELD MA CLIMATE NORMALS FOR TODAY
                         NORMAL
 MAXIMUM TEMPERATURE (F)   51
 MINIMUM TEMPERATURE (F)   31


SUNRISE AND SUNSET
APRIL  8 2017.........SUNRISE   623 AM EDT   SUNSET   727 PM EDT
APRIL  9 2017.........SUNRISE   622 AM EDT   SUNSET   728 PM EDT


-  INDICATES NEGATIVE NUMBERS.
R  INDICATES RECORD WAS SET OR TIED.
MM INDICATES DATA IS MISSING.
T  INDICATES TRACE AMOUNT.




$$
