000
CDUS41 KALY 040626
CLIPSF


CLIMATE REPORT
NATIONAL WEATHER SERVICE ALBANY NY
125 AM EST THU DEC 4 2014


...................................

...THE PITTSFIELD MA CLIMATE SUMMARY FOR DECEMBER 3 2014...

CLIMATE NORMAL PERIOD 1981 TO 2010
CLIMATE RECORD PERIOD 9999 TO 9999


WEATHER ITEM   OBSERVED TIME   NORMAL DEPARTURE LAST
                VALUE   (LST)  VALUE  FROM      YEAR
                                      NORMAL
......................................................
TEMPERATURE (F)
 YESTERDAY
  MAXIMUM         40    548 PM  39      1       43
  MINIMUM         32   1155 PM  24      8       24
  AVERAGE         36            32      4       34

PRECIPITATION (IN)
  YESTERDAY        0.05          0.11  -0.06     0.00
  MONTH TO DATE    0.10          0.30  -0.20      T
  SINCE DEC 1      0.10          0.30  -0.20      T
  SINCE JAN 1     40.52         42.68  -2.16    36.81

DEGREE DAYS
 HEATING
  YESTERDAY       29            34     -5       31
  MONTH TO DATE   94           100     -6       97
  SINCE DEC 1     94           100     -6       97
  SINCE JUL 1   1716          1751    -35     1777

 COOLING
  YESTERDAY        0             0      0        0
  MONTH TO DATE    0             0      0        0
  SINCE DEC 1      0             0      0        0
  SINCE JAN 1    238           290    -52      433
......................................................


WIND (MPH)
  HIGHEST WIND SPEED    24   HIGHEST WIND DIRECTION     W (290)
  HIGHEST GUST SPEED    35   HIGHEST GUST DIRECTION     W (290)
  AVERAGE WIND SPEED     7.6


SKY COVER
  AVERAGE SKY COVER 1.0



RELATIVE HUMIDITY (PERCENT)
 HIGHEST   100
 LOWEST     69
 AVERAGE    85

..........................................................


THE PITTSFIELD MA CLIMATE NORMALS FOR TODAY
                         NORMAL
 MAXIMUM TEMPERATURE (F)   38
 MINIMUM TEMPERATURE (F)   24


SUNRISE AND SUNSET
DECEMBER  4 2014......SUNRISE   706 AM EST   SUNSET   421 PM EST
DECEMBER  5 2014......SUNRISE   707 AM EST   SUNSET   420 PM EST


-  INDICATES NEGATIVE NUMBERS.
R  INDICATES RECORD WAS SET OR TIED.
MM INDICATES DATA IS MISSING.
T  INDICATES TRACE AMOUNT.




$$
