000
CDUS41 KALY 292055
CLIPSF


CLIMATE REPORT
NATIONAL WEATHER SERVICE ALBANY NY
454 PM EDT SAT JUL 29 2017


...................................

...THE PITTSFIELD MA CLIMATE SUMMARY FOR JULY 29 2017...
VALID TODAY AS OF 0400 PM LOCAL TIME.

CLIMATE NORMAL PERIOD 1981 TO 2010
CLIMATE RECORD PERIOD 9999 TO 9999


WEATHER ITEM   OBSERVED TIME   NORMAL DEPARTURE LAST
                VALUE   (LST)  VALUE  FROM      YEAR
                                      NORMAL
......................................................
TEMPERATURE (F)
 TODAY
  MAXIMUM         72    325 PM  79     -7       84
  MINIMUM         55    524 AM  57     -2       63
  AVERAGE         64            68     -4       74

PRECIPITATION (IN)
  TODAY            0.00          0.17  -0.17     0.22
  MONTH TO DATE    3.42          3.89  -0.47     2.47
  SINCE JUN 1      7.42          8.29  -0.87     4.97
  SINCE JAN 1     26.20         25.33   0.87    19.07

DEGREE DAYS
 HEATING
  TODAY            1             1      0        0
  MONTH TO DATE   19            29    -10       11
  SINCE JUN 1    125           130     -5       87
  SINCE JUL 1     19            29    -10       11

 COOLING
  TODAY            0             4     -4        9
  MONTH TO DATE  108           105      3      151
  SINCE JUN 1    186           161     25      190
  SINCE JAN 1    200           174     26      231
......................................................


WIND (MPH)
  HIGHEST WIND SPEED    17   HIGHEST WIND DIRECTION    NE (50)
  HIGHEST GUST SPEED    22   HIGHEST GUST DIRECTION     E (70)
  AVERAGE WIND SPEED     7.4


SKY COVER
  AVERAGE SKY COVER 0.0



RELATIVE HUMIDITY (PERCENT)
 HIGHEST    77
 LOWEST     41
 AVERAGE    59

..........................................................


THE PITTSFIELD MA CLIMATE NORMALS FOR TOMORROW
                         NORMAL
 MAXIMUM TEMPERATURE (F)   79
 MINIMUM TEMPERATURE (F)   57


SUNRISE AND SUNSET
JULY 29 2017..........SUNRISE   543 AM EDT   SUNSET   816 PM EDT
JULY 30 2017..........SUNRISE   544 AM EDT   SUNSET   815 PM EDT


-  INDICATES NEGATIVE NUMBERS.
R  INDICATES RECORD WAS SET OR TIED.
MM INDICATES DATA IS MISSING.
T  INDICATES TRACE AMOUNT.




$$
