000
CDUS41 KALY 080633
CLIPSF


CLIMATE REPORT
NATIONAL WEATHER SERVICE ALBANY NY
133 AM EST WED MAR 8 2017


...................................

...THE PITTSFIELD MA CLIMATE SUMMARY FOR MARCH 7 2017...

CLIMATE NORMAL PERIOD 1981 TO 2010
CLIMATE RECORD PERIOD 9999 TO 9999


WEATHER ITEM   OBSERVED TIME   NORMAL DEPARTURE LAST
                VALUE   (LST)  VALUE  FROM      YEAR
                                      NORMAL
......................................................
TEMPERATURE (F)
 YESTERDAY
  MAXIMUM         46    915 PM  39      7       50
  MINIMUM         32    715 AM  19     13       20
  AVERAGE         39            29     10       35

PRECIPITATION (IN)
  YESTERDAY        0.14          0.08   0.06     0.00
  MONTH TO DATE    0.15          0.58  -0.43     0.37
  SINCE MAR 1      0.15          0.58  -0.43     0.37
  SINCE JAN 1      5.73          6.18  -0.45     5.74

DEGREE DAYS
 HEATING
  YESTERDAY       26            36    -10       30
  MONTH TO DATE  248           259    -11      260
  SINCE MAR 1    248           259    -11      260
  SINCE JUL 1   4950          5639   -689     4627

 COOLING
  YESTERDAY        0             0      0        0
  MONTH TO DATE    0             0      0        0
  SINCE MAR 1      0             0      0        0
  SINCE JAN 1      0             0      0        0
......................................................


WIND (MPH)
  HIGHEST WIND SPEED     6   HIGHEST WIND DIRECTION     S (200)
  HIGHEST GUST SPEED    MM   HIGHEST GUST DIRECTION    MM
  AVERAGE WIND SPEED     3.9


SKY COVER
  AVERAGE SKY COVER 1.0



RELATIVE HUMIDITY (PERCENT)
 HIGHEST   100
 LOWEST     35
 AVERAGE    68

..........................................................


THE PITTSFIELD MA CLIMATE NORMALS FOR TODAY
                         NORMAL
 MAXIMUM TEMPERATURE (F)   39
 MINIMUM TEMPERATURE (F)   19


SUNRISE AND SUNSET
MARCH  8 2017.........SUNRISE   617 AM EST   SUNSET   552 PM EST
MARCH  9 2017.........SUNRISE   615 AM EST   SUNSET   553 PM EST


-  INDICATES NEGATIVE NUMBERS.
R  INDICATES RECORD WAS SET OR TIED.
MM INDICATES DATA IS MISSING.
T  INDICATES TRACE AMOUNT.




$$
