000
CDUS41 KALY 090624
CLIPSF


CLIMATE REPORT
NATIONAL WEATHER SERVICE ALBANY NY
224 AM EDT THU OCT 9 2014


...................................

...THE PITTSFIELD MA CLIMATE SUMMARY FOR OCTOBER 8 2014...

CLIMATE NORMAL PERIOD 1981 TO 2010
CLIMATE RECORD PERIOD 9999 TO 9999


WEATHER ITEM   OBSERVED TIME   NORMAL DEPARTURE LAST
                VALUE   (LST)  VALUE  FROM      YEAR
                                      NORMAL
......................................................
TEMPERATURE (F)
 YESTERDAY
  MAXIMUM         66    207 PM  60      6       61
  MINIMUM         48   1159 PM  40      8       37
  AVERAGE         57            50      7       49

PRECIPITATION (IN)
  YESTERDAY        0.45          0.16   0.29     0.00
  MONTH TO DATE    1.60          1.37   0.23     1.04
  SINCE SEP 1      3.01          5.33  -2.32     4.73
  SINCE JAN 1     33.93         35.11  -1.18    32.83

DEGREE DAYS
 HEATING
  YESTERDAY        8            15     -7       16
  MONTH TO DATE   83           111    -28       56
  SINCE SEP 1    287           325    -38      309
  SINCE JUL 1    360           403    -43      365

 COOLING
  YESTERDAY        0             0      0        0
  MONTH TO DATE    0             0      0        0
  SINCE SEP 1     34            19     15       33
  SINCE JAN 1    233           289    -56      433
......................................................


WIND (MPH)
  HIGHEST WIND SPEED    23   HIGHEST WIND DIRECTION     W (260)
  HIGHEST GUST SPEED    32   HIGHEST GUST DIRECTION     W (250)
  AVERAGE WIND SPEED    12.1


SKY COVER
  AVERAGE SKY COVER 0.6



RELATIVE HUMIDITY (PERCENT)
 HIGHEST    93
 LOWEST     40
 AVERAGE    67

..........................................................


THE PITTSFIELD MA CLIMATE NORMALS FOR TODAY
                         NORMAL
 MAXIMUM TEMPERATURE (F)   60
 MINIMUM TEMPERATURE (F)   39


SUNRISE AND SUNSET
OCTOBER  9 2014.......SUNRISE   659 AM EDT   SUNSET   621 PM EDT
OCTOBER 10 2014.......SUNRISE   700 AM EDT   SUNSET   619 PM EDT


-  INDICATES NEGATIVE NUMBERS.
R  INDICATES RECORD WAS SET OR TIED.
MM INDICATES DATA IS MISSING.
T  INDICATES TRACE AMOUNT.




$$
