000
CDUS41 KALY 090628
CLIPSF


CLIMATE REPORT
NATIONAL WEATHER SERVICE ALBANY NY
228 AM EDT SAT AUG 9 2014


...................................

...THE PITTSFIELD MA CLIMATE SUMMARY FOR AUGUST 8 2014...

CLIMATE NORMAL PERIOD 1981 TO 2010
CLIMATE RECORD PERIOD 9999 TO 9999


WEATHER ITEM   OBSERVED TIME   NORMAL DEPARTURE LAST
                VALUE   (LST)  VALUE  FROM      YEAR
                                      NORMAL
......................................................
TEMPERATURE (F)
 YESTERDAY
  MAXIMUM         75    432 PM  78     -3       80
  MINIMUM         51    303 AM  57     -6       66
  AVERAGE         63            68     -5       73

PRECIPITATION (IN)
  YESTERDAY        0.00          0.14  -0.14      T
  MONTH TO DATE    0.82          1.17  -0.35     0.41
  SINCE JUN 1     15.40          9.82   5.58     9.09
  SINCE JAN 1     29.40         26.86   2.54    23.68

DEGREE DAYS
 HEATING
  YESTERDAY        2             1      1        0
  MONTH TO DATE    5             8     -3       11
  SINCE JUN 1     81           140    -59      127
  SINCE JUL 1     23            39    -16       19

 COOLING
  YESTERDAY        0             4     -4        8
  MONTH TO DATE   15            32    -17       13
  SINCE JUN 1    172           196    -24      324
  SINCE JAN 1    178           209    -31      349
......................................................


WIND (MPH)
  HIGHEST WIND SPEED    13   HIGHEST WIND DIRECTION    NW (330)
  HIGHEST GUST SPEED    17   HIGHEST GUST DIRECTION     W (290)
  AVERAGE WIND SPEED     4.3


SKY COVER
  AVERAGE SKY COVER 0.2



RELATIVE HUMIDITY (PERCENT)
 HIGHEST   100
 LOWEST     53
 AVERAGE    77

..........................................................


THE PITTSFIELD MA CLIMATE NORMALS FOR TODAY
                         NORMAL
 MAXIMUM TEMPERATURE (F)   78
 MINIMUM TEMPERATURE (F)   57


SUNRISE AND SUNSET
AUGUST  9 2014........SUNRISE   554 AM EDT   SUNSET   803 PM EDT
AUGUST 10 2014........SUNRISE   555 AM EDT   SUNSET   802 PM EDT


-  INDICATES NEGATIVE NUMBERS.
R  INDICATES RECORD WAS SET OR TIED.
MM INDICATES DATA IS MISSING.
T  INDICATES TRACE AMOUNT.




$$
