000
CDUS41 KALY 010623
CLIPSF


CLIMATE REPORT
NATIONAL WEATHER SERVICE ALBANY NY
222 AM EDT FRI SEP 1 2017


...................................

...THE PITTSFIELD MA CLIMATE SUMMARY FOR AUGUST 31 2017...

CLIMATE NORMAL PERIOD 1981 TO 2010
CLIMATE RECORD PERIOD 9999 TO 9999


WEATHER ITEM   OBSERVED TIME   NORMAL DEPARTURE LAST
                VALUE   (LST)  VALUE  FROM      YEAR
                                      NORMAL
......................................................
TEMPERATURE (F)
 YESTERDAY
  MAXIMUM         70    200 PM  75     -5       76
  MINIMUM         48   1159 PM  53     -5       55
  AVERAGE         59            64     -5       66

PRECIPITATION (IN)
  YESTERDAY        T             0.12  -0.12      T
  MONTH TO DATE    4.59          4.09   0.50     2.62
  SINCE JUN 1     12.01         12.74  -0.73     9.27
  SINCE JAN 1     30.79         29.78   1.01    23.37

DEGREE DAYS
 HEATING
  YESTERDAY        6             3      3        0
  MONTH TO DATE   63            43     20       13
  SINCE JUN 1    192           179     13      100
  SINCE JUL 1     86            78      8       24

 COOLING
  YESTERDAY        0             2     -2        1
  MONTH TO DATE   68            93    -25      146
  SINCE JUN 1    256           257     -1      340
  SINCE JAN 1    270           270      0      381
......................................................


WIND (MPH)
  HIGHEST WIND SPEED    22   HIGHEST WIND DIRECTION     W (290)
  HIGHEST GUST SPEED    28   HIGHEST GUST DIRECTION     W (280)
  AVERAGE WIND SPEED     7.0


SKY COVER
  AVERAGE SKY COVER 0.5



RELATIVE HUMIDITY (PERCENT)
 HIGHEST    96
 LOWEST     49
 AVERAGE    73

..........................................................


THE PITTSFIELD MA CLIMATE NORMALS FOR TODAY
                         NORMAL
 MAXIMUM TEMPERATURE (F)   74
 MINIMUM TEMPERATURE (F)   53


SUNRISE AND SUNSET
SEPTEMBER  1 2017.....SUNRISE   618 AM EDT   SUNSET   727 PM EDT
SEPTEMBER  2 2017.....SUNRISE   620 AM EDT   SUNSET   725 PM EDT


-  INDICATES NEGATIVE NUMBERS.
R  INDICATES RECORD WAS SET OR TIED.
MM INDICATES DATA IS MISSING.
T  INDICATES TRACE AMOUNT.




$$
