000
CDUS41 KALY 020627
CLIPSF


CLIMATE REPORT
NATIONAL WEATHER SERVICE ALBANY NY
126 AM EST TUE JAN 2 2018


...................................

...THE PITTSFIELD MA CLIMATE SUMMARY FOR JANUARY 1 2018...

CLIMATE NORMAL PERIOD 1981 TO 2010
CLIMATE RECORD PERIOD 9999 TO 9999


WEATHER ITEM   OBSERVED TIME   NORMAL DEPARTURE LAST
                VALUE   (LST)  VALUE  FROM      YEAR
                                      NORMAL
......................................................
TEMPERATURE (F)
 YESTERDAY
  MAXIMUM          6    406 PM  30    -24       36
  MINIMUM         -9    724 AM  13    -22       17
  AVERAGE         -1            22    -23       27

PRECIPITATION (IN)
  YESTERDAY        0.00          0.12  -0.12     0.00
  MONTH TO DATE    0.00          0.12  -0.12     0.00
  SINCE DEC 1      2.15          3.12  -0.97     3.02
  SINCE JAN 1      0.00          0.12  -0.12     0.00

DEGREE DAYS
 HEATING
  YESTERDAY       66            43     23       38
  MONTH TO DATE   66            43     23       38
  SINCE DEC 1   1328          1230     98     1216
  SINCE JUL 1   2653          2881   -228     2623

 COOLING
  YESTERDAY        0             0      0        0
  MONTH TO DATE    0             0      0        0
  SINCE DEC 1      0             0      0        0
  SINCE JAN 1      0             0      0        0
......................................................


WIND (MPH)
  HIGHEST WIND SPEED    18   HIGHEST WIND DIRECTION     W (290)
  HIGHEST GUST SPEED    23   HIGHEST GUST DIRECTION     W (290)
  AVERAGE WIND SPEED     7.6


SKY COVER
  AVERAGE SKY COVER 0.0



RELATIVE HUMIDITY (PERCENT)
 HIGHEST    75
 LOWEST     49
 AVERAGE    62

..........................................................


THE PITTSFIELD MA CLIMATE NORMALS FOR TODAY
                         NORMAL
 MAXIMUM TEMPERATURE (F)   30
 MINIMUM TEMPERATURE (F)   13


SUNRISE AND SUNSET
JANUARY  2 2018.......SUNRISE   723 AM EST   SUNSET   432 PM EST
JANUARY  3 2018.......SUNRISE   723 AM EST   SUNSET   433 PM EST


-  INDICATES NEGATIVE NUMBERS.
R  INDICATES RECORD WAS SET OR TIED.
MM INDICATES DATA IS MISSING.
T  INDICATES TRACE AMOUNT.




$$
