000
CDUS41 KALY 110623
CLIPSF


CLIMATE REPORT
NATIONAL WEATHER SERVICE ALBANY NY
223 AM EDT MON MAY 11 2015


...................................

...THE PITTSFIELD MA CLIMATE SUMMARY FOR MAY 10 2015...

CLIMATE NORMAL PERIOD 1981 TO 2010
CLIMATE RECORD PERIOD 9999 TO 9999


WEATHER ITEM   OBSERVED TIME   NORMAL DEPARTURE LAST
                VALUE   (LST)  VALUE  FROM      YEAR
                                      NORMAL
......................................................
TEMPERATURE (F)
 YESTERDAY
  MAXIMUM         84    403 PM  65     19       76
  MINIMUM         62    444 AM  41     21       59
  AVERAGE         73            53     20       68

PRECIPITATION (IN)
  YESTERDAY        0.00          0.12  -0.12     0.07
  MONTH TO DATE    T             1.11  -1.11     0.69
  SINCE MAR 1      4.47          8.34  -3.87     7.26
  SINCE JAN 1      9.56         13.94  -4.38    13.64

DEGREE DAYS
 HEATING
  YESTERDAY        0            12    -12        0
  MONTH TO DATE   45           135    -90      119
  SINCE MAR 1   1874          1790     84     1983
  SINCE JUL 1   7537          7170    367     7535

 COOLING
  YESTERDAY        8             0      8        3
  MONTH TO DATE   11             0     11        3
  SINCE MAR 1     11             2      9        4
  SINCE JAN 1     11             2      9        4
......................................................


WIND (MPH)
  HIGHEST WIND SPEED    18   HIGHEST WIND DIRECTION    NW (300)
  HIGHEST GUST SPEED    22   HIGHEST GUST DIRECTION     W (290)
  AVERAGE WIND SPEED     8.5


SKY COVER
  AVERAGE SKY COVER 0.4



RELATIVE HUMIDITY (PERCENT)
 HIGHEST    93
 LOWEST     43
 AVERAGE    68

..........................................................


THE PITTSFIELD MA CLIMATE NORMALS FOR TODAY
                         NORMAL
 MAXIMUM TEMPERATURE (F)   65
 MINIMUM TEMPERATURE (F)   42


SUNRISE AND SUNSET
MAY 11 2015...........SUNRISE   536 AM EDT   SUNSET   804 PM EDT
MAY 12 2015...........SUNRISE   535 AM EDT   SUNSET   805 PM EDT


-  INDICATES NEGATIVE NUMBERS.
R  INDICATES RECORD WAS SET OR TIED.
MM INDICATES DATA IS MISSING.
T  INDICATES TRACE AMOUNT.




$$
