895
CDUS41 KALY 250623
CLIPSF


CLIMATE REPORT
NATIONAL WEATHER SERVICE ALBANY NY
122 AM EST MON JAN 25 2016


...................................

...THE PITTSFIELD MA CLIMATE SUMMARY FOR JANUARY 24 2016...

CLIMATE NORMAL PERIOD 1981 TO 2010
CLIMATE RECORD PERIOD 9999 TO 9999


WEATHER ITEM   OBSERVED TIME   NORMAL DEPARTURE LAST
                VALUE   (LST)  VALUE  FROM      YEAR
                                      NORMAL
......................................................
TEMPERATURE (F)
 YESTERDAY
  MAXIMUM         27    245 PM  29     -2       34
  MINIMUM          7    635 AM  11     -4       24
  AVERAGE         17            20     -3       29

PRECIPITATION (IN)
  YESTERDAY        0.00          0.08  -0.08     0.14
  MONTH TO DATE    1.09          2.31  -1.22     3.07
  SINCE DEC 1      4.77          5.31  -0.54     6.82
  SINCE JAN 1      1.09          2.31  -1.22     3.07

DEGREE DAYS
 HEATING
  YESTERDAY       48            45      3       36
  MONTH TO DATE  953          1073   -120     1111
  SINCE DEC 1   1730          2260   -530     2182
  SINCE JUL 1   3103          3911   -808     3804

 COOLING
  YESTERDAY        0             0      0        0
  MONTH TO DATE    0             0      0        0
  SINCE DEC 1      0             0      0        0
  SINCE JAN 1      0             0      0        0
......................................................


WIND (MPH)
  HIGHEST WIND SPEED    15   HIGHEST WIND DIRECTION     W (270)
  HIGHEST GUST SPEED    21   HIGHEST GUST DIRECTION     W (290)
  AVERAGE WIND SPEED     7.8


SKY COVER
  AVERAGE SKY COVER 0.3



RELATIVE HUMIDITY (PERCENT)
 HIGHEST    80
 LOWEST     46
 AVERAGE    63

..........................................................


THE PITTSFIELD MA CLIMATE NORMALS FOR TODAY
                         NORMAL
 MAXIMUM TEMPERATURE (F)   29
 MINIMUM TEMPERATURE (F)   11


SUNRISE AND SUNSET
JANUARY 25 2016.......SUNRISE   714 AM EST   SUNSET   457 PM EST
JANUARY 26 2016.......SUNRISE   713 AM EST   SUNSET   459 PM EST


-  INDICATES NEGATIVE NUMBERS.
R  INDICATES RECORD WAS SET OR TIED.
MM INDICATES DATA IS MISSING.
T  INDICATES TRACE AMOUNT.




$$
