000
CDUS41 KALY 210624
CLIPSF


CLIMATE REPORT
NATIONAL WEATHER SERVICE ALBANY NY
224 AM EDT TUE JUL 21 2015


...................................

...THE PITTSFIELD MA CLIMATE SUMMARY FOR JULY 20 2015...

CLIMATE NORMAL PERIOD 1981 TO 2010
CLIMATE RECORD PERIOD 9999 TO 9999


WEATHER ITEM   OBSERVED TIME   NORMAL DEPARTURE LAST
                VALUE   (LST)  VALUE  FROM      YEAR
                                      NORMAL
......................................................
TEMPERATURE (F)
 YESTERDAY
  MAXIMUM         82    404 PM  79      3       76
  MINIMUM         61   1159 PM  57      4       56
  AVERAGE         72            68      4       66

PRECIPITATION (IN)
  YESTERDAY        0.00          0.15  -0.15     0.03
  MONTH TO DATE    4.81          2.52   2.29     5.07
  SINCE JUN 1     12.94          6.92   6.02    10.42
  SINCE JAN 1     24.08         23.96   0.12    24.42

DEGREE DAYS
 HEATING
  YESTERDAY        0             1     -1        0
  MONTH TO DATE   17            20     -3        9
  SINCE JUN 1    128           121      7       67
  SINCE JUL 1     17            20     -3        9

 COOLING
  YESTERDAY        7             4      3        1
  MONTH TO DATE   67            69     -2       85
  SINCE JUN 1    100           125    -25      128
  SINCE JAN 1    144           138      6      134
......................................................


WIND (MPH)
  HIGHEST WIND SPEED    16   HIGHEST WIND DIRECTION     W (270)
  HIGHEST GUST SPEED    20   HIGHEST GUST DIRECTION     W (290)
  AVERAGE WIND SPEED     4.6


SKY COVER
  AVERAGE SKY COVER 0.3



RELATIVE HUMIDITY (PERCENT)
 HIGHEST   100
 LOWEST     39
 AVERAGE    70

..........................................................


THE PITTSFIELD MA CLIMATE NORMALS FOR TODAY
                         NORMAL
 MAXIMUM TEMPERATURE (F)   79
 MINIMUM TEMPERATURE (F)   57


SUNRISE AND SUNSET
JULY 21 2015..........SUNRISE   535 AM EDT   SUNSET   824 PM EDT
JULY 22 2015..........SUNRISE   535 AM EDT   SUNSET   823 PM EDT


-  INDICATES NEGATIVE NUMBERS.
R  INDICATES RECORD WAS SET OR TIED.
MM INDICATES DATA IS MISSING.
T  INDICATES TRACE AMOUNT.




$$
