000
CDUS41 KALY 180628
CLIPSF


CLIMATE REPORT
NATIONAL WEATHER SERVICE ALBANY NY
228 AM EDT THU JUN 18 2015


...................................

...THE PITTSFIELD MA CLIMATE SUMMARY FOR JUNE 17 2015...

CLIMATE NORMAL PERIOD 1981 TO 2010
CLIMATE RECORD PERIOD 9999 TO 9999


WEATHER ITEM   OBSERVED TIME   NORMAL DEPARTURE LAST
                VALUE   (LST)  VALUE  FROM      YEAR
                                      NORMAL
......................................................
TEMPERATURE (F)
 YESTERDAY
  MAXIMUM         72    102 PM  75     -3       83
  MINIMUM         55   1118 PM  54      1       57
  AVERAGE         64            64      0       70

PRECIPITATION (IN)
  YESTERDAY        0.00          0.14  -0.14      T
  MONTH TO DATE    4.97          2.88   2.09     0.85
  SINCE JUN 1      4.97          2.88   2.09     0.85
  SINCE JAN 1     16.11         19.92  -3.81    14.85

DEGREE DAYS
 HEATING
  YESTERDAY        1             3     -2        0
  MONTH TO DATE   74            78     -4       41
  SINCE JUN 1     74            78     -4       41
  SINCE JUL 1   7738          7438    300     7718

 COOLING
  YESTERDAY        0             2     -2        5
  MONTH TO DATE   19            27     -8       14
  SINCE JUN 1     19            27     -8       14
  SINCE JAN 1     63            40     23       20
......................................................


WIND (MPH)
  HIGHEST WIND SPEED    12   HIGHEST WIND DIRECTION     W (270)
  HIGHEST GUST SPEED    16   HIGHEST GUST DIRECTION     N (350)
  AVERAGE WIND SPEED     3.7


SKY COVER
  AVERAGE SKY COVER 0.1



RELATIVE HUMIDITY (PERCENT)
 HIGHEST    93
 LOWEST     47
 AVERAGE    70

..........................................................


THE PITTSFIELD MA CLIMATE NORMALS FOR TODAY
                         NORMAL
 MAXIMUM TEMPERATURE (F)   75
 MINIMUM TEMPERATURE (F)   54


SUNRISE AND SUNSET
JUNE 18 2015..........SUNRISE   516 AM EDT   SUNSET   833 PM EDT
JUNE 19 2015..........SUNRISE   516 AM EDT   SUNSET   833 PM EDT


-  INDICATES NEGATIVE NUMBERS.
R  INDICATES RECORD WAS SET OR TIED.
MM INDICATES DATA IS MISSING.
T  INDICATES TRACE AMOUNT.




$$
