000
CDUS41 KALY 040623
CLIPSF


CLIMATE REPORT
NATIONAL WEATHER SERVICE ALBANY NY
223 AM EDT THU SEP 4 2014


...................................

...THE PITTSFIELD MA CLIMATE SUMMARY FOR SEPTEMBER 3 2014...

CLIMATE NORMAL PERIOD 1981 TO 2010
CLIMATE RECORD PERIOD 9999 TO 9999


WEATHER ITEM   OBSERVED TIME   NORMAL DEPARTURE LAST
                VALUE   (LST)  VALUE  FROM      YEAR
                                      NORMAL
......................................................
TEMPERATURE (F)
 YESTERDAY
  MAXIMUM         76    307 PM  74      2       72
  MINIMUM         54   1145 PM  52      2       58
  AVERAGE         65            63      2       65

PRECIPITATION (IN)
  YESTERDAY        0.00          0.11  -0.11     0.00
  MONTH TO DATE    0.77          0.29   0.48     0.98
  SINCE SEP 1      0.77          0.29   0.48     0.98
  SINCE JAN 1     31.69         30.07   1.62    29.08

DEGREE DAYS
 HEATING
  YESTERDAY        0             3     -3        0
  MONTH TO DATE    0             9     -9        0
  SINCE SEP 1      0             9     -9        0
  SINCE JUL 1     73            87    -14       56

 COOLING
  YESTERDAY        0             2     -2        0
  MONTH TO DATE   19             6     13       14
  SINCE SEP 1     19             6     13       14
  SINCE JAN 1    218           276    -58      414
......................................................


WIND (MPH)
  HIGHEST WIND SPEED    20   HIGHEST WIND DIRECTION    NW (300)
  HIGHEST GUST SPEED    32   HIGHEST GUST DIRECTION     W (280)
  AVERAGE WIND SPEED     7.9


SKY COVER
  AVERAGE SKY COVER 0.4



RELATIVE HUMIDITY (PERCENT)
 HIGHEST    93
 LOWEST     50
 AVERAGE    72

..........................................................


THE PITTSFIELD MA CLIMATE NORMALS FOR TODAY
                         NORMAL
 MAXIMUM TEMPERATURE (F)   74
 MINIMUM TEMPERATURE (F)   52


SUNRISE AND SUNSET
SEPTEMBER  4 2014.....SUNRISE   621 AM EDT   SUNSET   722 PM EDT
SEPTEMBER  5 2014.....SUNRISE   622 AM EDT   SUNSET   720 PM EDT


-  INDICATES NEGATIVE NUMBERS.
R  INDICATES RECORD WAS SET OR TIED.
MM INDICATES DATA IS MISSING.
T  INDICATES TRACE AMOUNT.




$$
