000
CDUS41 KALY 052156
CLIPSF


CLIMATE REPORT
NATIONAL WEATHER SERVICE ALBANY NY
454 PM EST SUN NOV 5 2017


...................................

...THE PITTSFIELD MA CLIMATE SUMMARY FOR NOVEMBER 5 2017...
VALID TODAY AS OF 0400 PM LOCAL TIME.

CLIMATE NORMAL PERIOD 1981 TO 2010
CLIMATE RECORD PERIOD 9999 TO 9999


WEATHER ITEM   OBSERVED TIME   NORMAL DEPARTURE LAST
                VALUE   (LST)  VALUE  FROM      YEAR
                                      NORMAL
......................................................
TEMPERATURE (F)
 TODAY
  MAXIMUM         51    332 PM  51      0       52
  MINIMUM         39    359 AM  32      7       31
  AVERAGE         45            41      4       42

PRECIPITATION (IN)
  TODAY            0.02          0.14  -0.12     0.00
  MONTH TO DATE    0.19          0.66  -0.47     0.10
  SINCE SEP 1      7.48          9.33  -1.85     5.82
  SINCE JAN 1     38.27         39.11  -0.84    29.19

DEGREE DAYS
 HEATING
  TODAY           20            24     -4       23
  MONTH TO DATE   92           115    -23       94
  SINCE SEP 1    551           873   -322      712
  SINCE JUL 1    637           951   -314      736

 COOLING
  TODAY            0             0      0        0
  MONTH TO DATE    0             0      0        0
  SINCE SEP 1     81            20     61       51
  SINCE JAN 1    351           290     61      432
......................................................


WIND (MPH)
  HIGHEST WIND SPEED    15   HIGHEST WIND DIRECTION    SE (130)
  HIGHEST GUST SPEED    20   HIGHEST GUST DIRECTION    SE (120)
  AVERAGE WIND SPEED     7.4


SKY COVER
  AVERAGE SKY COVER 0.8



RELATIVE HUMIDITY (PERCENT)
 HIGHEST    86
 LOWEST     62
 AVERAGE    74

..........................................................


THE PITTSFIELD MA CLIMATE NORMALS FOR TOMORROW
                         NORMAL
 MAXIMUM TEMPERATURE (F)   51
 MINIMUM TEMPERATURE (F)   31


SUNRISE AND SUNSET
NOVEMBER  5 2017......SUNRISE   632 AM EST   SUNSET   441 PM EST
NOVEMBER  6 2017......SUNRISE   633 AM EST   SUNSET   440 PM EST


-  INDICATES NEGATIVE NUMBERS.
R  INDICATES RECORD WAS SET OR TIED.
MM INDICATES DATA IS MISSING.
T  INDICATES TRACE AMOUNT.




$$
