729
CDUS41 KALY 200623
CLIPSF


CLIMATE REPORT
NATIONAL WEATHER SERVICE ALBANY NY
223 AM EDT FRI MAY 20 2016


...................................

...THE PITTSFIELD MA CLIMATE SUMMARY FOR MAY 19 2016...

CLIMATE NORMAL PERIOD 1981 TO 2010
CLIMATE RECORD PERIOD 9999 TO 9999


WEATHER ITEM   OBSERVED TIME   NORMAL DEPARTURE LAST
                VALUE   (LST)  VALUE  FROM      YEAR
                                      NORMAL
......................................................
TEMPERATURE (F)
 YESTERDAY
  MAXIMUM         68    210 PM  68      0       78
  MINIMUM         42   1144 PM  44     -2       49
  AVERAGE         55            56     -1       64

PRECIPITATION (IN)
  YESTERDAY        T             0.15  -0.15     0.12
  MONTH TO DATE    1.81          2.23  -0.42     0.25
  SINCE MAR 1      6.56          9.46  -2.90     4.72
  SINCE JAN 1     11.93         15.06  -3.13     9.81

DEGREE DAYS
 HEATING
  YESTERDAY       10            10      0        1
  MONTH TO DATE  281           232     49       95
  SINCE MAR 1   1730          1887   -157     1924
  SINCE JUL 1   6097          7267  -1170     7587

 COOLING
  YESTERDAY        0             0      0        0
  MONTH TO DATE    0             0      0       20
  SINCE MAR 1      0             2     -2       20
  SINCE JAN 1      0             2     -2       20
......................................................


WIND (MPH)
  HIGHEST WIND SPEED    18   HIGHEST WIND DIRECTION     W (260)
  HIGHEST GUST SPEED    22   HIGHEST GUST DIRECTION     W (270)
  AVERAGE WIND SPEED     3.6


SKY COVER
  AVERAGE SKY COVER 0.8



RELATIVE HUMIDITY (PERCENT)
 HIGHEST    92
 LOWEST     34
 AVERAGE    63

..........................................................


THE PITTSFIELD MA CLIMATE NORMALS FOR TODAY
                         NORMAL
 MAXIMUM TEMPERATURE (F)   68
 MINIMUM TEMPERATURE (F)   44


SUNRISE AND SUNSET
MAY 20 2016...........SUNRISE   526 AM EDT   SUNSET   814 PM EDT
MAY 21 2016...........SUNRISE   526 AM EDT   SUNSET   815 PM EDT


-  INDICATES NEGATIVE NUMBERS.
R  INDICATES RECORD WAS SET OR TIED.
MM INDICATES DATA IS MISSING.
T  INDICATES TRACE AMOUNT.




$$
