000
CDUS41 KALY 302151
CLIPSF


CLIMATE REPORT
NATIONAL WEATHER SERVICE ALBANY NY
451 PM EST SAT DEC 30 2017


...................................

...THE PITTSFIELD MA CLIMATE SUMMARY FOR DECEMBER 30 2017...
VALID TODAY AS OF 0400 PM LOCAL TIME.

CLIMATE NORMAL PERIOD 1981 TO 2010
CLIMATE RECORD PERIOD 9999 TO 9999


WEATHER ITEM   OBSERVED TIME   NORMAL DEPARTURE LAST
                VALUE   (LST)  VALUE  FROM      YEAR
                                      NORMAL
......................................................
TEMPERATURE (F)
 TODAY
  MAXIMUM         15    423 PM  30    -15       32
  MINIMUM         -1    551 AM  14    -15       21
  AVERAGE          7            22    -15       27

PRECIPITATION (IN)
  TODAY            0.01          0.09  -0.08     0.02
  MONTH TO DATE    2.15          2.91  -0.76     3.02
  SINCE DEC 1      2.15          2.91  -0.76     3.02
  SINCE JAN 1     41.64         45.29  -3.65    34.96

DEGREE DAYS
 HEATING
  TODAY           58            43     15       38
  MONTH TO DATE 1201          1144     57     1136
  SINCE DEC 1   1201          1144     57     1136
  SINCE JUL 1   2526          2795   -269     2543

 COOLING
  TODAY            0             0      0        0
  MONTH TO DATE    0             0      0        0
  SINCE DEC 1      0             0      0        0
  SINCE JAN 1    351           290     61      432
......................................................


WIND (MPH)
  HIGHEST WIND SPEED    10   HIGHEST WIND DIRECTION    SW (230)
  HIGHEST GUST SPEED    13   HIGHEST GUST DIRECTION    SW (230)
  AVERAGE WIND SPEED     1.8


SKY COVER
  AVERAGE SKY COVER 0.8



RELATIVE HUMIDITY (PERCENT)
 HIGHEST    87
 LOWEST     68
 AVERAGE    78

..........................................................


THE PITTSFIELD MA CLIMATE NORMALS FOR TOMORROW
                         NORMAL
 MAXIMUM TEMPERATURE (F)   30
 MINIMUM TEMPERATURE (F)   14


SUNRISE AND SUNSET
DECEMBER 30 2017......SUNRISE   722 AM EST   SUNSET   429 PM EST
DECEMBER 31 2017......SUNRISE   723 AM EST   SUNSET   430 PM EST


-  INDICATES NEGATIVE NUMBERS.
R  INDICATES RECORD WAS SET OR TIED.
MM INDICATES DATA IS MISSING.
T  INDICATES TRACE AMOUNT.




$$
