000
CDUS41 KALY 152056
CLIPSF


CLIMATE REPORT
NATIONAL WEATHER SERVICE ALBANY NY
455 PM EDT WED JUL 15 2015


...................................

...THE PITTSFIELD MA CLIMATE SUMMARY FOR JULY 15 2015...
VALID TODAY AS OF 0400 PM LOCAL TIME.

CLIMATE NORMAL PERIOD 1981 TO 2010
CLIMATE RECORD PERIOD 9999 TO 9999


WEATHER ITEM   OBSERVED TIME   NORMAL DEPARTURE LAST
                VALUE   (LST)  VALUE  FROM      YEAR
                                      NORMAL
......................................................
TEMPERATURE (F)
 TODAY
  MAXIMUM         77    109 PM  79     -2       78
  MINIMUM         66    131 AM  56     10       67
  AVERAGE         72            68      4       73

PRECIPITATION (IN)
  TODAY            T             0.13  -0.13     0.68
  MONTH TO DATE    3.88          1.83   2.05     3.59
  SINCE JUN 1     12.01          6.23   5.78     8.94
  SINCE JAN 1     23.15         23.27  -0.12    22.94

DEGREE DAYS
 HEATING
  TODAY            0             1     -1        0
  MONTH TO DATE   10            15     -5        3
  SINCE JUN 1    121           116      5       61
  SINCE JUL 1     10            15     -5        3

 COOLING
  TODAY            7             4      3        8
  MONTH TO DATE   50            53     -3       81
  SINCE JUN 1     83           109    -26      124
  SINCE JAN 1    127           122      5      130
......................................................


WIND (MPH)
  HIGHEST WIND SPEED    15   HIGHEST WIND DIRECTION    NW (330)
  HIGHEST GUST SPEED    21   HIGHEST GUST DIRECTION     W (290)
  AVERAGE WIND SPEED     4.4


SKY COVER
  AVERAGE SKY COVER 0.7



RELATIVE HUMIDITY (PERCENT)
 HIGHEST   100
 LOWEST     60
 AVERAGE    80

..........................................................


THE PITTSFIELD MA CLIMATE NORMALS FOR TOMORROW
                         NORMAL
 MAXIMUM TEMPERATURE (F)   79
 MINIMUM TEMPERATURE (F)   56


SUNRISE AND SUNSET
JULY 15 2015..........SUNRISE   529 AM EDT   SUNSET   829 PM EDT
JULY 16 2015..........SUNRISE   530 AM EDT   SUNSET   828 PM EDT


-  INDICATES NEGATIVE NUMBERS.
R  INDICATES RECORD WAS SET OR TIED.
MM INDICATES DATA IS MISSING.
T  INDICATES TRACE AMOUNT.




$$
