000
CDUS41 KALY 240622
CLIPSF


CLIMATE REPORT
NATIONAL WEATHER SERVICE ALBANY NY
121 AM EST SUN JAN 24 2016


...................................

...THE PITTSFIELD MA CLIMATE SUMMARY FOR JANUARY 23 2016...

CLIMATE NORMAL PERIOD 1981 TO 2010
CLIMATE RECORD PERIOD 9999 TO 9999


WEATHER ITEM   OBSERVED TIME   NORMAL DEPARTURE LAST
                VALUE   (LST)  VALUE  FROM      YEAR
                                      NORMAL
......................................................
TEMPERATURE (F)
 YESTERDAY
  MAXIMUM         26   1147 AM  29     -3       29
  MINIMUM         14   1159 PM  11      3       17
  AVERAGE         20            20      0       23

PRECIPITATION (IN)
  YESTERDAY        0.00          0.08  -0.08      T
  MONTH TO DATE    1.09          2.23  -1.14     2.93
  SINCE DEC 1      4.77          5.23  -0.46     6.68
  SINCE JAN 1      1.09          2.23  -1.14     2.93

DEGREE DAYS
 HEATING
  YESTERDAY       45            45      0       42
  MONTH TO DATE  905          1028   -123     1075
  SINCE DEC 1   1682          2215   -533     2146
  SINCE JUL 1   3055          3866   -811     3768

 COOLING
  YESTERDAY        0             0      0        0
  MONTH TO DATE    0             0      0        0
  SINCE DEC 1      0             0      0        0
  SINCE JAN 1      0             0      0        0
......................................................


WIND (MPH)
  HIGHEST WIND SPEED    24   HIGHEST WIND DIRECTION    NE (50)
  HIGHEST GUST SPEED    30   HIGHEST GUST DIRECTION    NE (50)
  AVERAGE WIND SPEED     9.6


SKY COVER
  AVERAGE SKY COVER 0.5



RELATIVE HUMIDITY (PERCENT)
 HIGHEST    73
 LOWEST     36
 AVERAGE    55

..........................................................


THE PITTSFIELD MA CLIMATE NORMALS FOR TODAY
                         NORMAL
 MAXIMUM TEMPERATURE (F)   29
 MINIMUM TEMPERATURE (F)   11


SUNRISE AND SUNSET
JANUARY 24 2016.......SUNRISE   715 AM EST   SUNSET   456 PM EST
JANUARY 25 2016.......SUNRISE   714 AM EST   SUNSET   457 PM EST


-  INDICATES NEGATIVE NUMBERS.
R  INDICATES RECORD WAS SET OR TIED.
MM INDICATES DATA IS MISSING.
T  INDICATES TRACE AMOUNT.




$$
