000
CDUS41 KALY 051808
CLIPSF


CLIMATE REPORT
NATIONAL WEATHER SERVICE ALBANY NY
208 PM EDT MON JUN 5 2017


...................................

...THE PITTSFIELD MA CLIMATE SUMMARY FOR JUNE 4 2017...

CLIMATE NORMAL PERIOD 1981 TO 2010
CLIMATE RECORD PERIOD 9999 TO 9999


WEATHER ITEM   OBSERVED TIME   NORMAL DEPARTURE LAST
                VALUE   (LST)  VALUE  FROM      YEAR
                                      NORMAL
......................................................
TEMPERATURE (F)
 YESTERDAY
  MAXIMUM         65    921 AM  72     -7       80
  MINIMUM         42    433 AM  50     -8       58
  AVERAGE         54            60     -6       69

PRECIPITATION (IN)
  YESTERDAY        0.04          0.19  -0.15     0.00
  MONTH TO DATE    0.04          0.71  -0.67     0.04
  SINCE JUN 1      0.04          0.71  -0.67     0.04
  SINCE JAN 1     18.82         17.75   1.07    14.14

DEGREE DAYS
 HEATING
  YESTERDAY       11             6      5        0
  MONTH TO DATE   39            24     15        0
  SINCE JUN 1     39            24     15        0
  SINCE JUL 1   6713          7384   -671     6129

 COOLING
  YESTERDAY        0             1     -1        4
  MONTH TO DATE    0             4     -4        5
  SINCE JUN 1      0             4     -4        5
  SINCE JAN 1     14            17     -3       46
......................................................


WIND (MPH)
  HIGHEST WIND SPEED    15   HIGHEST WIND DIRECTION     S (200)
  HIGHEST GUST SPEED    18   HIGHEST GUST DIRECTION     S (200)
  AVERAGE WIND SPEED     2.9


SKY COVER
  AVERAGE SKY COVER 0.5



RELATIVE HUMIDITY (PERCENT)
 HIGHEST    93
 LOWEST     44
 AVERAGE    69

..........................................................


THE PITTSFIELD MA CLIMATE NORMALS FOR TODAY
                         NORMAL
 MAXIMUM TEMPERATURE (F)   72
 MINIMUM TEMPERATURE (F)   50


SUNRISE AND SUNSET
JUNE  5 2017..........SUNRISE   517 AM EDT   SUNSET   827 PM EDT
JUNE  6 2017..........SUNRISE   517 AM EDT   SUNSET   827 PM EDT


-  INDICATES NEGATIVE NUMBERS.
R  INDICATES RECORD WAS SET OR TIED.
MM INDICATES DATA IS MISSING.
T  INDICATES TRACE AMOUNT.




$$
