687
CDUS41 KALY 130629
CLIPSF


CLIMATE REPORT
NATIONAL WEATHER SERVICE ALBANY NY
229 AM EDT WED JUL 13 2016


...................................

...THE PITTSFIELD MA CLIMATE SUMMARY FOR JULY 12 2016...

CLIMATE NORMAL PERIOD 1981 TO 2010
CLIMATE RECORD PERIOD 9999 TO 9999


WEATHER ITEM   OBSERVED TIME   NORMAL DEPARTURE LAST
                VALUE   (LST)  VALUE  FROM      YEAR
                                      NORMAL
......................................................
TEMPERATURE (F)
 YESTERDAY
  MAXIMUM         80    424 PM  79      1       82
  MINIMUM         52    404 AM  56     -4       62
  AVERAGE         66            68     -2       72

PRECIPITATION (IN)
  YESTERDAY        0.00          0.13  -0.13     0.00
  MONTH TO DATE    1.94          1.42   0.52     3.65
  SINCE JUN 1      4.44          5.82  -1.38    11.78
  SINCE JAN 1     18.54         22.86  -4.32    22.92

DEGREE DAYS
 HEATING
  YESTERDAY        0             1     -1        0
  MONTH TO DATE    7            12     -5       10
  SINCE JUN 1     83           113    -30      121
  SINCE JUL 1      7            12     -5       10

 COOLING
  YESTERDAY        1             4     -3        7
  MONTH TO DATE   36            41     -5       32
  SINCE JUN 1     75            97    -22       65
  SINCE JAN 1    116           110      6      109
......................................................


WIND (MPH)
  HIGHEST WIND SPEED    10   HIGHEST WIND DIRECTION     S (170)
  HIGHEST GUST SPEED    14   HIGHEST GUST DIRECTION    SW (230)
  AVERAGE WIND SPEED     3.3


SKY COVER
  AVERAGE SKY COVER 0.4



RELATIVE HUMIDITY (PERCENT)
 HIGHEST   100
 LOWEST     52
 AVERAGE    76

..........................................................


THE PITTSFIELD MA CLIMATE NORMALS FOR TODAY
                         NORMAL
 MAXIMUM TEMPERATURE (F)   79
 MINIMUM TEMPERATURE (F)   56


SUNRISE AND SUNSET
JULY 13 2016..........SUNRISE   528 AM EDT   SUNSET   829 PM EDT
JULY 14 2016..........SUNRISE   529 AM EDT   SUNSET   829 PM EDT


-  INDICATES NEGATIVE NUMBERS.
R  INDICATES RECORD WAS SET OR TIED.
MM INDICATES DATA IS MISSING.
T  INDICATES TRACE AMOUNT.




$$
