000
CDUS41 KALY 242143
CLIPSF


CLIMATE REPORT
NATIONAL WEATHER SERVICE ALBANY NY
443 PM EST SAT DEC 24 2016


...................................

...THE PITTSFIELD MA CLIMATE SUMMARY FOR DECEMBER 24 2016...
VALID TODAY AS OF 0400 PM LOCAL TIME.

CLIMATE NORMAL PERIOD 1981 TO 2010
CLIMATE RECORD PERIOD 9999 TO 9999


WEATHER ITEM   OBSERVED TIME   NORMAL DEPARTURE LAST
                VALUE   (LST)  VALUE  FROM      YEAR
                                      NORMAL
......................................................
TEMPERATURE (F)
 TODAY
  MAXIMUM         39    351 PM  31      8       67
  MINIMUM         24    221 AM  16      8       44
  AVERAGE         32            24      8       56

PRECIPITATION (IN)
  TODAY            0.41          0.09   0.32     0.07
  MONTH TO DATE    2.68          2.34   0.34     2.72
  SINCE DEC 1      2.68          2.34   0.34     2.72
  SINCE JAN 1     34.62         44.72 -10.10    39.67

DEGREE DAYS
 HEATING
  TODAY           33            41     -8        9
  MONTH TO DATE  927           891     36      578
  SINCE DEC 1    927           891     36      578
  SINCE JUL 1   2334          2542   -208     1951

 COOLING
  TODAY            0             0      0        0
  MONTH TO DATE    0             0      0        0
  SINCE DEC 1      0             0      0        0
  SINCE JAN 1    432           290    142      361
......................................................


WIND (MPH)
  HIGHEST WIND SPEED    18   HIGHEST WIND DIRECTION     W (280)
  HIGHEST GUST SPEED    26   HIGHEST GUST DIRECTION     W (280)
  AVERAGE WIND SPEED     5.1


SKY COVER
  AVERAGE SKY COVER 0.8



RELATIVE HUMIDITY (PERCENT)
 HIGHEST    96
 LOWEST     48
 AVERAGE    72

..........................................................


THE PITTSFIELD MA CLIMATE NORMALS FOR TOMORROW
                         NORMAL
 MAXIMUM TEMPERATURE (F)   31
 MINIMUM TEMPERATURE (F)   16


SUNRISE AND SUNSET
DECEMBER 24 2016......SUNRISE   721 AM EST   SUNSET   425 PM EST
DECEMBER 25 2016......SUNRISE   721 AM EST   SUNSET   426 PM EST


-  INDICATES NEGATIVE NUMBERS.
R  INDICATES RECORD WAS SET OR TIED.
MM INDICATES DATA IS MISSING.
T  INDICATES TRACE AMOUNT.




$$
