000
CDUS41 KALY 010624
CLIPSF


CLIMATE REPORT
NATIONAL WEATHER SERVICE ALBANY NY
223 AM EDT THU JUN 1 2017


...................................

...THE PITTSFIELD MA CLIMATE SUMMARY FOR MAY 31 2017...

CLIMATE NORMAL PERIOD 1981 TO 2010
CLIMATE RECORD PERIOD 9999 TO 9999


WEATHER ITEM   OBSERVED TIME   NORMAL DEPARTURE LAST
                VALUE   (LST)  VALUE  FROM      YEAR
                                      NORMAL
......................................................
TEMPERATURE (F)
 YESTERDAY
  MAXIMUM         73    303 PM  71      2       79
  MINIMUM         51   1151 PM  48      3       56
  AVERAGE         62            59      3       68

PRECIPITATION (IN)
  YESTERDAY        0.28          0.16   0.12     0.00
  MONTH TO DATE    6.80          4.21   2.59     3.98
  SINCE MAR 1     13.20         11.44   1.76     8.73
  SINCE JAN 1     18.78         17.04   1.74    14.10

DEGREE DAYS
 HEATING
  YESTERDAY        3             6     -3        0
  MONTH TO DATE  365           325     40      313
  SINCE MAR 1   1972          1980     -8     1762
  SINCE JUL 1   6674          7360   -686     6129

 COOLING
  YESTERDAY        0             1     -1        3
  MONTH TO DATE   12            11      1       41
  SINCE MAR 1     14            13      1       41
  SINCE JAN 1     14            13      1       41
......................................................


WIND (MPH)
  HIGHEST WIND SPEED    29   HIGHEST WIND DIRECTION    NW (330)
  HIGHEST GUST SPEED    41   HIGHEST GUST DIRECTION    NW (330)
  AVERAGE WIND SPEED     4.7


SKY COVER
  AVERAGE SKY COVER 0.7



RELATIVE HUMIDITY (PERCENT)
 HIGHEST   100
 LOWEST     49
 AVERAGE    75

..........................................................


THE PITTSFIELD MA CLIMATE NORMALS FOR TODAY
                         NORMAL
 MAXIMUM TEMPERATURE (F)   71
 MINIMUM TEMPERATURE (F)   49


SUNRISE AND SUNSET
JUNE  1 2017..........SUNRISE   519 AM EDT   SUNSET   824 PM EDT
JUNE  2 2017..........SUNRISE   518 AM EDT   SUNSET   825 PM EDT


-  INDICATES NEGATIVE NUMBERS.
R  INDICATES RECORD WAS SET OR TIED.
MM INDICATES DATA IS MISSING.
T  INDICATES TRACE AMOUNT.




$$
