000
CDUS41 KALY 280624
CLIPSF


CLIMATE REPORT
NATIONAL WEATHER SERVICE ALBANY NY
224 AM EDT WED SEP 28 2016


...................................

...THE PITTSFIELD MA CLIMATE SUMMARY FOR SEPTEMBER 27 2016...

CLIMATE NORMAL PERIOD 1981 TO 2010
CLIMATE RECORD PERIOD 9999 TO 9999


WEATHER ITEM   OBSERVED TIME   NORMAL DEPARTURE LAST
                VALUE   (LST)  VALUE  FROM      YEAR
                                      NORMAL
......................................................
TEMPERATURE (F)
 YESTERDAY
  MAXIMUM         69    243 PM  65      4       69
  MINIMUM         48   1159 PM  44      4       36
  AVERAGE         59            54      5       53

PRECIPITATION (IN)
  YESTERDAY        0.41          0.16   0.25     0.00
  MONTH TO DATE    1.83          3.44  -1.61     2.07
  SINCE SEP 1      1.83          3.44  -1.61     2.07
  SINCE JAN 1     25.20         33.22  -8.02    29.31

DEGREE DAYS
 HEATING
  YESTERDAY        6            11     -5       12
  MONTH TO DATE   95           178    -83       86
  SINCE SEP 1     95           178    -83       86
  SINCE JUL 1    119           256   -137      114

 COOLING
  YESTERDAY        0             0      0        0
  MONTH TO DATE   50            16     34       50
  SINCE SEP 1     50            16     34       50
  SINCE JAN 1    431           286    145      358
......................................................


WIND (MPH)
  HIGHEST WIND SPEED    10   HIGHEST WIND DIRECTION     S (190)
  HIGHEST GUST SPEED    14   HIGHEST GUST DIRECTION    SW (210)
  AVERAGE WIND SPEED     3.1


SKY COVER
  AVERAGE SKY COVER 0.5



RELATIVE HUMIDITY (PERCENT)
 HIGHEST   100
 LOWEST     45
 AVERAGE    73

..........................................................


THE PITTSFIELD MA CLIMATE NORMALS FOR TODAY
                         NORMAL
 MAXIMUM TEMPERATURE (F)   64
 MINIMUM TEMPERATURE (F)   43


SUNRISE AND SUNSET
SEPTEMBER 28 2016.....SUNRISE   647 AM EDT   SUNSET   639 PM EDT
SEPTEMBER 29 2016.....SUNRISE   649 AM EDT   SUNSET   637 PM EDT


-  INDICATES NEGATIVE NUMBERS.
R  INDICATES RECORD WAS SET OR TIED.
MM INDICATES DATA IS MISSING.
T  INDICATES TRACE AMOUNT.




$$
