000
CDUS41 KALY 202155
CLIPSF


CLIMATE REPORT
NATIONAL WEATHER SERVICE ALBANY NY
454 PM EST TUE FEB 20 2018


...................................

...THE PITTSFIELD MA CLIMATE SUMMARY FOR FEBRUARY 20 2018...
VALID TODAY AS OF 0400 PM LOCAL TIME.

CLIMATE NORMAL PERIOD 1981 TO 2010
CLIMATE RECORD PERIOD 9999 TO 9999


WEATHER ITEM   OBSERVED TIME   NORMAL DEPARTURE LAST
                VALUE   (LST)  VALUE  FROM      YEAR
                                      NORMAL
......................................................
TEMPERATURE (F)
 TODAY
  MAXIMUM         64    425 PM  34     30       39
  MINIMUM         39    453 AM  16     23       20
  AVERAGE         52            25     27       30

PRECIPITATION (IN)
  TODAY            0.02          0.10  -0.08     0.00
  MONTH TO DATE    3.14          1.91   1.23     1.76
  SINCE DEC 1      9.95          7.83   2.12     7.50
  SINCE JAN 1      7.80          4.83   2.97     4.48

DEGREE DAYS
 HEATING
  TODAY           13            40    -27       35
  MONTH TO DATE  730           844   -114      781
  SINCE DEC 1   3308          3418   -110     3106
  SINCE JUL 1   4633          5069   -436     4513

 COOLING
  TODAY            0             0      0        0
  MONTH TO DATE    0             0      0        0
  SINCE DEC 1      0             0      0        0
  SINCE JAN 1      0             0      0        0
......................................................


WIND (MPH)
  HIGHEST WIND SPEED    15   HIGHEST WIND DIRECTION    SW (220)
  HIGHEST GUST SPEED    23   HIGHEST GUST DIRECTION     S (200)
  AVERAGE WIND SPEED     3.5


SKY COVER
  AVERAGE SKY COVER 0.7



RELATIVE HUMIDITY (PERCENT)
 HIGHEST    96
 LOWEST     60
 AVERAGE    78

..........................................................


THE PITTSFIELD MA CLIMATE NORMALS FOR TOMORROW
                         NORMAL
 MAXIMUM TEMPERATURE (F)   34
 MINIMUM TEMPERATURE (F)   17


SUNRISE AND SUNSET
FEBRUARY 20 2018......SUNRISE   643 AM EST   SUNSET   532 PM EST
FEBRUARY 21 2018......SUNRISE   641 AM EST   SUNSET   533 PM EST


-  INDICATES NEGATIVE NUMBERS.
R  INDICATES RECORD WAS SET OR TIED.
MM INDICATES DATA IS MISSING.
T  INDICATES TRACE AMOUNT.




$$
